{"id":34277,"date":"2021-10-21T11:10:21","date_gmt":"2021-10-21T09:10:21","guid":{"rendered":"https:\/\/galicianparts.com\/shop\/producto\/71792979-inyector-m-1-9-d-jtd-fiat-stilo-bravo-alfa-147-156-159-gt-nuevo-original\/"},"modified":"2022-02-10T15:39:57","modified_gmt":"2022-02-10T13:39:57","slug":"71792979-inyector-m-1-9-d-jtd-fiat-stilo-bravo-alfa-147-156-159-gt-nuevo-original","status":"publish","type":"product","link":"https:\/\/galicianparts.com\/shop\/producto\/71792979-inyector-m-1-9-d-jtd-fiat-stilo-bravo-alfa-147-156-159-gt-nuevo-original\/","title":{"rendered":"71792979 Inyector M 1.9 D\/JTD Fiat Stilo \/ Bravo \/ Alfa 147 \/ 156 \/ 159 \/ GT NUEVO ORIGINAL"},"content":{"rendered":"<p>71794089 Inyector de combustible de:<br \/>\nALFA ROMEO 156 Berlina (932) 1.9 JTD (932.AXN00, 932.BXE00), A\u00f1o 07.2004 &#8211; 09.2005, 1910cc 150cv<br \/>\nALFA ROMEO 156 Sportwagon (932)<br \/>\n1.9 JTD, A\u00f1o 11.2003 &#8211; 05.2006, 1910 , 126<br \/>\n1.9 JTD, A\u00f1o 03.2005 &#8211; 05.2006, 1910 , 150<br \/>\n1.9 JTD 16V Q4, A\u00f1o 07.2004 &#8211; 05.2006, 1910 , 150<br \/>\nALFA ROMEO 147 (937)<br \/>\n1.9 JTD 16V (937.AXM1B, 937.AXS1B), A\u00f1o 10.2004 &#8211; 03.2010, 1910 , 136<br \/>\n1.9 JTDM 16V (937.AXN1B, 937.BXN1B), A\u00f1o 09.2004 &#8211; 03.2010, 1910 , 150<br \/>\nALFA ROMEO GT (937)<br \/>\n1.9 JTD, A\u00f1o 11.2003 &#8211; 09.2010, 1910 , 150<br \/>\n1.9 JTD, A\u00f1o 05.2008 &#8211; 09.2010, 1910 , 170<br \/>\nALFA ROMEO 159 Berlina \/ SW (939)<br \/>\n1.9 JTDM 16V, A\u00f1o 09.2005 &#8211; 11.2011, 1910 , 136<br \/>\n1.9 JTDM 16V, A\u00f1o 09.2005 &#8211; 11.2011, 1910 , 150<br \/>\nFIAT Stilo Hatchback \/ Multi Wagon (192)<br \/>\n1.9 D Multijet, A\u00f1o 09.2005 &#8211; 11.2006, 1910 , 150<br \/>\nFIAT Croma II Familiar (194)<br \/>\n1.9 D Multijet, A\u00f1o 12.2005 &#8211; &#8230;, 1910 , 136<br \/>\n1.9 D Multijet, A\u00f1o 06.2005 &#8211; 12.2011, 1910 , 150<br \/>\nFIAT Bravo II Hatchback (198)<br \/>\n1.9 D Multijet, A\u00f1o 04.2007 &#8211; 12.2014, 1910 , 150<br \/>\nFIAT Stilo Furg\u00f3n \/ Familiar (192)<br \/>\n1.9 JTD (192DXT1B), A\u00f1o 09.2005 &#8211; 08.2008, 1910 , 150<\/p>\n<p>LA PIEZA ES NUEVA Y ORIGINAL.<\/p>\n","protected":false},"excerpt":{"rendered":"<p>71794089 Inyector de combustible de: ALFA ROMEO 156 Berlina (932) 1.9 JTD (932.AXN00, 932.BXE00), A\u00f1o 07.2004 &#8211; 09.2005, 1910cc 150cv ALFA ROMEO 156 Sportwagon (932) 1.9 JTD, A\u00f1o 11.2003 &#8211; 05.2006, 1910 , 126 1.9 JTD, A\u00f1o 03.2005 &#8211; 05.2006, 1910 , 150 1.9 JTD 16V Q4, A\u00f1o 07.2004 &#8211; 05.2006, 1910 , 150 ALFA [&hellip;]<\/p>\n","protected":false},"featured_media":34287,"template":"","meta":{"_seopress_robots_primary_cat":"","_seopress_titles_title":"","_seopress_titles_desc":"","_seopress_robots_index":""},"product_cat":[44,49,51,16,82,86,20,50,108],"product_tag":[],"class_list":{"0":"post-34277","1":"product","2":"type-product","3":"status-publish","4":"has-post-thumbnail","6":"product_cat-recambios-alfa-romeo-147","7":"product_cat-recambios-alfa-romeo-156","8":"product_cat-recambios-alfa-romeo-159","9":"product_cat-recambios-alfa-romeo","10":"product_cat-recambios-fiat-bravo","11":"product_cat-recambios-fiat-croma","12":"product_cat-recambios-fiat","13":"product_cat-recambios-alfa-romeo-gt","14":"product_cat-recambios-fiat-stilo","16":"first","17":"outofstock","18":"taxable","19":"shipping-taxable","20":"purchasable","21":"product-type-simple"},"_links":{"self":[{"href":"https:\/\/galicianparts.com\/shop\/wp-json\/wp\/v2\/product\/34277"}],"collection":[{"href":"https:\/\/galicianparts.com\/shop\/wp-json\/wp\/v2\/product"}],"about":[{"href":"https:\/\/galicianparts.com\/shop\/wp-json\/wp\/v2\/types\/product"}],"wp:featuredmedia":[{"embeddable":true,"href":"https:\/\/galicianparts.com\/shop\/wp-json\/wp\/v2\/media\/34287"}],"wp:attachment":[{"href":"https:\/\/galicianparts.com\/shop\/wp-json\/wp\/v2\/media?parent=34277"}],"wp:term":[{"taxonomy":"product_cat","embeddable":true,"href":"https:\/\/galicianparts.com\/shop\/wp-json\/wp\/v2\/product_cat?post=34277"},{"taxonomy":"product_tag","embeddable":true,"href":"https:\/\/galicianparts.com\/shop\/wp-json\/wp\/v2\/product_tag?post=34277"}],"curies":[{"name":"wp","href":"https:\/\/api.w.org\/{rel}","templated":true}]}}