{"id":34421,"date":"2021-10-21T19:09:39","date_gmt":"2021-10-21T17:09:39","guid":{"rendered":"https:\/\/galicianparts.com\/shop\/producto\/4270732-pack-2-latiguillos-freno-l-300mm-fiat-seat-lancia-autobianchi-nuevo-akron\/"},"modified":"2023-04-24T11:27:37","modified_gmt":"2023-04-24T09:27:37","slug":"4270732-pack-2-latiguillos-freno-l-300mm-fiat-seat-lancia-autobianchi-nuevo-akron","status":"publish","type":"product","link":"https:\/\/galicianparts.com\/shop\/producto\/4270732-pack-2-latiguillos-freno-l-300mm-fiat-seat-lancia-autobianchi-nuevo-akron\/","title":{"rendered":"4270732 Pack 2 latiguillos freno L 300mm Fiat \/ Seat \/ Lancia \/ Autobianchi NUEVO AKRON"},"content":{"rendered":"<p>Juego, set de dos tubos de 300mm de largo de las pinzas de freno de:<br \/>\nAUTOBIANCHI A 112 Hatchback (A\u00f1o 10.1969 &#8211; 12.1986)<br \/>\nFIAT Ritmo I Hatchback (138) (A\u00f1o 01.1978 &#8211; 12.1988)<br \/>\nFIAT 127 Hatchback (127) (A\u00f1o 06.1971 &#8211; 05.1996)<br \/>\nFIAT 128 Coup\u00e9 (128) (A\u00f1o 03.1972 &#8211; 02.1981)<br \/>\nFIAT 128 Berlina (128) (A\u00f1o 03.1969 &#8211; 12.1984)<br \/>\nFIAT 131 Berlina (131) (A\u00f1o 10.1974 &#8211; 03.1987)<br \/>\nFIAT 131 Familiare \/ Panorama (131) (A\u00f1o 03.1975 &#8211; 12.1984)<br \/>\nFIAT Panda I Hatchback (141) (A\u00f1o 03.1980 &#8211; 07.2004)<br \/>\nFIAT 128 Familiare (128) (A\u00f1o 10.1969 &#8211; 10.1982)<br \/>\nFIAT 127 Panorama (127) (A\u00f1o 01.1977 &#8211; 12.1986)<br \/>\nFIAT Panda Van (141) (A\u00f1o 01.1986 &#8211; 02.2004)<br \/>\nLANCIA A 112 Hatchback (A\u00f1o 03.1978 &#8211; 12.1986)<br \/>\nLANCIA Dedra Berlina (835) (A\u00f1o 01.1989 &#8211; 07.1999)<br \/>\nLANCIA Dedra Familiar (835) (A\u00f1o 07.1994 &#8211; 07.1999)<br \/>\nLANCIA Y10 (156) (A\u00f1o 03.1985 &#8211; 12.1995)<br \/>\nSEAT Fura (025A) (A\u00f1o 01.1982 &#8211; 12.1986)<br \/>\nSEAT 127 (A\u00f1o 04.1972 &#8211; 12.1982)<br \/>\nSEAT 128 Berlina (A\u00f1o 01.1976 &#8211; 12.1980)<\/p>\n<p>LA PIEZA ES NUEVA Y ORIGINAL.<\/p>\n","protected":false},"excerpt":{"rendered":"<p>Juego, set de dos tubos de 300mm de largo de las pinzas de freno de: AUTOBIANCHI A 112 Hatchback (A\u00f1o 10.1969 &#8211; 12.1986) FIAT Ritmo I Hatchback (138) (A\u00f1o 01.1978 &#8211; 12.1988) FIAT 127 Hatchback (127) (A\u00f1o 06.1971 &#8211; 05.1996) FIAT 128 Coup\u00e9 (128) (A\u00f1o 03.1972 &#8211; 02.1981) FIAT 128 Berlina (128) (A\u00f1o 03.1969 &#8211; [&hellip;]<\/p>\n","protected":false},"featured_media":34422,"template":"","meta":{"_seopress_robots_primary_cat":"","_seopress_titles_title":"","_seopress_titles_desc":"","_seopress_robots_index":""},"product_cat":[68,179,234,69,70,63,25,117,20,208,21,99,103,26,126],"product_tag":[],"class_list":{"0":"post-34421","1":"product","2":"type-product","3":"status-publish","4":"has-post-thumbnail","6":"product_cat-recambios-fiat-127","7":"product_cat-recambios-seat-127","8":"product_cat-recambios-seat-128","9":"product_cat-recambios-fiat-128","10":"product_cat-recambios-fiat-131","11":"product_cat-recambios-autobianchi-a112","12":"product_cat-recambios-autobianchi","13":"product_cat-recambios-lancia-dedra","14":"product_cat-recambios-fiat","15":"product_cat-recambios-seat-fura","16":"product_cat-recambios-lancia","17":"product_cat-recambios-fiat-panda","18":"product_cat-recambios-fiat-ritmo","19":"product_cat-recambios-seat","20":"product_cat-recambios-lancia-y10","22":"first","23":"outofstock","24":"taxable","25":"shipping-taxable","26":"purchasable","27":"product-type-simple"},"_links":{"self":[{"href":"https:\/\/galicianparts.com\/shop\/wp-json\/wp\/v2\/product\/34421"}],"collection":[{"href":"https:\/\/galicianparts.com\/shop\/wp-json\/wp\/v2\/product"}],"about":[{"href":"https:\/\/galicianparts.com\/shop\/wp-json\/wp\/v2\/types\/product"}],"wp:featuredmedia":[{"embeddable":true,"href":"https:\/\/galicianparts.com\/shop\/wp-json\/wp\/v2\/media\/34422"}],"wp:attachment":[{"href":"https:\/\/galicianparts.com\/shop\/wp-json\/wp\/v2\/media?parent=34421"}],"wp:term":[{"taxonomy":"product_cat","embeddable":true,"href":"https:\/\/galicianparts.com\/shop\/wp-json\/wp\/v2\/product_cat?post=34421"},{"taxonomy":"product_tag","embeddable":true,"href":"https:\/\/galicianparts.com\/shop\/wp-json\/wp\/v2\/product_tag?post=34421"}],"curies":[{"name":"wp","href":"https:\/\/api.w.org\/{rel}","templated":true}]}}