{"id":34847,"date":"2021-10-26T21:02:54","date_gmt":"2021-10-26T19:02:54","guid":{"rendered":"https:\/\/galicianparts.com\/shop\/producto\/4101975-muelle-valvula-colector-admision-fiat-850-nuevo-original\/"},"modified":"2022-10-08T14:23:16","modified_gmt":"2022-10-08T12:23:16","slug":"4101975-muelle-valvula-colector-admision-fiat-850-nuevo-original","status":"publish","type":"product","link":"https:\/\/galicianparts.com\/shop\/producto\/4101975-muelle-valvula-colector-admision-fiat-850-nuevo-original\/","title":{"rendered":"4101975 Muelle v\u00e1lvula colector admisi\u00f3n Fiat 850 NUEVO ORIGINAL"},"content":{"rendered":"<p>Resorte de la v\u00e1lvula de recuperaci\u00f3n de gases del motor de Fiat 850.<\/p>\n<p>Largo: 31mm<br \/>\nDi\u00e1metro: 7mm<\/p>\n<p>LA PIEZA ES NUEVA Y ORIGINAL.<\/p>\n","protected":false},"excerpt":{"rendered":"<p>Resorte de la v\u00e1lvula de recuperaci\u00f3n de gases del motor de Fiat 850. Largo: 31mm Di\u00e1metro: 7mm LA PIEZA ES NUEVA Y ORIGINAL.<\/p>\n","protected":false},"featured_media":34848,"template":"","meta":{"_seopress_robots_primary_cat":"","_seopress_titles_title":"","_seopress_titles_desc":"","_seopress_robots_index":""},"product_cat":[76,20],"product_tag":[],"class_list":{"0":"post-34847","1":"product","2":"type-product","3":"status-publish","4":"has-post-thumbnail","6":"product_cat-recambios-fiat-850","7":"product_cat-recambios-fiat","9":"first","10":"outofstock","11":"taxable","12":"shipping-taxable","13":"purchasable","14":"product-type-simple"},"_links":{"self":[{"href":"https:\/\/galicianparts.com\/shop\/wp-json\/wp\/v2\/product\/34847"}],"collection":[{"href":"https:\/\/galicianparts.com\/shop\/wp-json\/wp\/v2\/product"}],"about":[{"href":"https:\/\/galicianparts.com\/shop\/wp-json\/wp\/v2\/types\/product"}],"wp:featuredmedia":[{"embeddable":true,"href":"https:\/\/galicianparts.com\/shop\/wp-json\/wp\/v2\/media\/34848"}],"wp:attachment":[{"href":"https:\/\/galicianparts.com\/shop\/wp-json\/wp\/v2\/media?parent=34847"}],"wp:term":[{"taxonomy":"product_cat","embeddable":true,"href":"https:\/\/galicianparts.com\/shop\/wp-json\/wp\/v2\/product_cat?post=34847"},{"taxonomy":"product_tag","embeddable":true,"href":"https:\/\/galicianparts.com\/shop\/wp-json\/wp\/v2\/product_tag?post=34847"}],"curies":[{"name":"wp","href":"https:\/\/api.w.org\/{rel}","templated":true}]}}