{"id":34947,"date":"2021-10-28T09:54:56","date_gmt":"2021-10-28T07:54:56","guid":{"rendered":"https:\/\/galicianparts.com\/shop\/producto\/46448695-soporte-manguito-refrigeracion-fiat-bravo-marea-brava-nuevo-original\/"},"modified":"2021-10-28T09:59:54","modified_gmt":"2021-10-28T07:59:54","slug":"46448695-soporte-manguito-refrigeracion-fiat-bravo-marea-brava-nuevo-original","status":"publish","type":"product","link":"https:\/\/galicianparts.com\/shop\/producto\/46448695-soporte-manguito-refrigeracion-fiat-bravo-marea-brava-nuevo-original\/","title":{"rendered":"46448695 Soporte manguito refrigeraci\u00f3n Fiat Bravo \/ Marea \/ Brava NUEVO ORIGINAL"},"content":{"rendered":"<p>Abrazadera de sujeci\u00f3n del manguito de refrigeraci\u00f3n del vaso de expansi\u00f3n de:<br \/>\nFIAT &#8211; 1V BRAVA 1910cc TD (1995-1998)<br \/>\nFIAT &#8211; 1U BRAVO 1910cc TD (1995-1998)<br \/>\nFIAT &#8211; PU MAREA 1910cc TD (1996-1999)<br \/>\nFIAT &#8211; 1R MAREA 1910cc TD GAMMA&#8217;99 (1999-2002)<\/p>\n<p>Abrazadera de sujeci\u00f3n del manguito de la admisi\u00f3n de:<br \/>\nFIAT &#8211; 1V BRAVA 1580cc 16v (1998)<br \/>\nFIAT &#8211; 1U BRAVO 1580cc 16v (1998)<br \/>\nFIAT &#8211; PT MAREA 1580cc 16v (1996-1999)<br \/>\nFIAT &#8211; 1Q MAREA 1600cc GAMMA&#8217;99 (1999-2002)<\/p>\n<p>LA PIEZA ES NUEVA Y ORIGINAL.<\/p>\n","protected":false},"excerpt":{"rendered":"<p>Abrazadera de sujeci\u00f3n del manguito de refrigeraci\u00f3n del vaso de expansi\u00f3n de: FIAT &#8211; 1V BRAVA 1910cc TD (1995-1998) FIAT &#8211; 1U BRAVO 1910cc TD (1995-1998) FIAT &#8211; PU MAREA 1910cc TD (1996-1999) FIAT &#8211; 1R MAREA 1910cc TD GAMMA&#8217;99 (1999-2002) Abrazadera de sujeci\u00f3n del manguito de la admisi\u00f3n de: FIAT &#8211; 1V BRAVA 1580cc [&hellip;]<\/p>\n","protected":false},"featured_media":34948,"template":"","meta":{"_seopress_robots_primary_cat":"","_seopress_titles_title":"","_seopress_titles_desc":"","_seopress_robots_index":""},"product_cat":[81,82,20,95],"product_tag":[],"class_list":{"0":"post-34947","1":"product","2":"type-product","3":"status-publish","4":"has-post-thumbnail","6":"product_cat-recambios-fiat-brava","7":"product_cat-recambios-fiat-bravo","8":"product_cat-recambios-fiat","9":"product_cat-recambios-fiat-marea","11":"first","12":"instock","13":"taxable","14":"shipping-taxable","15":"purchasable","16":"product-type-simple"},"_links":{"self":[{"href":"https:\/\/galicianparts.com\/shop\/wp-json\/wp\/v2\/product\/34947"}],"collection":[{"href":"https:\/\/galicianparts.com\/shop\/wp-json\/wp\/v2\/product"}],"about":[{"href":"https:\/\/galicianparts.com\/shop\/wp-json\/wp\/v2\/types\/product"}],"wp:featuredmedia":[{"embeddable":true,"href":"https:\/\/galicianparts.com\/shop\/wp-json\/wp\/v2\/media\/34948"}],"wp:attachment":[{"href":"https:\/\/galicianparts.com\/shop\/wp-json\/wp\/v2\/media?parent=34947"}],"wp:term":[{"taxonomy":"product_cat","embeddable":true,"href":"https:\/\/galicianparts.com\/shop\/wp-json\/wp\/v2\/product_cat?post=34947"},{"taxonomy":"product_tag","embeddable":true,"href":"https:\/\/galicianparts.com\/shop\/wp-json\/wp\/v2\/product_tag?post=34947"}],"curies":[{"name":"wp","href":"https:\/\/api.w.org\/{rel}","templated":true}]}}