{"id":35832,"date":"2021-11-10T12:38:16","date_gmt":"2021-11-10T10:38:16","guid":{"rendered":"https:\/\/galicianparts.com\/shop\/producto\/9947917-kit-pastillas-freno-delantero-fiat-palio-siena-nuevo-original\/"},"modified":"2021-11-11T11:43:46","modified_gmt":"2021-11-11T09:43:46","slug":"9947917-kit-pastillas-freno-delantero-fiat-palio-siena-nuevo-original","status":"publish","type":"product","link":"https:\/\/galicianparts.com\/shop\/producto\/9947917-kit-pastillas-freno-delantero-fiat-palio-siena-nuevo-original\/","title":{"rendered":"9947917 Kit pastillas freno delantero Fiat Palio \/ Siena NUEVO ORIGINAL"},"content":{"rendered":"<p>Set, juego de pastillas de freno del tren delantero de:<br \/>\nFIAT Palio I Hatchback (178) (A\u00f1o 04.1996 &#8211; &#8230;)<br \/>\n1.0, A\u00f1o 04.1996 &#8211; 10.2003, 994 , 61<br \/>\n1.1, A\u00f1o 07.1997 &#8211; 10.2003, 1108 , 54<br \/>\n1.2, A\u00f1o 07.1997 &#8211; 08.2002, 1242 , 60<br \/>\n1.4, A\u00f1o 04.1996 &#8211; 10.2002, 1372 , 69<br \/>\n1.4 CAT, A\u00f1o 04.1996 &#8211; 08.2001, 1372 , 69<br \/>\nFIAT Palio I Weekend (178) (A\u00f1o 04.1996 &#8211; &#8230;)<br \/>\n1.2, A\u00f1o 04.1996 &#8211; 02.2001, 1242 , 73<br \/>\n1.7 TD, A\u00f1o 04.1996 &#8211; 03.2001, 1698 , 70<br \/>\nFIAT Siena (178, 172) (A\u00f1o 04.1996 &#8211; 12.2016)<br \/>\n1.4, A\u00f1o 04.1996 &#8211; 12.2009, 1372 , 69<br \/>\n1.4 CAT, A\u00f1o 04.1996 &#8211; 12.2009, 1372 , 69<\/p>\n<p>LA PIEZA ES NUEVA Y ORIGINAL.<\/p>\n","protected":false},"excerpt":{"rendered":"<p>Set, juego de pastillas de freno del tren delantero de: FIAT Palio I Hatchback (178) (A\u00f1o 04.1996 &#8211; &#8230;) 1.0, A\u00f1o 04.1996 &#8211; 10.2003, 994 , 61 1.1, A\u00f1o 07.1997 &#8211; 10.2003, 1108 , 54 1.2, A\u00f1o 07.1997 &#8211; 08.2002, 1242 , 60 1.4, A\u00f1o 04.1996 &#8211; 10.2002, 1372 , 69 1.4 CAT, A\u00f1o 04.1996 [&hellip;]<\/p>\n","protected":false},"featured_media":35833,"template":"","meta":{"_seopress_robots_primary_cat":"","_seopress_titles_title":"","_seopress_titles_desc":"","_seopress_robots_index":""},"product_cat":[20,98,107],"product_tag":[],"class_list":{"0":"post-35832","1":"product","2":"type-product","3":"status-publish","4":"has-post-thumbnail","6":"product_cat-recambios-fiat","7":"product_cat-recambios-fiat-palio","8":"product_cat-recambios-fiat-siena","10":"first","11":"instock","12":"taxable","13":"shipping-taxable","14":"purchasable","15":"product-type-simple"},"_links":{"self":[{"href":"https:\/\/galicianparts.com\/shop\/wp-json\/wp\/v2\/product\/35832"}],"collection":[{"href":"https:\/\/galicianparts.com\/shop\/wp-json\/wp\/v2\/product"}],"about":[{"href":"https:\/\/galicianparts.com\/shop\/wp-json\/wp\/v2\/types\/product"}],"wp:featuredmedia":[{"embeddable":true,"href":"https:\/\/galicianparts.com\/shop\/wp-json\/wp\/v2\/media\/35833"}],"wp:attachment":[{"href":"https:\/\/galicianparts.com\/shop\/wp-json\/wp\/v2\/media?parent=35832"}],"wp:term":[{"taxonomy":"product_cat","embeddable":true,"href":"https:\/\/galicianparts.com\/shop\/wp-json\/wp\/v2\/product_cat?post=35832"},{"taxonomy":"product_tag","embeddable":true,"href":"https:\/\/galicianparts.com\/shop\/wp-json\/wp\/v2\/product_tag?post=35832"}],"curies":[{"name":"wp","href":"https:\/\/api.w.org\/{rel}","templated":true}]}}