{"id":36000,"date":"2021-11-11T12:53:36","date_gmt":"2021-11-11T10:53:36","guid":{"rendered":"https:\/\/galicianparts.com\/shop\/producto\/55192102-instalacion-electrica-motor-fiat-punto-1-3-mjtd-2003-2010-nuevo-original\/"},"modified":"2022-07-22T11:19:09","modified_gmt":"2022-07-22T09:19:09","slug":"55192102-instalacion-electrica-motor-fiat-punto-1-3-mjtd-2003-2010-nuevo-original","status":"publish","type":"product","link":"https:\/\/galicianparts.com\/shop\/producto\/55192102-instalacion-electrica-motor-fiat-punto-1-3-mjtd-2003-2010-nuevo-original\/","title":{"rendered":"55192102 Instalaci\u00f3n el\u00e9ctrica motor Fiat Punto 1.3 MJTD (2003-2010) NUEVO ORIGINAL"},"content":{"rendered":"<p>55193269 Cableado el\u00e9ctrico del motor de:<br \/>\nFIAT &#8211; 2U PUNTO FL.&#8217;03 (2003-2010) 1250\u00a0MJTD\u00a070CV\/51KW<\/p>\n<p>LA PIEZA ES NUEVA Y ORIGINAL.<\/p>\n","protected":false},"excerpt":{"rendered":"<p>55193269 Cableado el\u00e9ctrico del motor de: FIAT &#8211; 2U PUNTO FL.&#8217;03 (2003-2010) 1250\u00a0MJTD\u00a070CV\/51KW LA PIEZA ES NUEVA Y ORIGINAL.<\/p>\n","protected":false},"featured_media":36001,"template":"","meta":{"_seopress_robots_primary_cat":"","_seopress_titles_title":"","_seopress_titles_desc":"","_seopress_robots_index":""},"product_cat":[20,101],"product_tag":[],"class_list":{"0":"post-36000","1":"product","2":"type-product","3":"status-publish","4":"has-post-thumbnail","6":"product_cat-recambios-fiat","7":"product_cat-recambios-fiat-punto","9":"first","10":"instock","11":"taxable","12":"shipping-taxable","13":"purchasable","14":"product-type-simple"},"_links":{"self":[{"href":"https:\/\/galicianparts.com\/shop\/wp-json\/wp\/v2\/product\/36000"}],"collection":[{"href":"https:\/\/galicianparts.com\/shop\/wp-json\/wp\/v2\/product"}],"about":[{"href":"https:\/\/galicianparts.com\/shop\/wp-json\/wp\/v2\/types\/product"}],"wp:featuredmedia":[{"embeddable":true,"href":"https:\/\/galicianparts.com\/shop\/wp-json\/wp\/v2\/media\/36001"}],"wp:attachment":[{"href":"https:\/\/galicianparts.com\/shop\/wp-json\/wp\/v2\/media?parent=36000"}],"wp:term":[{"taxonomy":"product_cat","embeddable":true,"href":"https:\/\/galicianparts.com\/shop\/wp-json\/wp\/v2\/product_cat?post=36000"},{"taxonomy":"product_tag","embeddable":true,"href":"https:\/\/galicianparts.com\/shop\/wp-json\/wp\/v2\/product_tag?post=36000"}],"curies":[{"name":"wp","href":"https:\/\/api.w.org\/{rel}","templated":true}]}}