{"id":36909,"date":"2021-11-23T15:20:15","date_gmt":"2021-11-23T13:20:15","guid":{"rendered":"https:\/\/galicianparts.com\/shop\/producto\/7663079-faro-delantero-izq-fiat-cinquecento-1992-1998-original-carello\/"},"modified":"2023-06-29T11:04:51","modified_gmt":"2023-06-29T09:04:51","slug":"7663079-faro-delantero-izq-fiat-cinquecento-1992-1998-original-carello","status":"publish","type":"product","link":"https:\/\/galicianparts.com\/shop\/producto\/7663079-faro-delantero-izq-fiat-cinquecento-1992-1998-original-carello\/","title":{"rendered":"7663079 Faro Xenon delantero izq. Fiat Cinquecento (1992-1998) ORIGINAL CARELLO"},"content":{"rendered":"<p>Faro delantero izquierdo con regulaci\u00f3n el\u00e9ctrica de;<br \/>\nFIAT &#8211; NM CINQUECENTO (1992-1998) CORRECTOR ALINEACI\u00d3N FAROS CON XENON HEADLIGHTS CON (CARGA\u00a0BASE \/ \u00abS\u00bb) \/ 704 CARB. \/ 903 CARB. \/ 903 SPI\u00bbW\u00bb USA&#8217;83 \/ 704 CARB.USA&#8217;83 \/ 899 SPI\u00bbW\u00bb \/ 899 CARB.<br \/>\nFIAT &#8211; NM CINQUECENTO (1992-1998) CORRECTOR ALINEACI\u00d3N FAROS CON XENON HEADLIGHTS CON (SUITE \/ \u00abSX\u00bb \/ SOLE) \/ 704 CARB. \/ 903 CARB. \/ 903 SPI\u00bbW\u00bb USA&#8217;83 \/ 704 CARB.USA&#8217;83 \/ 899 SPI\u00bbW\u00bb \/ 899 CARB.<\/p>\n<p>LA PIEZA ES NUEVA Y ORIGINAL CARELLO.<\/p>\n","protected":false},"excerpt":{"rendered":"<p>Faro delantero izquierdo con regulaci\u00f3n el\u00e9ctrica de; FIAT &#8211; NM CINQUECENTO (1992-1998) CORRECTOR ALINEACI\u00d3N FAROS CON XENON HEADLIGHTS CON (CARGA\u00a0BASE \/ \u00abS\u00bb) \/ 704 CARB. \/ 903 CARB. \/ 903 SPI\u00bbW\u00bb USA&#8217;83 \/ 704 CARB.USA&#8217;83 \/ 899 SPI\u00bbW\u00bb \/ 899 CARB. FIAT &#8211; NM CINQUECENTO (1992-1998) CORRECTOR ALINEACI\u00d3N FAROS CON XENON HEADLIGHTS CON (SUITE \/ [&hellip;]<\/p>\n","protected":false},"featured_media":75614,"template":"","meta":{"_seopress_robots_primary_cat":"","_seopress_titles_title":"","_seopress_titles_desc":"","_seopress_robots_index":""},"product_cat":[84,20],"product_tag":[],"class_list":{"0":"post-36909","1":"product","2":"type-product","3":"status-publish","4":"has-post-thumbnail","6":"product_cat-recambios-fiat-cinquecento","7":"product_cat-recambios-fiat","9":"first","10":"outofstock","11":"taxable","12":"shipping-taxable","13":"purchasable","14":"product-type-simple"},"_links":{"self":[{"href":"https:\/\/galicianparts.com\/shop\/wp-json\/wp\/v2\/product\/36909"}],"collection":[{"href":"https:\/\/galicianparts.com\/shop\/wp-json\/wp\/v2\/product"}],"about":[{"href":"https:\/\/galicianparts.com\/shop\/wp-json\/wp\/v2\/types\/product"}],"wp:featuredmedia":[{"embeddable":true,"href":"https:\/\/galicianparts.com\/shop\/wp-json\/wp\/v2\/media\/75614"}],"wp:attachment":[{"href":"https:\/\/galicianparts.com\/shop\/wp-json\/wp\/v2\/media?parent=36909"}],"wp:term":[{"taxonomy":"product_cat","embeddable":true,"href":"https:\/\/galicianparts.com\/shop\/wp-json\/wp\/v2\/product_cat?post=36909"},{"taxonomy":"product_tag","embeddable":true,"href":"https:\/\/galicianparts.com\/shop\/wp-json\/wp\/v2\/product_tag?post=36909"}],"curies":[{"name":"wp","href":"https:\/\/api.w.org\/{rel}","templated":true}]}}