{"id":37470,"date":"2021-11-29T20:11:16","date_gmt":"2021-11-29T18:11:16","guid":{"rendered":"https:\/\/galicianparts.com\/shop\/producto\/4396387-eje-pinon-marcha-atras-fiat-127-panda-45-uno-nuevo-original\/"},"modified":"2021-11-29T20:14:20","modified_gmt":"2021-11-29T18:14:20","slug":"4396387-eje-pinon-marcha-atras-fiat-127-panda-45-uno-nuevo-original","status":"publish","type":"product","link":"https:\/\/galicianparts.com\/shop\/producto\/4396387-eje-pinon-marcha-atras-fiat-127-panda-45-uno-nuevo-original\/","title":{"rendered":"4396387 Eje pi\u00f1\u00f3n marcha atr\u00e1s Fiat 127 \/ Panda 45 \/ Uno NUEVO ORIGINAL"},"content":{"rendered":"<p>Eje, bul\u00f3n del engranaje de la marcha atr\u00e1s de:<br \/>\nDi\u00e1metro: 16mm<br \/>\nLargo: 184mm<\/p>\n<p>FIAT 127<br \/>\nFIAT PANDA 45<br \/>\nFIAT UNO<\/p>\n<p>LA PIEZA ES NUEVA Y ORIGINAL.<\/p>\n","protected":false},"excerpt":{"rendered":"<p>Eje, bul\u00f3n del engranaje de la marcha atr\u00e1s de: Di\u00e1metro: 16mm Largo: 184mm FIAT 127 FIAT PANDA 45 FIAT UNO LA PIEZA ES NUEVA Y ORIGINAL.<\/p>\n","protected":false},"featured_media":37471,"template":"","meta":{"_seopress_robots_primary_cat":"","_seopress_titles_title":"","_seopress_titles_desc":"","_seopress_robots_index":""},"product_cat":[68,20,99,114],"product_tag":[],"class_list":{"0":"post-37470","1":"product","2":"type-product","3":"status-publish","4":"has-post-thumbnail","6":"product_cat-recambios-fiat-127","7":"product_cat-recambios-fiat","8":"product_cat-recambios-fiat-panda","9":"product_cat-recambios-fiat-uno","11":"first","12":"instock","13":"taxable","14":"shipping-taxable","15":"purchasable","16":"product-type-simple"},"_links":{"self":[{"href":"https:\/\/galicianparts.com\/shop\/wp-json\/wp\/v2\/product\/37470"}],"collection":[{"href":"https:\/\/galicianparts.com\/shop\/wp-json\/wp\/v2\/product"}],"about":[{"href":"https:\/\/galicianparts.com\/shop\/wp-json\/wp\/v2\/types\/product"}],"wp:featuredmedia":[{"embeddable":true,"href":"https:\/\/galicianparts.com\/shop\/wp-json\/wp\/v2\/media\/37471"}],"wp:attachment":[{"href":"https:\/\/galicianparts.com\/shop\/wp-json\/wp\/v2\/media?parent=37470"}],"wp:term":[{"taxonomy":"product_cat","embeddable":true,"href":"https:\/\/galicianparts.com\/shop\/wp-json\/wp\/v2\/product_cat?post=37470"},{"taxonomy":"product_tag","embeddable":true,"href":"https:\/\/galicianparts.com\/shop\/wp-json\/wp\/v2\/product_tag?post=37470"}],"curies":[{"name":"wp","href":"https:\/\/api.w.org\/{rel}","templated":true}]}}