{"id":37549,"date":"2021-11-30T14:04:17","date_gmt":"2021-11-30T12:04:17","guid":{"rendered":"https:\/\/galicianparts.com\/shop\/producto\/793143-bomba-freno-fiat-127-ritmo-lancia-delta-seat-panda-127-ritmo-131-nueva-original\/"},"modified":"2021-12-27T12:58:49","modified_gmt":"2021-12-27T10:58:49","slug":"793143-bomba-freno-fiat-127-ritmo-lancia-delta-seat-panda-127-ritmo-131-nueva-original","status":"publish","type":"product","link":"https:\/\/galicianparts.com\/shop\/producto\/793143-bomba-freno-fiat-127-ritmo-lancia-delta-seat-panda-127-ritmo-131-nueva-original\/","title":{"rendered":"793143 Bomba freno Fiat 127 \/ Ritmo \/Lancia Delta \/Seat Panda \/ 127 \/ Ritmo \/ 131 NUEVA ORIGINAL"},"content":{"rendered":"<p>4410502 Cilindro maestro del freno de:<br \/>\nFIAT Ritmo I Hatchback (138) (A\u00f1o 01.1978 &#8211; 12.1988)<br \/>\n1.0 60, A\u00f1o 09.1978 &#8211; 09.1982, 1049 , 60<br \/>\n1.3 65, A\u00f1o 01.1978 &#8211; 08.1985, 1301 , 65<br \/>\n1.3 75, A\u00f1o 01.1981 &#8211; 09.1982, 1301 , 75<br \/>\n1.5 75, A\u00f1o 01.1978 &#8211; 12.1988, 1498 , 75<br \/>\n1.5 85, A\u00f1o 01.1981 &#8211; 05.1987, 1498 , 85<br \/>\n1.6 Sport 105, A\u00f1o 05.1981 &#8211; 12.1987, 1585 , 105<br \/>\n1.7 Di\u00e9sel 55, A\u00f1o 10.1979 &#8211; 09.1982, 1714 , 55<\/p>\n<p>FIAT 127 Hatchback (127) (A\u00f1o 06.1971 &#8211; 05.1996)<br \/>\n0.9, A\u00f1o 06.1971 &#8211; 12.1986, 903 , 45<br \/>\n1.0, A\u00f1o 04.1977 &#8211; 12.1986, 1049 , 50<br \/>\nFIAT 127 Panorama (127) (A\u00f1o 01.1977 &#8211; 12.1986)<br \/>\n1.0, A\u00f1o 01.1977 &#8211; 12.1986, 1049 , 50<\/p>\n<p>LANCIA Delta I (831) (A\u00f1o 09.1979 &#8211; 01.1994)<br \/>\n1.3, A\u00f1o 09.1979 &#8211; 08.1992, 1301 , 75<br \/>\n1.5, A\u00f1o 09.1979 &#8211; 12.1992, 1498 , 86<\/p>\n<p>SEAT 131 (A\u00f1o 05.1975 &#8211; 12.1986)<br \/>\n1.6, A\u00f1o 03.1982 &#8211; 01.1985, 1592 , 97<\/p>\n<p>SEAT Panda (141A) (A\u00f1o 10.1980 &#8211; 12.1986)<br \/>\n0.9, A\u00f1o 10.1980 &#8211; 12.1986, 903 , 42<\/p>\n<p>SEAT Ritmo (138) (A\u00f1o 07.1978 &#8211; 09.1983)<br \/>\n1.4, A\u00f1o 07.1978 &#8211; 09.1983, 1438 , 77<br \/>\n1.7 D, A\u00f1o 10.1979 &#8211; 09.1983, 1714 , 56<\/p>\n<p>SEAT 127 (A\u00f1o 04.1972 &#8211; 12.1982)<br \/>\n0.9, A\u00f1o 04.1972 &#8211; 12.1982, 903 , 45<br \/>\n1.0, A\u00f1o 04.1972 &#8211; 12.1982, 1010 , 52<\/p>\n<p>LA PIEZA ES NUEVA Y ORIGINAL.<\/p>\n","protected":false},"excerpt":{"rendered":"<p>4410502 Cilindro maestro del freno de: FIAT Ritmo I Hatchback (138) (A\u00f1o 01.1978 &#8211; 12.1988) 1.0 60, A\u00f1o 09.1978 &#8211; 09.1982, 1049 , 60 1.3 65, A\u00f1o 01.1978 &#8211; 08.1985, 1301 , 65 1.3 75, A\u00f1o 01.1981 &#8211; 09.1982, 1301 , 75 1.5 75, A\u00f1o 01.1978 &#8211; 12.1988, 1498 , 75 1.5 85, A\u00f1o 01.1981 [&hellip;]<\/p>\n","protected":false},"featured_media":37550,"template":"","meta":{"_seopress_robots_primary_cat":"","_seopress_titles_title":"","_seopress_titles_desc":"","_seopress_robots_index":""},"product_cat":[179,68,199,118,20,21,237,198,103,26],"product_tag":[],"class_list":{"0":"post-37549","1":"product","2":"type-product","3":"status-publish","4":"has-post-thumbnail","6":"product_cat-recambios-seat-127","7":"product_cat-recambios-fiat-127","8":"product_cat-recambios-seat-131","9":"product_cat-recambios-lancia-delta","10":"product_cat-recambios-fiat","11":"product_cat-recambios-lancia","12":"product_cat-recambios-seat-panda","13":"product_cat-recambios-seat-ritmo","14":"product_cat-recambios-fiat-ritmo","15":"product_cat-recambios-seat","17":"first","18":"outofstock","19":"taxable","20":"shipping-taxable","21":"purchasable","22":"product-type-simple"},"_links":{"self":[{"href":"https:\/\/galicianparts.com\/shop\/wp-json\/wp\/v2\/product\/37549"}],"collection":[{"href":"https:\/\/galicianparts.com\/shop\/wp-json\/wp\/v2\/product"}],"about":[{"href":"https:\/\/galicianparts.com\/shop\/wp-json\/wp\/v2\/types\/product"}],"wp:featuredmedia":[{"embeddable":true,"href":"https:\/\/galicianparts.com\/shop\/wp-json\/wp\/v2\/media\/37550"}],"wp:attachment":[{"href":"https:\/\/galicianparts.com\/shop\/wp-json\/wp\/v2\/media?parent=37549"}],"wp:term":[{"taxonomy":"product_cat","embeddable":true,"href":"https:\/\/galicianparts.com\/shop\/wp-json\/wp\/v2\/product_cat?post=37549"},{"taxonomy":"product_tag","embeddable":true,"href":"https:\/\/galicianparts.com\/shop\/wp-json\/wp\/v2\/product_tag?post=37549"}],"curies":[{"name":"wp","href":"https:\/\/api.w.org\/{rel}","templated":true}]}}