{"id":38338,"date":"2021-12-28T13:46:27","date_gmt":"2021-12-28T11:46:27","guid":{"rendered":"https:\/\/galicianparts.com\/shop\/producto\/9938651-kit-carburador-solex-32-fiat-lancia-seat-nuevo-original\/"},"modified":"2025-12-19T11:42:06","modified_gmt":"2025-12-19T09:42:06","slug":"9938651-kit-carburador-solex-32-fiat-lancia-seat-nuevo-original","status":"publish","type":"product","link":"https:\/\/galicianparts.com\/shop\/producto\/9938651-kit-carburador-solex-32-fiat-lancia-seat-nuevo-original\/","title":{"rendered":"9938651 Kit carburador Solex 32 Fiat \/ Lancia \/ Seat NUEVO ORIGINAL"},"content":{"rendered":"<p>5944765 Juego, set de chicl\u00e9s del carburador S\u00f3lex 32 v\u00e1lido para Fiat \/ Seat \/ Lancia.<\/p>\n<p>LA PIEZA ES NUEVA Y ORIGINAL.<\/p>\n","protected":false},"excerpt":{"rendered":"<p>5944765 Juego, set de chicl\u00e9s del carburador S\u00f3lex 32 v\u00e1lido para Fiat \/ Seat \/ Lancia. LA PIEZA ES NUEVA Y ORIGINAL.<\/p>\n","protected":false},"featured_media":100566,"template":"","meta":{"_seopress_robots_primary_cat":"","_seopress_titles_title":"","_seopress_titles_desc":"","_seopress_robots_index":""},"product_cat":[20,21,26],"product_tag":[],"class_list":{"0":"post-38338","1":"product","2":"type-product","3":"status-publish","4":"has-post-thumbnail","6":"product_cat-recambios-fiat","7":"product_cat-recambios-lancia","8":"product_cat-recambios-seat","10":"first","11":"outofstock","12":"taxable","13":"shipping-taxable","14":"purchasable","15":"product-type-simple"},"_links":{"self":[{"href":"https:\/\/galicianparts.com\/shop\/wp-json\/wp\/v2\/product\/38338"}],"collection":[{"href":"https:\/\/galicianparts.com\/shop\/wp-json\/wp\/v2\/product"}],"about":[{"href":"https:\/\/galicianparts.com\/shop\/wp-json\/wp\/v2\/types\/product"}],"wp:featuredmedia":[{"embeddable":true,"href":"https:\/\/galicianparts.com\/shop\/wp-json\/wp\/v2\/media\/100566"}],"wp:attachment":[{"href":"https:\/\/galicianparts.com\/shop\/wp-json\/wp\/v2\/media?parent=38338"}],"wp:term":[{"taxonomy":"product_cat","embeddable":true,"href":"https:\/\/galicianparts.com\/shop\/wp-json\/wp\/v2\/product_cat?post=38338"},{"taxonomy":"product_tag","embeddable":true,"href":"https:\/\/galicianparts.com\/shop\/wp-json\/wp\/v2\/product_tag?post=38338"}],"curies":[{"name":"wp","href":"https:\/\/api.w.org\/{rel}","templated":true}]}}