{"id":38442,"date":"2021-12-29T19:56:13","date_gmt":"2021-12-29T17:56:13","guid":{"rendered":"https:\/\/galicianparts.com\/shop\/producto\/4479233-cable-acelerador-fiat-ritmo-i-fiat-regata-138-nuevo-original\/"},"modified":"2022-04-28T10:00:45","modified_gmt":"2022-04-28T08:00:45","slug":"4479233-cable-acelerador-fiat-ritmo-i-fiat-regata-138-nuevo-original","status":"publish","type":"product","link":"https:\/\/galicianparts.com\/shop\/producto\/4479233-cable-acelerador-fiat-ritmo-i-fiat-regata-138-nuevo-original\/","title":{"rendered":"4479233 Cable acelerador Fiat Ritmo I \/ Fiat Regata 138 NUEVO ORIGINAL"},"content":{"rendered":"<p>Cable del acelerador de:<br \/>\nLargo: 1135mm<br \/>\nFIAT Ritmo I Hatchback (138)<br \/>\n1.0 60, A\u00f1o 09.1978 &#8211; 09.1982, 1049 ccm, 60 CV<br \/>\n1.1 60, A\u00f1o 10.1982 &#8211; 12.1987, 1116 ccm, 55 CV<br \/>\n1.1 60, A\u00f1o 04.1985 &#8211; 12.1987, 1116 ccm, 58 CV<br \/>\n1.3 65, A\u00f1o 01.1978 &#8211; 08.1985, 1301 ccm, 65 CV<br \/>\n1.3 70, A\u00f1o 01.1983 &#8211; 04.1985, 1301 ccm, 68 CV<br \/>\n1.3 75, A\u00f1o 01.1981 &#8211; 09.1982, 1301 ccm, 75 CV<br \/>\n1.5 75, A\u00f1o 01.1978 &#8211; 12.1988, 1498 ccm, 75 CV<br \/>\n1.5 85, A\u00f1o 08.1985 &#8211; 05.1987, 1498 ccm, 79 CV<br \/>\n1.5 85, A\u00f1o 01.1983 &#8211; 12.1987, 1498 ccm, 82 CV<br \/>\n1.5 85, A\u00f1o 01.1981 &#8211; 05.1987, 1498 ccm, 85 CV<br \/>\nFIAT Regata Berlina (138)<br \/>\n1.3 70, A\u00f1o 09.1983 &#8211; 07.1989, 1301 ccm, 65 CV<br \/>\n1.3 70, A\u00f1o 09.1983 &#8211; 07.1986, 1301 ccm, 68 CV<br \/>\n1.5 75, A\u00f1o 12.1983 &#8211; 07.1989, 1498 ccm, 75 CV<br \/>\n1.5 Super 85, A\u00f1o 09.1983 &#8211; 04.1985, 1498 ccm, 82 CV<br \/>\nFIAT Regata Weekend<br \/>\n1.3 70, A\u00f1o 01.1984 &#8211; 07.1989, 1301 ccm, 68 CV<br \/>\n1.5 85, A\u00f1o 01.1984 &#8211; 04.1989, 1498 ccm, 82 CV<\/p>\n<p>LA PIEZA ES NUEVA Y ORIGINAL.<\/p>\n","protected":false},"excerpt":{"rendered":"<p>Cable del acelerador de: Largo: 1135mm FIAT Ritmo I Hatchback (138) 1.0 60, A\u00f1o 09.1978 &#8211; 09.1982, 1049 ccm, 60 CV 1.1 60, A\u00f1o 10.1982 &#8211; 12.1987, 1116 ccm, 55 CV 1.1 60, A\u00f1o 04.1985 &#8211; 12.1987, 1116 ccm, 58 CV 1.3 65, A\u00f1o 01.1978 &#8211; 08.1985, 1301 ccm, 65 CV 1.3 70, A\u00f1o 01.1983 [&hellip;]<\/p>\n","protected":false},"featured_media":38443,"template":"","meta":{"_seopress_robots_primary_cat":"","_seopress_titles_title":"","_seopress_titles_desc":"","_seopress_robots_index":""},"product_cat":[20,102,103],"product_tag":[],"class_list":{"0":"post-38442","1":"product","2":"type-product","3":"status-publish","4":"has-post-thumbnail","6":"product_cat-recambios-fiat","7":"product_cat-recambios-fiat-regata","8":"product_cat-recambios-fiat-ritmo","10":"first","11":"outofstock","12":"taxable","13":"shipping-taxable","14":"purchasable","15":"product-type-simple"},"_links":{"self":[{"href":"https:\/\/galicianparts.com\/shop\/wp-json\/wp\/v2\/product\/38442"}],"collection":[{"href":"https:\/\/galicianparts.com\/shop\/wp-json\/wp\/v2\/product"}],"about":[{"href":"https:\/\/galicianparts.com\/shop\/wp-json\/wp\/v2\/types\/product"}],"wp:featuredmedia":[{"embeddable":true,"href":"https:\/\/galicianparts.com\/shop\/wp-json\/wp\/v2\/media\/38443"}],"wp:attachment":[{"href":"https:\/\/galicianparts.com\/shop\/wp-json\/wp\/v2\/media?parent=38442"}],"wp:term":[{"taxonomy":"product_cat","embeddable":true,"href":"https:\/\/galicianparts.com\/shop\/wp-json\/wp\/v2\/product_cat?post=38442"},{"taxonomy":"product_tag","embeddable":true,"href":"https:\/\/galicianparts.com\/shop\/wp-json\/wp\/v2\/product_tag?post=38442"}],"curies":[{"name":"wp","href":"https:\/\/api.w.org\/{rel}","templated":true}]}}