{"id":3906,"date":"2020-09-29T13:44:37","date_gmt":"2020-09-29T11:44:37","guid":{"rendered":"https:\/\/galicianparts.com\/shop\/producto\/55702456-filtro-de-polen-fiat-grande-punto-doblo-fiorino-punto-alfa-romeo-mito-original\/"},"modified":"2023-11-14T12:06:55","modified_gmt":"2023-11-14T10:06:55","slug":"55702456-filtro-de-polen-fiat-grande-punto-doblo-fiorino-punto-alfa-romeo-mito-original","status":"publish","type":"product","link":"https:\/\/galicianparts.com\/shop\/producto\/55702456-filtro-de-polen-fiat-grande-punto-doblo-fiorino-punto-alfa-romeo-mito-original\/","title":{"rendered":"55702456 Filtro habit\u00e1culo Fiat Grande Punto \/Doblo \/Fiorino \/Punto \/Alfa Mito ORIGINAL"},"content":{"rendered":"<p>Filtro de polen de:<br \/>\nLongitud: 265 mm<br \/>\nAncho: 219 mm<br \/>\nAltura: 21 mm<\/p>\n<p>FIAT Grande Punto Hatchback (199)<br \/>\n1.2, A\u00f1o 10.2005 &#8211; &#8230;, 1242 ccm, 65 cv<br \/>\n1.2, A\u00f1o 09.2010 &#8211; &#8230;, 1242 ccm, 69 cv<br \/>\n1.2 LPG (199BXA1A, 199AXA1A), A\u00f1o 06.2008 &#8211; 12.2012, 1242 ccm, 69 cv<br \/>\n1.3 D Multijet, A\u00f1o 07.2008 &#8211; &#8230;, 1248 ccm, 69 cv<br \/>\n1.3 D Multijet, A\u00f1o 10.2005 &#8211; &#8230;, 1248 ccm, 75 cv<br \/>\n1.3 D Multijet, A\u00f1o 06.2009 &#8211; 07.2014, 1248 ccm, 76 cv<br \/>\n1.3 D Multijet, A\u00f1o 04.2010 &#8211; &#8230;, 1248 ccm, 84 cv<br \/>\n1.3 D Multijet (199.AXD11, 199.AXD1A, 199.AXD1B,&#8230;, A\u00f1o 10.2005 &#8211; 12.2010, 1248 ccm, 90 cv<br \/>\n1.4 (199AXB11, 199AXB1A, 199BXB1A, 199AXL1A), A\u00f1o 06.2005 &#8211; 12.2015, 1368 ccm, 77 cv<br \/>\n1.4 16V (199BXG1B, 199AXG1B), A\u00f1o 10.2005 &#8211; 08.2011, 1368 ccm, 95 cv<br \/>\n1.4 LPG, A\u00f1o 12.2008 &#8211; &#8230;, 1368 ccm, 78 cv<br \/>\n1.4 Natural Power, A\u00f1o 07.2008 &#8211; &#8230;, 1368 ccm, 78 cv<br \/>\n1.4 T-Jet (199AXM1A, 199BXM1A, 199BXN1A), A\u00f1o 09.2007 &#8211; &#8230;, 1368 ccm, 120 cv<br \/>\n1.6 D Multijet, A\u00f1o 07.2008 &#8211; &#8230;, 1598 ccm, 120 cv<br \/>\n1.9 D Multijet, A\u00f1o 06.2006 &#8211; 12.2009, 1910 ccm, 116 cv<br \/>\n1.9 D Multijet, A\u00f1o 10.2005 &#8211; &#8230;, 1910 ccm, 120 cv<br \/>\n1.9 D Multijet, A\u00f1o 10.2005 &#8211; &#8230;, 1910 ccm, 130 cv<br \/>\nFIAT Fiorino III Furg\u00f3n \/ Familiar (225)<br \/>\n1.3 D Multijet, A\u00f1o 03.2015 &#8211; &#8230;, 1248 ccm, 80 cv<br \/>\n1.3 D Multijet, A\u00f1o 07.2009 &#8211; &#8230;, 1248 ccm, 95 cv<br \/>\n1.3 D Multijet (225BXD1A, 225BXB1A, 225BXB11), A\u00f1o 11.2007 &#8211; &#8230;, 1248 ccm, 75 cv<br \/>\n1.4 (225AXA1A, 225BXA1A), A\u00f1o 10.2009 &#8211; &#8230;, 1368 ccm, 78 cv<br \/>\n1.4 (225BXA1A, 225BXF1A), A\u00f1o 11.2007 &#8211; &#8230;, 1360 ccm, 73 cv<br \/>\n1.4 Natural Power (225BXC1A, 225AXC1A), A\u00f1o 06.2008 &#8211; &#8230;, 1368 ccm, 78 cv<br \/>\nFIAT Qubo (225)<br \/>\n1.3 D Multijet (225AXE1A, 225CXE1A, 225AXH1A, 225AXL1A,&#8230;, A\u00f1o 07.2010 &#8211; &#8230;, 1248 ccm, 95 cv<br \/>\n1.3 D Multijet (225AXG1A, 225CXG1A, 225AXG11, 225CXG11), A\u00f1o 03.2015 &#8211; &#8230;, 1248 ccm, 80 cv<br \/>\n1.3 D Multijet (225CXB1A, 225AXB1A, 225CXB11, 225AXB11,&#8230;, A\u00f1o 02.2008 &#8211; &#8230;, 1248 ccm, 75 cv<br \/>\n1.4 (225AXA1A), A\u00f1o 02.2008 &#8211; &#8230;, 1360 ccm, 73 cv<br \/>\n1.4 Natural Power (225AXC1A), A\u00f1o 10.2009 &#8211; &#8230;, 1368 ccm, 78 cv<br \/>\nFIAT Punto Evo Hatchback (199)<br \/>\n1.2, A\u00f1o 10.2009 &#8211; 02.2012, 1242 ccm, 65 cv<br \/>\n1.2, A\u00f1o 10.2009 &#8211; 02.2012, 1242 ccm, 69 cv<br \/>\n1.3 D Multijet, A\u00f1o 07.2008 &#8211; 02.2012, 1248 ccm, 69 cv<br \/>\n1.3 D Multijet, A\u00f1o 10.2009 &#8211; 02.2012, 1248 ccm, 84 cv<br \/>\n1.3 D Multijet, A\u00f1o 10.2009 &#8211; 02.2012, 1248 ccm, 95 cv<br \/>\n1.3 D Multijet (199AXC1A, 199BXC1A, 199AXT1A, 199BXT1A), A\u00f1o 10.2009 &#8211; 02.2012, 1248 ccm, 75 cv<br \/>\n1.3 D Multijet (199AXD1B, 199AXD1A, 199BXD1B, 199BXD1A,&#8230;, A\u00f1o 10.2009 &#8211; 02.2012, 1248 ccm, 90 cv<br \/>\n1.3 D Multijet (199BXC1A), A\u00f1o 09.2010 &#8211; &#8230;, 1248 ccm, 76 cv<br \/>\n1.4 (199AXB1A), A\u00f1o 10.2009 &#8211; 02.2012, 1368 ccm, 77 cv<br \/>\n1.4 (199AXH1A), A\u00f1o 07.2009 &#8211; 02.2012, 1368 ccm, 75 cv<br \/>\n1.4 16V, A\u00f1o 10.2009 &#8211; 02.2012, 1368 ccm, 105 cv<br \/>\n1.4 16V (199AXW1A), A\u00f1o 10.2009 &#8211; 02.2012, 1368 ccm, 135 cv<br \/>\n1.4 LPG, A\u00f1o 06.2009 &#8211; 02.2012, 1368 ccm, 78 cv<br \/>\n1.4 Natural Power, A\u00f1o 10.2009 &#8211; 02.2012, 1368 ccm, 78 cv<br \/>\n1.6 D Multijet, A\u00f1o 10.2009 &#8211; 02.2012, 1598 ccm, 120 cv<br \/>\nFIAT Doblo II (263)<br \/>\n1.3 D Multijet, A\u00f1o 11.2013 &#8211; &#8230;, 1248 ccm, 75 cv<br \/>\n1.3 D Multijet, A\u00f1o 02.2010 &#8211; &#8230;, 1248 ccm, 90 cv<br \/>\n1.3 D Multijet (263WXU1A, 263ZXU1A, 263WYB1A, 263ZYB1A), A\u00f1o 03.2016 &#8211; &#8230;, 1248 ccm, 95 cv<br \/>\n1.3 D Multijet (263ZXT1A, 263WXT1A, 263ZYA1A, 263WYA1A), A\u00f1o 03.2016 &#8211; &#8230;, 1248 ccm, 80 cv<br \/>\n1.4, A\u00f1o 02.2010 &#8211; &#8230;, 1368 ccm, 95 cv<br \/>\n1.4, A\u00f1o 10.2011 &#8211; &#8230;, 1368 ccm, 120 cv<br \/>\n1.4 Natural Power, A\u00f1o 06.2010 &#8211; &#8230;, 1368 ccm, 120 cv<br \/>\n1.6 D Multijet, A\u00f1o 02.2010 &#8211; &#8230;, 1598 ccm, 90 cv<br \/>\n1.6 D Multijet (263WXD1B, 263WXR1B, 263WXX1B, 263ZXD1B,&#8230;, A\u00f1o 02.2010 &#8211; &#8230;, 1598 ccm, 105 cv<br \/>\n1.6 D Multijet (263WXN1B, 263ZXN1B, 263ZXV1B, 263WXV1B), A\u00f1o 02.2016 &#8211; &#8230;, 1598 ccm, 120 cv<br \/>\n1.6 D Multijet (263ZXE1B, 263ZXS1B, 263ZXY1B, 263WXE1B,&#8230;, A\u00f1o 02.2010 &#8211; &#8230;, 1598 ccm, 100 cv<br \/>\n2.0 D Multijet, A\u00f1o 02.2010 &#8211; &#8230;, 1956 ccm, 135 cv<br \/>\nFIAT Punto III Hatchback (199)<br \/>\n0.9, A\u00f1o 12.2013 &#8211; &#8230;, 875 ccm, 101 cv<br \/>\n0.9, A\u00f1o 07.2013 &#8211; &#8230;, 875 ccm, 105 cv<br \/>\n0.9 Twinair Turbo, A\u00f1o 03.2012 &#8211; &#8230;, 875 ccm, 86 cv<br \/>\n1.2 (199AXZ1A, 199BXZ1A), A\u00f1o 03.2012 &#8211; &#8230;, 1242 ccm, 69 cv<br \/>\n1.2 (199AYL1A, 199BYL1A), A\u00f1o 02.2014 &#8211; &#8230;, 1242 ccm, 67 cv<br \/>\n1.3 D Multijet, A\u00f1o 03.2012 &#8211; &#8230;, 1248 ccm, 75 cv<br \/>\n1.3 D Multijet, A\u00f1o 12.2013 &#8211; &#8230;, 1248 ccm, 80 cv<br \/>\n1.3 D Multijet, A\u00f1o 03.2012 &#8211; &#8230;, 1248 ccm, 84 cv<br \/>\n1.3 D Multijet, A\u00f1o 03.2012 &#8211; &#8230;, 1248 ccm, 95 cv<br \/>\n1.3 JTD Multijet (199.AYR1A, 199.BYR1A), A\u00f1o 05.2018 &#8211; &#8230;, 1248 ccm, 90 cv<br \/>\n1.4 (199AXB1A, 199BXB1A, 199BXB11, 199AXB11), A\u00f1o 03.2012 &#8211; &#8230;, 1368 ccm, 78 cv<br \/>\n1.4 (199AXH1A, 199BXH1A), A\u00f1o 03.2012 &#8211; &#8230;, 1368 ccm, 75 cv<br \/>\n1.4 Bifuel, A\u00f1o 03.2012 &#8211; &#8230;, 1368 ccm, 78 cv<br \/>\n1.4 Multi Air, A\u00f1o 03.2012 &#8211; &#8230;, 1368 ccm, 105 cv<br \/>\n1.4 Natural Power, A\u00f1o 03.2012 &#8211; &#8230;, 1368 ccm, 78 cv<br \/>\n1.4 Turbo Multi Air, A\u00f1o 03.2012 &#8211; &#8230;, 1368 ccm, 135 cv<\/p>\n<p>ALFA ROMEO MiTo (955)<br \/>\n0.9 TwinAir (955.AXW1B), A\u00f1o 07.2011 &#8211; 12.2013, 875 ccm, 86 cv<br \/>\n0.9 TwinAir (955AXY1B), A\u00f1o 04.2013 &#8211; 08.2018, 875 ccm, 105 cv<br \/>\n1.3 MultiJet (955AXH1B, 955AXT1A), A\u00f1o 08.2008 &#8211; 08.2010, 1248 ccm, 90 cv<br \/>\n1.3 MultiJet (955AXP1A, 955AYC1A), A\u00f1o 09.2009 &#8211; 10.2018, 1248 ccm, 95 cv<br \/>\n1.3 MultiJet (955AXT1A), A\u00f1o 01.2011 &#8211; 12.2015, 1248 ccm, 84 cv<br \/>\n1.3 MultiJet (955AXT1A, 955AYA1A), A\u00f1o 12.2013 &#8211; 12.2015, 1248 ccm, 80 cv<br \/>\n1.4 (955.AXB1B, 955.AXU1A), A\u00f1o 03.2011 &#8211; 10.2018, 1368 ccm, 78 cv<br \/>\n1.4 (955AXB1B), A\u00f1o 08.2008 &#8211; 08.2013, 1368 ccm, 78 cv<br \/>\n1.4 (955AXB1B, 955.AXF1B), A\u00f1o 09.2008 &#8211; 08.2013, 1368 ccm, 95 cv<br \/>\n1.4 (955AXV1A), A\u00f1o 05.2011 &#8211; 10.2018, 1368 ccm, 69 cv<br \/>\n1.4 Bifuel (955.AXG1A), A\u00f1o 04.2016 &#8211; 10.2018, 1368 ccm, 120 cv<br \/>\n1.4 Bifuel (955AXG1A), A\u00f1o 01.2009 &#8211; 08.2016, 1368 ccm, 120 cv<br \/>\n1.4 MultiAir (955AXL1B), A\u00f1o 09.2009 &#8211; 08.2013, 1368 ccm, 105 cv<br \/>\n1.4 MultiAir (955AXN1B), A\u00f1o 09.2009 &#8211; 10.2018, 1368 ccm, 170 cv<br \/>\n1.4 TB (955.AYB11, 955.AXB1B), A\u00f1o 12.2013 &#8211; 10.2018, 1368 ccm, 140 cv<br \/>\n1.4 TJet (955AXA1B), A\u00f1o 08.2008 &#8211; 06.2011, 1368 ccm, 155 cv<br \/>\n1.4 TJet (955AXD1B), A\u00f1o 09.2008 &#8211; 06.2011, 1368 ccm, 150 cv<br \/>\n1.4 TJet (955AXG1A), A\u00f1o 08.2008 &#8211; 08.2013, 1368 ccm, 120 cv<br \/>\n1.4 Turbo MultiAir (955AXM1A, 955AXR11), A\u00f1o 10.2009 &#8211; 12.2014, 1368 ccm, 135 cv<br \/>\n1.4 Turbo MultiAir (955AXS1B, 955AXS11), A\u00f1o 10.2009 &#8211; 10.2018, 1368 ccm, 163 cv<br \/>\n1.6 JTDM (955AXC1B), A\u00f1o 08.2008 &#8211; 08.2015, 1598 ccm, 120 cv<br \/>\n1.6 JTDM (955AXE1B), A\u00f1o 08.2008 &#8211; 08.2015, 1598 ccm, 115 cv<\/p>\n<p>CITRO\u00cbN Nemo<br \/>\n1.3 BlueHDi 80, A\u00f1o 02.2016 &#8211; &#8230;, 1248 ccm, 80 cv<br \/>\n1.3 HDi 75, A\u00f1o 10.2010 &#8211; &#8230;, 1248 ccm, 75 cv<br \/>\n1.4, A\u00f1o 02.2008 &#8211; &#8230;, 1360 ccm, 73 cv<br \/>\n1.4 HDi, A\u00f1o 02.2008 &#8211; &#8230;, 1398 ccm, 68 cv<\/p>\n<p>PEUGEOT Bipper<br \/>\n1.3 HDi 75, A\u00f1o 10.2010 &#8211; &#8230;, 1248 ccm, 75 cv<br \/>\n1.3 HDi 80 \/ BlueHDi 80, A\u00f1o 12.2015 &#8211; &#8230;, 1248 ccm, 80 cv<br \/>\n1.4, A\u00f1o 02.2008 &#8211; &#8230;, 1360 ccm, 73 cv<br \/>\n1.4 HDi, A\u00f1o 02.2008 &#8211; &#8230;, 1398 ccm, 68 cv<\/p>\n<p>HYUNDAI Sonata V (NF)<br \/>\n2.0 CRDi, A\u00f1o 02.2006 &#8211; 12.2010, 1991 ccm, 140 cv<\/p>\n<p>LA PIEZA ES NUEVA Y ORIGINAL.<\/p>\n","protected":false},"excerpt":{"rendered":"<p>Filtro de polen de: Longitud: 265 mm Ancho: 219 mm Altura: 21 mm FIAT Grande Punto Hatchback (199) 1.2, A\u00f1o 10.2005 &#8211; &#8230;, 1242 ccm, 65 cv 1.2, A\u00f1o 09.2010 &#8211; &#8230;, 1242 ccm, 69 cv 1.2 LPG (199BXA1A, 199AXA1A), A\u00f1o 06.2008 &#8211; 12.2012, 1242 ccm, 69 cv 1.3 D Multijet, A\u00f1o 07.2008 &#8211; &#8230;, [&hellip;]<\/p>\n","protected":false},"featured_media":80220,"template":"","meta":{"_seopress_robots_primary_cat":"","_seopress_titles_title":"","_seopress_titles_desc":"","_seopress_robots_index":""},"product_cat":[16,154,23,87,20,91,92,271,94,47,139,24,101,346,305],"product_tag":[],"class_list":{"0":"post-3906","1":"product","2":"type-product","3":"status-publish","4":"has-post-thumbnail","6":"product_cat-recambios-alfa-romeo","7":"product_cat-recambios-peugeot-bipper","8":"product_cat-recambios-citroen","9":"product_cat-recambios-fiat-doblo","10":"product_cat-recambios-fiat","11":"product_cat-recambios-fiat-fiorino","12":"product_cat-recambios-fiat-grande-punto","13":"product_cat-recambios-hyundai","14":"product_cat-recambios-fiat-linea","15":"product_cat-recambios-alfa-romeo-mito","16":"product_cat-recambios-citroen-nemo","17":"product_cat-recambios-peugeot","18":"product_cat-recambios-fiat-punto","19":"product_cat-recambios-fiat-qubo","20":"product_cat-recambios-hyundai-sonata","22":"first","23":"instock","24":"taxable","25":"shipping-taxable","26":"purchasable","27":"product-type-simple"},"_links":{"self":[{"href":"https:\/\/galicianparts.com\/shop\/wp-json\/wp\/v2\/product\/3906"}],"collection":[{"href":"https:\/\/galicianparts.com\/shop\/wp-json\/wp\/v2\/product"}],"about":[{"href":"https:\/\/galicianparts.com\/shop\/wp-json\/wp\/v2\/types\/product"}],"wp:featuredmedia":[{"embeddable":true,"href":"https:\/\/galicianparts.com\/shop\/wp-json\/wp\/v2\/media\/80220"}],"wp:attachment":[{"href":"https:\/\/galicianparts.com\/shop\/wp-json\/wp\/v2\/media?parent=3906"}],"wp:term":[{"taxonomy":"product_cat","embeddable":true,"href":"https:\/\/galicianparts.com\/shop\/wp-json\/wp\/v2\/product_cat?post=3906"},{"taxonomy":"product_tag","embeddable":true,"href":"https:\/\/galicianparts.com\/shop\/wp-json\/wp\/v2\/product_tag?post=3906"}],"curies":[{"name":"wp","href":"https:\/\/api.w.org\/{rel}","templated":true}]}}