{"id":39419,"date":"2022-02-10T10:31:42","date_gmt":"2022-02-10T08:31:42","guid":{"rendered":"https:\/\/galicianparts.com\/shop\/producto\/9945739-reloj-cuentakilometros-fiat-punto-sx-1995-1997-original\/"},"modified":"2022-02-10T10:38:56","modified_gmt":"2022-02-10T08:38:56","slug":"9945739-reloj-cuentakilometros-fiat-punto-sx-1995-1997-original","status":"publish","type":"product","link":"https:\/\/galicianparts.com\/shop\/producto\/9945739-reloj-cuentakilometros-fiat-punto-sx-1995-1997-original\/","title":{"rendered":"9945739 Reloj cuentakil\u00f3metros Fiat Punto SX (1995-1997) ORIGINAL"},"content":{"rendered":"<p>Veloc\u00edmetro con el pl\u00e1stico transparente trasero roto, como se ve en las im\u00e1genes, a causa de mal almacenaje de:<br \/>\nFIAT &#8211; NV PUNTO \u00abSX\u00bb (1995-1997) 1.1 SPI 176A6000 \/ 1.2 SPI 176A7000 \/ 1.1 SPI 176B2000<\/p>\n<p>LA PIEZA ES NUEVA Y ORIGINAL.<\/p>\n","protected":false},"excerpt":{"rendered":"<p>Veloc\u00edmetro con el pl\u00e1stico transparente trasero roto, como se ve en las im\u00e1genes, a causa de mal almacenaje de: FIAT &#8211; NV PUNTO \u00abSX\u00bb (1995-1997) 1.1 SPI 176A6000 \/ 1.2 SPI 176A7000 \/ 1.1 SPI 176B2000 LA PIEZA ES NUEVA Y ORIGINAL.<\/p>\n","protected":false},"featured_media":39422,"template":"","meta":{"_seopress_robots_primary_cat":"","_seopress_titles_title":"","_seopress_titles_desc":"","_seopress_robots_index":""},"product_cat":[20,101],"product_tag":[],"class_list":{"0":"post-39419","1":"product","2":"type-product","3":"status-publish","4":"has-post-thumbnail","6":"product_cat-recambios-fiat","7":"product_cat-recambios-fiat-punto","9":"first","10":"instock","11":"taxable","12":"shipping-taxable","13":"purchasable","14":"product-type-simple"},"_links":{"self":[{"href":"https:\/\/galicianparts.com\/shop\/wp-json\/wp\/v2\/product\/39419"}],"collection":[{"href":"https:\/\/galicianparts.com\/shop\/wp-json\/wp\/v2\/product"}],"about":[{"href":"https:\/\/galicianparts.com\/shop\/wp-json\/wp\/v2\/types\/product"}],"wp:featuredmedia":[{"embeddable":true,"href":"https:\/\/galicianparts.com\/shop\/wp-json\/wp\/v2\/media\/39422"}],"wp:attachment":[{"href":"https:\/\/galicianparts.com\/shop\/wp-json\/wp\/v2\/media?parent=39419"}],"wp:term":[{"taxonomy":"product_cat","embeddable":true,"href":"https:\/\/galicianparts.com\/shop\/wp-json\/wp\/v2\/product_cat?post=39419"},{"taxonomy":"product_tag","embeddable":true,"href":"https:\/\/galicianparts.com\/shop\/wp-json\/wp\/v2\/product_tag?post=39419"}],"curies":[{"name":"wp","href":"https:\/\/api.w.org\/{rel}","templated":true}]}}