{"id":40506,"date":"2022-02-24T10:42:00","date_gmt":"2022-02-24T08:42:00","guid":{"rendered":"https:\/\/galicianparts.com\/shop\/producto\/9464383688-capuchon-homocinetica-palier-fiat-ducato-94-06-citroen-jumper-peugeot-boxer-original\/"},"modified":"2022-02-24T10:47:28","modified_gmt":"2022-02-24T08:47:28","slug":"9464383688-capuchon-homocinetica-palier-fiat-ducato-94-06-citroen-jumper-peugeot-boxer-original","status":"publish","type":"product","link":"https:\/\/galicianparts.com\/shop\/producto\/9464383688-capuchon-homocinetica-palier-fiat-ducato-94-06-citroen-jumper-peugeot-boxer-original\/","title":{"rendered":"9464383688 Capuch\u00f3n homocin\u00e9tica palier Fiat Ducato (94-06) Citroen Jumper \/ Peugeot Boxer ORIGINAL"},"content":{"rendered":"<p>Kit de capuch\u00f3n de la homocin\u00e9tica de los semiejes de la transmisi\u00f3n de:<br \/>\nDi\u00e1metro homocin\u00e9tica: 111mm<br \/>\nDi\u00e1metro barra: 34,5mm<br \/>\nAltura: 167<\/p>\n<p>FIAT PROFESSIONAL &#8211; PD DUCATO &#8217;94 GASOLINA (1994-2002) CON CAPACIDAD 18Q<br \/>\nFIAT PROFESSIONAL &#8211; 2E DUCATO RESTYL. (2001-2006) CON CAPACIDAD 18Q \/ 2000 BZ MPI CF3 \/ 2000 GASOLINA MPI CF3 DECAT.<br \/>\nFIAT PROFESSIONAL &#8211; 2E DUCATO RESTYL. (2001-2006) CON CAPACIDAD 18Q \/ 2300\u00a0JTD \/ 2300\u00a0JTD\u00a0EGR \/ 2800 JTD \/ 2800 JTD EGR \/ 2800\u00a0JTD\u00a0CGV \/ 2800 TD \/ 2800 TD EGR \/ FURGON P.CORTO L.BAJA 4X2 \/ FURGON P.MEDIO L.BAJA 4X2 \/ FURGON P.MEDIO L.ALTA 4X2 \/ FURGON P.LARGO L.ALTA 4X2 \/ VIDRIADO P.CORTO L.BAJA 4X2<br \/>\nFIAT PROFESSIONAL &#8211; 2E DUCATO RESTYL. (2001-2006) CON CAPACIDAD 18Q CON (VIDRIADO P.MEDIO L.BAJA 4X2 \/ VIDRIADO P.MEDIO L.ALTA4X2 \/ VIDRIADO P.LARGO L.ALTA4X2) \/ 2300\u00a0JTD \/ 2300\u00a0JTD\u00a0EGR \/ 2800 JTD \/ 2800 JTD EGR \/ 2800\u00a0JTD\u00a0CGV \/ 2800 TD \/ 2800 TD EGR<br \/>\nFIAT PROFESSIONAL &#8211; 2E DUCATO RESTYL. (2001-2006) CON CAPACIDAD 18Q CON CABINADO P.CORTO L.BAJA 4X2 \/ CABINADO P.MEDIO L.BAJA 4X2 \/ CABINADO P.LARGO L.BAJA 4X2 \/ DOB. CAB. P.MEDIO L.BAJA 4X2 \/ DOB. CAB. P.LARGO L.BAJA 4X2) \/ 2300\u00a0JTD \/ 2300\u00a0JTD\u00a0EGR \/ 2800 JTD \/ 2800 JTD EGR \/ 2800\u00a0JTD\u00a0CGV \/ 2800 TD \/ 2800 TD EGR<br \/>\nFIAT PROFESSIONAL &#8211; 2E DUCATO RESTYL. BZ\/DS (2001-2006) CON CAPACIDAD 18Q \/ CAMBIO AUTOMATICO<br \/>\nFIAT PROFESSIONAL &#8211; 2E DUCATO RESTYL. BZ\/DS (2001-2006) CAPACIDAD 11 QUINTALES CON PANORAMA DIST.ENTRE EJES COR. LAT.BAJO C.A. AUTONOMY (Q11) \/ CAMBIO AUTOMATICO<br \/>\nFIAT PROFESSIONAL &#8211; PE DUCATO&#8217;94 DIESEL (1994-2002) 2500 DS \/ 2500 TD \/ 2500 TD EGR \/ 2500 TD ECO \/ CON CAPACIDAD 18Q<br \/>\nFIAT PROFESSIONAL &#8211; PE DUCATO&#8217;94 DIESEL (1994-2002) 2800 ASP. \/ 2800 JTD \/ 2800 JTD EGR \/ CON CAPACIDAD 18Q<br \/>\nFIAT PROFESSIONAL &#8211; PE DUCATO&#8217;94 DIESEL (1994-2002) CON CAPACIDAD 18Q \/ CAMBIO AUTOMATICO<br \/>\nCITROEN &#8211; JUMPER<br \/>\nPEUGEOT &#8211; BOXER<\/p>\n<p>LA PIEZA ES NUEVA Y ORIGINAL.<\/p>\n","protected":false},"excerpt":{"rendered":"<p>Kit de capuch\u00f3n de la homocin\u00e9tica de los semiejes de la transmisi\u00f3n de: Di\u00e1metro homocin\u00e9tica: 111mm Di\u00e1metro barra: 34,5mm Altura: 167 FIAT PROFESSIONAL &#8211; PD DUCATO &#8217;94 GASOLINA (1994-2002) CON CAPACIDAD 18Q FIAT PROFESSIONAL &#8211; 2E DUCATO RESTYL. (2001-2006) CON CAPACIDAD 18Q \/ 2000 BZ MPI CF3 \/ 2000 GASOLINA MPI CF3 DECAT. FIAT PROFESSIONAL [&hellip;]<\/p>\n","protected":false},"featured_media":40508,"template":"","meta":{"_seopress_robots_primary_cat":"","_seopress_titles_title":"","_seopress_titles_desc":"","_seopress_robots_index":""},"product_cat":[155,23,88,20,137,24],"product_tag":[],"class_list":{"0":"post-40506","1":"product","2":"type-product","3":"status-publish","4":"has-post-thumbnail","6":"product_cat-recambios-peugeot-boxer","7":"product_cat-recambios-citroen","8":"product_cat-recambios-fiat-ducato","9":"product_cat-recambios-fiat","10":"product_cat-recambios-citroen-jumper","11":"product_cat-recambios-peugeot","13":"first","14":"instock","15":"taxable","16":"shipping-taxable","17":"purchasable","18":"product-type-simple"},"_links":{"self":[{"href":"https:\/\/galicianparts.com\/shop\/wp-json\/wp\/v2\/product\/40506"}],"collection":[{"href":"https:\/\/galicianparts.com\/shop\/wp-json\/wp\/v2\/product"}],"about":[{"href":"https:\/\/galicianparts.com\/shop\/wp-json\/wp\/v2\/types\/product"}],"wp:featuredmedia":[{"embeddable":true,"href":"https:\/\/galicianparts.com\/shop\/wp-json\/wp\/v2\/media\/40508"}],"wp:attachment":[{"href":"https:\/\/galicianparts.com\/shop\/wp-json\/wp\/v2\/media?parent=40506"}],"wp:term":[{"taxonomy":"product_cat","embeddable":true,"href":"https:\/\/galicianparts.com\/shop\/wp-json\/wp\/v2\/product_cat?post=40506"},{"taxonomy":"product_tag","embeddable":true,"href":"https:\/\/galicianparts.com\/shop\/wp-json\/wp\/v2\/product_tag?post=40506"}],"curies":[{"name":"wp","href":"https:\/\/api.w.org\/{rel}","templated":true}]}}