{"id":40642,"date":"2022-02-24T17:39:32","date_gmt":"2022-02-24T15:39:32","guid":{"rendered":"https:\/\/galicianparts.com\/shop\/producto\/5908547-aleron-spoiler-trasero-fiat-cinquecento-nuevo-original-fiat-lineaccessori\/"},"modified":"2022-02-25T13:54:07","modified_gmt":"2022-02-25T11:54:07","slug":"5908547-aleron-spoiler-trasero-fiat-cinquecento-nuevo-original-fiat-lineaccessori","status":"publish","type":"product","link":"https:\/\/galicianparts.com\/shop\/producto\/5908547-aleron-spoiler-trasero-fiat-cinquecento-nuevo-original-fiat-lineaccessori\/","title":{"rendered":"5908547 Aler\u00f3n spoiler trasero Fiat Cinquecento NUEVO ORIGINAL FIAT LINEACCESSORI"},"content":{"rendered":"<p>Aler\u00f3n Zender, spoiler del port\u00f3n del maletero con tercera luz de freno central de Fiat Cinquecento.<\/p>\n<p>LA PIEZA ES NUEVA Y ORIGINAL FIAT LINEACCESSORI<\/p>\n","protected":false},"excerpt":{"rendered":"<p>Aler\u00f3n Zender, spoiler del port\u00f3n del maletero con tercera luz de freno central de Fiat Cinquecento. LA PIEZA ES NUEVA Y ORIGINAL FIAT LINEACCESSORI<\/p>\n","protected":false},"featured_media":40647,"template":"","meta":{"_seopress_robots_primary_cat":"","_seopress_titles_title":"","_seopress_titles_desc":"","_seopress_robots_index":""},"product_cat":[84,20],"product_tag":[],"class_list":{"0":"post-40642","1":"product","2":"type-product","3":"status-publish","4":"has-post-thumbnail","6":"product_cat-recambios-fiat-cinquecento","7":"product_cat-recambios-fiat","9":"first","10":"outofstock","11":"taxable","12":"shipping-taxable","13":"purchasable","14":"product-type-simple"},"_links":{"self":[{"href":"https:\/\/galicianparts.com\/shop\/wp-json\/wp\/v2\/product\/40642"}],"collection":[{"href":"https:\/\/galicianparts.com\/shop\/wp-json\/wp\/v2\/product"}],"about":[{"href":"https:\/\/galicianparts.com\/shop\/wp-json\/wp\/v2\/types\/product"}],"wp:featuredmedia":[{"embeddable":true,"href":"https:\/\/galicianparts.com\/shop\/wp-json\/wp\/v2\/media\/40647"}],"wp:attachment":[{"href":"https:\/\/galicianparts.com\/shop\/wp-json\/wp\/v2\/media?parent=40642"}],"wp:term":[{"taxonomy":"product_cat","embeddable":true,"href":"https:\/\/galicianparts.com\/shop\/wp-json\/wp\/v2\/product_cat?post=40642"},{"taxonomy":"product_tag","embeddable":true,"href":"https:\/\/galicianparts.com\/shop\/wp-json\/wp\/v2\/product_tag?post=40642"}],"curies":[{"name":"wp","href":"https:\/\/api.w.org\/{rel}","templated":true}]}}