{"id":42260,"date":"2022-03-16T11:50:37","date_gmt":"2022-03-16T09:50:37","guid":{"rendered":"https:\/\/galicianparts.com\/shop\/producto\/55187584-junta-catalizador-escape-fiat-grande-punto-alfa-159-brera-spider-original\/"},"modified":"2023-11-23T14:19:52","modified_gmt":"2023-11-23T12:19:52","slug":"55187584-junta-catalizador-escape-fiat-grande-punto-alfa-159-brera-spider-original","status":"publish","type":"product","link":"https:\/\/galicianparts.com\/shop\/producto\/55187584-junta-catalizador-escape-fiat-grande-punto-alfa-159-brera-spider-original\/","title":{"rendered":"55187584 Junta catalizador escape Fiat Grande Punto \/ Alfa 159 \/ Brera \/ Spider ORIGINAL"},"content":{"rendered":"<p>Junta met\u00e1lica del catalizador del tubo de escape de:<br \/>\nDi\u00e1metro interior: 5,58 mm.<br \/>\nDi\u00e1metro exterior: 6,90 mm.<br \/>\nFIAT &#8211; 2T CROMA (2005-2010) 1910\u00a0JTD\u00a0CF4\u00a08V\u00a0115CV\/85KW\u00a0MENOR POTENCIA BELGICA \/ 1900 JTD 8V 120 HP\/88KW \/ 1910\u00a0JTD\u00a0CF4\u00a016V136CV\/100KW\u00a0MENOR POTENCIA BELGICA \/ 1900 JTD 16V  150HP\/110KW \/ 2400 JTD 20V  200HP\/147KW<br \/>\nFIAT &#8211; 2Y GRANDE PUNTO (2005-2008) 1910\u00a0JTD\u00a0CF4\u00a08V\u00a0115CV\/85KW\u00a0MENOR POTENCIA BELGICA \/ 1.9\u00a0JTD\u00a08V\u00a0CF4\u00a0120CV\/88KW \/ 1.9\u00a0JTD\u00a08V\u00a0CF4\u00a0130CV\/95KW<br \/>\nFIAT &#8211; 4C GRANDE PUNTO (2008-2009) 1910<br \/>\nFIAT &#8211; 3B SEDICI (2006-2011) 1910 JTD CF4 8V 120HP 88KW<br \/>\nALFA ROMEO &#8211; X8 159 MY11 (2010-2011) 1858-1910\u00a0CC<br \/>\nALFA ROMEO &#8211; X8 159 MY11 (2010-2011)  SIN DESCUENTO FILTRO ANTIPART\u00cdCULAS (DPF) \/ 2387\u00a0CF4<br \/>\nALFA ROMEO &#8211; X8 159 MY11 (2010-2011) DESCUENTO FILTRO ANTIPART\u00cdCULAS (DPF) \/ 2387\u00a0CF4<br \/>\nALFA ROMEO &#8211; X3 ALFA 159  (2005-2008) 1910\u00a0JTD\u00a0CF4\u00a08V\u00a0115CV\/85KW\u00a0MENOR POTENCIA BELGICA \/ 1.9 JTD 8V E4 \/ 1910JTD\u00a0CF4\u00a016V\u00a0136CV\/100KW\u00a0MENOR POT. BELGICA \/ 1.9 JTD 16V E4<br \/>\nALFA ROMEO &#8211; X3 ALFA 159  (2005-2008) 2.4 JTD 20V E4 \/ 2400 JTD CF4 20V 4X2 210CV 154 KW \/ 2400 JTD CF4 20V 4X4 210CV 154KW<br \/>\nALFA ROMEO &#8211; X9 ALFA 159 (2008-2010)  8 V\u00c1LVULAS \/ 1858-1910\u00a0CC \/ DI\u00c9SEL \/ 16 V\u00c1LVULAS<br \/>\nALFA ROMEO &#8211; X9 ALFA 159 (2008-2010)  2387\u00a0CF4 \/ 200\u00a0CV \/ 210\u00a0CV\u00a0\u00a0\u00a02.4\u00a0JTD\u00a0CF4 \/ 2 RUEDAS MOTRICES \/ 4 RUEDAS MOTRICES<br \/>\nALFA ROMEO &#8211; X4 BRERA COUPE&#8217; (2005-2008) 2.4 JTD 20V CF4 200CV\/147 KW \/ 2400\u00a0JTD\u00a0CF4\u00a020V\u00a04X2\u00a0210CV\/\u00a0154KW<br \/>\nALFA ROMEO &#8211; 12 BRERA COUPE&#8217; M.Y. (2008-2010) DA DEFIN.(2300~2399)<br \/>\nALFA ROMEO &#8211; X5 NUOVO SPIDER (2006-2008) 2.4\u00a0JTD\u00a020V\u00a0CF4\u00a0200CV\/147KW<br \/>\nALFA ROMEO &#8211; 13 NUOVO SPIDER M.Y. (2008-2010) DA DEFIN.(2300~2399)<\/p>\n<p>LA PIEZA ES NUEVA Y ORIGINAL.<\/p>\n","protected":false},"excerpt":{"rendered":"<p>Junta met\u00e1lica del catalizador del tubo de escape de: Di\u00e1metro interior: 5,58 mm. Di\u00e1metro exterior: 6,90 mm. FIAT &#8211; 2T CROMA (2005-2010) 1910\u00a0JTD\u00a0CF4\u00a08V\u00a0115CV\/85KW\u00a0MENOR POTENCIA BELGICA \/ 1900 JTD 8V 120 HP\/88KW \/ 1910\u00a0JTD\u00a0CF4\u00a016V136CV\/100KW\u00a0MENOR POTENCIA BELGICA \/ 1900 JTD 16V 150HP\/110KW \/ 2400 JTD 20V 200HP\/147KW FIAT &#8211; 2Y GRANDE PUNTO (2005-2008) 1910\u00a0JTD\u00a0CF4\u00a08V\u00a0115CV\/85KW\u00a0MENOR POTENCIA BELGICA \/ [&hellip;]<\/p>\n","protected":false},"featured_media":42261,"template":"","meta":{"_seopress_robots_primary_cat":"","_seopress_titles_title":"","_seopress_titles_desc":"","_seopress_robots_index":""},"product_cat":[51,16,52,86,20,92,105,56],"product_tag":[],"class_list":{"0":"post-42260","1":"product","2":"type-product","3":"status-publish","4":"has-post-thumbnail","6":"product_cat-recambios-alfa-romeo-159","7":"product_cat-recambios-alfa-romeo","8":"product_cat-recambios-alfa-romeo-brera","9":"product_cat-recambios-fiat-croma","10":"product_cat-recambios-fiat","11":"product_cat-recambios-fiat-grande-punto","12":"product_cat-recambios-fiat-sedici","13":"product_cat-recambios-alfa-romeo-spider","15":"first","16":"outofstock","17":"taxable","18":"shipping-taxable","19":"purchasable","20":"product-type-simple"},"_links":{"self":[{"href":"https:\/\/galicianparts.com\/shop\/wp-json\/wp\/v2\/product\/42260"}],"collection":[{"href":"https:\/\/galicianparts.com\/shop\/wp-json\/wp\/v2\/product"}],"about":[{"href":"https:\/\/galicianparts.com\/shop\/wp-json\/wp\/v2\/types\/product"}],"wp:featuredmedia":[{"embeddable":true,"href":"https:\/\/galicianparts.com\/shop\/wp-json\/wp\/v2\/media\/42261"}],"wp:attachment":[{"href":"https:\/\/galicianparts.com\/shop\/wp-json\/wp\/v2\/media?parent=42260"}],"wp:term":[{"taxonomy":"product_cat","embeddable":true,"href":"https:\/\/galicianparts.com\/shop\/wp-json\/wp\/v2\/product_cat?post=42260"},{"taxonomy":"product_tag","embeddable":true,"href":"https:\/\/galicianparts.com\/shop\/wp-json\/wp\/v2\/product_tag?post=42260"}],"curies":[{"name":"wp","href":"https:\/\/api.w.org\/{rel}","templated":true}]}}