{"id":4245,"date":"2020-09-29T13:54:04","date_gmt":"2020-09-29T11:54:04","guid":{"rendered":"https:\/\/galicianparts.com\/shop\/producto\/71739929-correa-auxiliar-fiat-citroen-peugeot-seat-original\/"},"modified":"2024-08-12T08:59:47","modified_gmt":"2024-08-12T06:59:47","slug":"71739929-correa-auxiliar-fiat-citroen-peugeot-seat-original","status":"publish","type":"product","link":"https:\/\/galicianparts.com\/shop\/producto\/71739929-correa-auxiliar-fiat-citroen-peugeot-seat-original\/","title":{"rendered":"71739929 Correa auxiliar Fiat Ducato \/Citro\u00ebn \/Peugeot \/Seat Altea \/Toledo \/Le\u00f3n ORIGINAL"},"content":{"rendered":"<p>Correa de instrumentos de:<br \/>\nAncho: 21,4 mm<br \/>\nLongitud: 948 mm<br \/>\nN\u00ba de nervaturas: 6<\/p>\n<p>FIAT Ducato II (230L)<br \/>\n2.8 D, A\u00f1o 05.1998 &#8211; 04.2002, 2800 ccm, 87 cv<br \/>\n2.8 D 4&#215;4, A\u00f1o 08.1998 &#8211; 04.2002, 2800 ccm, 87 cv<br \/>\n2.8 JTD, A\u00f1o 11.2000 &#8211; 04.2002, 2798 ccm, 128 cv<br \/>\n2.8 JTD 4&#215;4, A\u00f1o 11.2000 &#8211; 04.2002, 2798 ccm, 128 cv<br \/>\n2.8 TD 4&#215;4, A\u00f1o 05.1998 &#8211; 09.2001, 2799 ccm, 122 cv<br \/>\n2.8 TDI, A\u00f1o 10.1997 &#8211; 04.2002, 2800 ccm, 122 cv<br \/>\n2.8 TDI 4&#215;4, A\u00f1o 06.1999 &#8211; 04.2002, 2800 ccm, 122 cv<br \/>\nFIAT Ducato II Cami\u00f3n de plataforma\/Chasis (244)<br \/>\n2.8 JTD, A\u00f1o 11.2003 &#8211; 07.2006, 2799 ccm, 122 cv<br \/>\n2.8 JTD, A\u00f1o 12.2001 &#8211; 07.2006, 2798 ccm, 128 cv<br \/>\n2.8 JTD 4&#215;4, A\u00f1o 11.2003 &#8211; 07.2006, 2799 ccm, 122 cv<br \/>\n2.8 JTD 4&#215;4, A\u00f1o 12.2001 &#8211; 07.2006, 2798 ccm, 128 cv<br \/>\n2.8 JTD Power, A\u00f1o 04.2004 &#8211; 07.2006, 2800 ccm, 146 cv<\/p>\n<p>CITRO\u00cbN Jumper I (230)<br \/>\n2.8 D, A\u00f1o 01.1999 &#8211; 02.2002, 2798 ccm, 87 cv<br \/>\n2.8 HDi, A\u00f1o 09.2000 &#8211; 04.2002, 2798 ccm, 128 cv<br \/>\n2.8 HDi 4&#215;4, A\u00f1o 09.2000 &#8211; 04.2002, 2798 ccm, 128 cv<br \/>\nCITRO\u00cbN Jumper I Cami\u00f3n de plataforma\/Chasis (244)<br \/>\n2.8 HDi, A\u00f1o 04.2002 &#8211; &#8230;, 2798 ccm, 128 cv<br \/>\n2.8 HDi, A\u00f1o 05.2004 &#8211; 06.2006, 2798 ccm, 146 cv<br \/>\n2.8 HDi 4&#215;4, A\u00f1o 02.2002 &#8211; 06.2006, 2798 ccm, 128 cv<\/p>\n<p>PEUGEOT Boxer (230)<br \/>\n2.8 D, A\u00f1o 01.1999 &#8211; 02.2002, 2798 ccm, 87 cv<br \/>\n2.8 DTiC, A\u00f1o 10.1997 &#8211; 09.2000, 2798 ccm, 122 cv<br \/>\n2.8 HDi, A\u00f1o 10.2000 &#8211; 11.2001, 2798 ccm, 126 cv<br \/>\n2.8 HDI, A\u00f1o 11.2000 &#8211; 04.2002, 2798 ccm, 128 cv<br \/>\n2.8 HDi 4&#215;4, A\u00f1o 10.2000 &#8211; 11.2001, 2798 ccm, 126 cv<br \/>\n2.8 HDi 4&#215;4, A\u00f1o 10.2000 &#8211; 04.2002, 2798 ccm, 128 cv<br \/>\nPEUGEOT Boxer (244)<br \/>\n2.8 HDi, A\u00f1o 03.2002 &#8211; 08.2005, 2798 ccm, 122 cv<br \/>\n2.8 HDi, A\u00f1o 12.2001 &#8211; 06.2006, 2798 ccm, 128 cv<br \/>\n2.8 HDi, A\u00f1o 04.2004 &#8211; &#8230;, 2798 ccm, 145 cv<br \/>\n2.8 HDi 4&#215;4, A\u00f1o 12.2001 &#8211; 06.2006, 2798 ccm, 128 cv<br \/>\nPEUGEOT Boxer (244)<br \/>\n2.8 HDi, A\u00f1o 03.2002 &#8211; 08.2005, 2798 ccm, 122 cv<br \/>\n2.8 HDi, A\u00f1o 09.2005 &#8211; 09.2009, 2798 ccm, 126 cv<br \/>\n2.8 HDi, A\u00f1o 12.2001 &#8211; 06.2006, 2798 ccm, 128 cv<br \/>\n2.8 HDi, A\u00f1o 04.2004 &#8211; &#8230;, 2798 ccm, 146 cv<br \/>\n2.8 HDi 4&#215;4, A\u00f1o 12.2001 &#8211; 06.2006, 2798 ccm, 128 cv<br \/>\n2.8 HDi 4&#215;4, A\u00f1o 12.2001 &#8211; 06.2006, 2798 ccm, 128 cv<br \/>\nPEUGEOT Boxer Furg\u00f3n (250)<br \/>\n2.8 HDi, A\u00f1o 09.2005 &#8211; 09.2009, 2798 ccm, 127 cv<\/p>\n<p>SEAT Altea (5P1)<br \/>\n1.9 TDI, A\u00f1o 08.2009 &#8211; &#8230;, 1896 ccm, 90 cv<br \/>\n1.9 TDI, A\u00f1o 04.2004 &#8211; &#8230;, 1896 ccm, 105 cv<br \/>\n2.0 TDI, A\u00f1o 03.2004 &#8211; 05.2009, 1968 ccm, 136 cv<br \/>\n2.0 TDI, A\u00f1o 11.2005 &#8211; &#8230;, 1968 ccm, 140 cv<br \/>\n2.0 TDI, A\u00f1o 03.2006 &#8211; &#8230;, 1968 ccm, 170 cv<br \/>\n2.0 TDI 16V, A\u00f1o 03.2004 &#8211; &#8230;, 1968 ccm, 140 cv<br \/>\nSEAT Toledo III (5P2)<br \/>\n1.9 TDI, A\u00f1o 10.2004 &#8211; 05.2009, 1896 ccm, 105 cv<br \/>\n2.0 TDI, A\u00f1o 09.2004 &#8211; 05.2009, 1968 ccm, 136 cv<br \/>\n2.0 TDI, A\u00f1o 11.2005 &#8211; 05.2009, 1968 ccm, 140 cv<br \/>\n2.0 TDI, A\u00f1o 01.2006 &#8211; 05.2009, 1968 ccm, 170 cv<br \/>\n2.0 TDI 16V, A\u00f1o 04.2004 &#8211; 05.2009, 1968 ccm, 140 cv<br \/>\nSEAT Leon II Hatchback (1P1)<br \/>\n1.9 TDI, A\u00f1o 06.2007 &#8211; 12.2010, 1896 ccm, 90 cv<br \/>\n1.9 TDI, A\u00f1o 07.2005 &#8211; 12.2010, 1896 ccm, 105 cv<br \/>\n2.0 TDI, A\u00f1o 07.2005 &#8211; 05.2010, 1968 ccm, 136 cv<br \/>\n2.0 TDI, A\u00f1o 10.2005 &#8211; 10.2010, 1968 ccm, 140 cv<br \/>\n2.0 TDI, A\u00f1o 05.2006 &#8211; 12.2012, 1968 ccm, 170 cv<br \/>\n2.0 TDI 16V, A\u00f1o 07.2005 &#8211; 12.2012, 1968 ccm, 140 cv<br \/>\nSEAT Altea XL (5P5, 5P8)<br \/>\n1.9 TDI, A\u00f1o 08.2009 &#8211; &#8230;, 1896 ccm, 90 cv<br \/>\n1.9 TDI, A\u00f1o 10.2006 &#8211; &#8230;, 1896 ccm, 105 cv<br \/>\n1.9 TDI 4&#215;4, A\u00f1o 06.2009 &#8211; 12.2010, 1896 ccm, 105 cv<br \/>\n2.0 TDI, A\u00f1o 11.2006 &#8211; 03.2009, 1968 ccm, 136 cv<br \/>\n2.0 TDI, A\u00f1o 10.2006 &#8211; &#8230;, 1968 ccm, 140 cv<br \/>\n2.0 TDI, A\u00f1o 06.2007 &#8211; &#8230;, 1968 ccm, 170 cv<br \/>\n2.0 TDI 16V, A\u00f1o 10.2006 &#8211; &#8230;, 1968 ccm, 140 cv<br \/>\n2.0 TDI 4&#215;4, A\u00f1o 06.2007 &#8211; &#8230;, 1968 ccm, 140 cv<br \/>\n2.0 TDI 4&#215;4, A\u00f1o 06.2007 &#8211; &#8230;, 1968 ccm, 170 cv<\/p>\n<p>LA PIEZA ES NUEVA Y ORIGINAL.<\/p>\n","protected":false},"excerpt":{"rendered":"<p>Correa de instrumentos de: Ancho: 21,4 mm Longitud: 948 mm N\u00ba de nervaturas: 6 FIAT Ducato II (230L) 2.8 D, A\u00f1o 05.1998 &#8211; 04.2002, 2800 ccm, 87 cv 2.8 D 4&#215;4, A\u00f1o 08.1998 &#8211; 04.2002, 2800 ccm, 87 cv 2.8 JTD, A\u00f1o 11.2000 &#8211; 04.2002, 2798 ccm, 128 cv 2.8 JTD 4&#215;4, A\u00f1o 11.2000 &#8211; [&hellip;]<\/p>\n","protected":false},"featured_media":80674,"template":"","meta":{"_seopress_robots_primary_cat":"","_seopress_titles_title":"","_seopress_titles_desc":"","_seopress_robots_index":""},"product_cat":[161,155,23,88,20,137,163,24,26,166],"product_tag":[],"class_list":{"0":"post-4245","1":"product","2":"type-product","3":"status-publish","4":"has-post-thumbnail","6":"product_cat-recambios-seat-altea","7":"product_cat-recambios-peugeot-boxer","8":"product_cat-recambios-citroen","9":"product_cat-recambios-fiat-ducato","10":"product_cat-recambios-fiat","11":"product_cat-recambios-citroen-jumper","12":"product_cat-recambios-seat-leon","13":"product_cat-recambios-peugeot","14":"product_cat-recambios-seat","15":"product_cat-recambios-seat-toledo","17":"first","18":"outofstock","19":"taxable","20":"shipping-taxable","21":"purchasable","22":"product-type-simple"},"_links":{"self":[{"href":"https:\/\/galicianparts.com\/shop\/wp-json\/wp\/v2\/product\/4245"}],"collection":[{"href":"https:\/\/galicianparts.com\/shop\/wp-json\/wp\/v2\/product"}],"about":[{"href":"https:\/\/galicianparts.com\/shop\/wp-json\/wp\/v2\/types\/product"}],"wp:featuredmedia":[{"embeddable":true,"href":"https:\/\/galicianparts.com\/shop\/wp-json\/wp\/v2\/media\/80674"}],"wp:attachment":[{"href":"https:\/\/galicianparts.com\/shop\/wp-json\/wp\/v2\/media?parent=4245"}],"wp:term":[{"taxonomy":"product_cat","embeddable":true,"href":"https:\/\/galicianparts.com\/shop\/wp-json\/wp\/v2\/product_cat?post=4245"},{"taxonomy":"product_tag","embeddable":true,"href":"https:\/\/galicianparts.com\/shop\/wp-json\/wp\/v2\/product_tag?post=4245"}],"curies":[{"name":"wp","href":"https:\/\/api.w.org\/{rel}","templated":true}]}}