{"id":42935,"date":"2022-03-23T10:07:11","date_gmt":"2022-03-23T08:07:11","guid":{"rendered":"https:\/\/galicianparts.com\/shop\/producto\/7765947-manguito-recuperacion-deposito-agua-fiat-punto-gt-1993-1999-nuevo-original\/"},"modified":"2022-03-23T10:09:26","modified_gmt":"2022-03-23T08:09:26","slug":"7765947-manguito-recuperacion-deposito-agua-fiat-punto-gt-1993-1999-nuevo-original","status":"publish","type":"product","link":"https:\/\/galicianparts.com\/shop\/producto\/7765947-manguito-recuperacion-deposito-agua-fiat-punto-gt-1993-1999-nuevo-original\/","title":{"rendered":"7765947 Manguito recuperaci\u00f3n dep\u00f3sito agua Fiat Punto GT (1993-1999) NUEVO ORIGINAL"},"content":{"rendered":"<p>Tubo de recuperaci\u00f3n de refrigerante al bote expansor de:<br \/>\nFIAT &#8211; 1A PUNTO BZ. GAMMA &#8217;97 (1997-1999) 1372 MPI TURBO<br \/>\nFIAT &#8211; 1A PUNTO BZ. GAMMA &#8217;97 (1997-1999) AIRE ACONDICIONADO \/ 1372 MPI TURBO<br \/>\nFIAT &#8211; NW PUNTO GT (1993-1997)<br \/>\nFIAT &#8211; NW PUNTO GT (1993-1997) AIRE ACONDICIONADO<\/p>\n<p>LA PIEZA ES NUEVA Y ORIGINAL.<\/p>\n","protected":false},"excerpt":{"rendered":"<p>Tubo de recuperaci\u00f3n de refrigerante al bote expansor de: FIAT &#8211; 1A PUNTO BZ. GAMMA &#8217;97 (1997-1999) 1372 MPI TURBO FIAT &#8211; 1A PUNTO BZ. GAMMA &#8217;97 (1997-1999) AIRE ACONDICIONADO \/ 1372 MPI TURBO FIAT &#8211; NW PUNTO GT (1993-1997) FIAT &#8211; NW PUNTO GT (1993-1997) AIRE ACONDICIONADO LA PIEZA ES NUEVA Y ORIGINAL.<\/p>\n","protected":false},"featured_media":42936,"template":"","meta":{"_seopress_robots_primary_cat":"","_seopress_titles_title":"","_seopress_titles_desc":"","_seopress_robots_index":""},"product_cat":[20,101],"product_tag":[],"class_list":{"0":"post-42935","1":"product","2":"type-product","3":"status-publish","4":"has-post-thumbnail","6":"product_cat-recambios-fiat","7":"product_cat-recambios-fiat-punto","9":"first","10":"instock","11":"taxable","12":"shipping-taxable","13":"purchasable","14":"product-type-simple"},"_links":{"self":[{"href":"https:\/\/galicianparts.com\/shop\/wp-json\/wp\/v2\/product\/42935"}],"collection":[{"href":"https:\/\/galicianparts.com\/shop\/wp-json\/wp\/v2\/product"}],"about":[{"href":"https:\/\/galicianparts.com\/shop\/wp-json\/wp\/v2\/types\/product"}],"wp:featuredmedia":[{"embeddable":true,"href":"https:\/\/galicianparts.com\/shop\/wp-json\/wp\/v2\/media\/42936"}],"wp:attachment":[{"href":"https:\/\/galicianparts.com\/shop\/wp-json\/wp\/v2\/media?parent=42935"}],"wp:term":[{"taxonomy":"product_cat","embeddable":true,"href":"https:\/\/galicianparts.com\/shop\/wp-json\/wp\/v2\/product_cat?post=42935"},{"taxonomy":"product_tag","embeddable":true,"href":"https:\/\/galicianparts.com\/shop\/wp-json\/wp\/v2\/product_tag?post=42935"}],"curies":[{"name":"wp","href":"https:\/\/api.w.org\/{rel}","templated":true}]}}