{"id":43420,"date":"2022-03-30T11:36:42","date_gmt":"2022-03-30T09:36:42","guid":{"rendered":"https:\/\/galicianparts.com\/shop\/producto\/46466640-cableado-ventilador-motor-1-7td-fiat-palio-sw-strada-nuevo-original\/"},"modified":"2022-03-30T11:37:49","modified_gmt":"2022-03-30T09:37:49","slug":"46466640-cableado-ventilador-motor-1-7td-fiat-palio-sw-strada-nuevo-original","status":"publish","type":"product","link":"https:\/\/galicianparts.com\/shop\/producto\/46466640-cableado-ventilador-motor-1-7td-fiat-palio-sw-strada-nuevo-original\/","title":{"rendered":"46466640 Cableado ventilador motor 1.7TD Fiat Palio SW \/Strada NUEVO ORIGINAL"},"content":{"rendered":"<p>Instalaci\u00f3n el\u00e9ctrica del electroventilador de refrigeraci\u00f3n del motor de:<br \/>\nFIAT &#8211; PY PALIO\/WEEKEND EUROPA (1997-2002) 1697 TDS SW<br \/>\nFIAT PROFESSIONAL &#8211; 1G STRADA (1999-2005) 1697 TDS \/ TREKKING ANTERIOR AL  F.L.<\/p>\n<p>LA PIEZA ES NUEVA Y ORIGINAL.<\/p>\n","protected":false},"excerpt":{"rendered":"<p>Instalaci\u00f3n el\u00e9ctrica del electroventilador de refrigeraci\u00f3n del motor de: FIAT &#8211; PY PALIO\/WEEKEND EUROPA (1997-2002) 1697 TDS SW FIAT PROFESSIONAL &#8211; 1G STRADA (1999-2005) 1697 TDS \/ TREKKING ANTERIOR AL F.L. LA PIEZA ES NUEVA Y ORIGINAL.<\/p>\n","protected":false},"featured_media":43424,"template":"","meta":{"_seopress_robots_primary_cat":"","_seopress_titles_title":"","_seopress_titles_desc":"","_seopress_robots_index":""},"product_cat":[20,98,109],"product_tag":[],"class_list":{"0":"post-43420","1":"product","2":"type-product","3":"status-publish","4":"has-post-thumbnail","6":"product_cat-recambios-fiat","7":"product_cat-recambios-fiat-palio","8":"product_cat-recambios-fiat-strada","10":"first","11":"instock","12":"taxable","13":"shipping-taxable","14":"purchasable","15":"product-type-simple"},"_links":{"self":[{"href":"https:\/\/galicianparts.com\/shop\/wp-json\/wp\/v2\/product\/43420"}],"collection":[{"href":"https:\/\/galicianparts.com\/shop\/wp-json\/wp\/v2\/product"}],"about":[{"href":"https:\/\/galicianparts.com\/shop\/wp-json\/wp\/v2\/types\/product"}],"wp:featuredmedia":[{"embeddable":true,"href":"https:\/\/galicianparts.com\/shop\/wp-json\/wp\/v2\/media\/43424"}],"wp:attachment":[{"href":"https:\/\/galicianparts.com\/shop\/wp-json\/wp\/v2\/media?parent=43420"}],"wp:term":[{"taxonomy":"product_cat","embeddable":true,"href":"https:\/\/galicianparts.com\/shop\/wp-json\/wp\/v2\/product_cat?post=43420"},{"taxonomy":"product_tag","embeddable":true,"href":"https:\/\/galicianparts.com\/shop\/wp-json\/wp\/v2\/product_tag?post=43420"}],"curies":[{"name":"wp","href":"https:\/\/api.w.org\/{rel}","templated":true}]}}