{"id":43928,"date":"2022-04-05T09:45:38","date_gmt":"2022-04-05T07:45:38","guid":{"rendered":"https:\/\/galicianparts.com\/shop\/producto\/9945939-cilindro-freno-tambor-trasero-fiat-ducato-1990-1994-nuevo-original\/"},"modified":"2024-10-01T15:02:44","modified_gmt":"2024-10-01T13:02:44","slug":"9945939-cilindro-freno-tambor-trasero-fiat-ducato-1990-1994-nuevo-original","status":"publish","type":"product","link":"https:\/\/galicianparts.com\/shop\/producto\/9945939-cilindro-freno-tambor-trasero-fiat-ducato-1990-1994-nuevo-original\/","title":{"rendered":"9945939 Cilindro freno tambor trasero Fiat Ducato ( 1990-1994) NUEVO ORIGINAL"},"content":{"rendered":"<p>71739130 Bomb\u00edn de los frenos de tambor raseros de:<br \/>\nFIAT PROFESSIONAL &#8211; NB NUOVO DUCATO BZ R.90 (1990-1994) CON CAPACIDAD 18Q<br \/>\nFIAT PROFESSIONAL &#8211; NA NUOVO DUCATO DS.R.90 (1990-1994) CON CAPACIDAD 18Q<br \/>\nCITRO\u00cbN C25<br \/>\n2.0 E, A\u00f1o 09.1981 &#8211; 03.1994, 1971 , 79<br \/>\n2.5 DT, A\u00f1o 08.1991 &#8211; 01.1994, 2498 , 95<br \/>\n2.5 DT 4&#215;4, A\u00f1o 08.1991 &#8211; 01.1994, 2498 , 95<br \/>\nPEUGEOT J5<br \/>\n2.5 D, A\u00f1o 09.1990 &#8211; 01.1994, 2498 , 73<br \/>\n2.5 TD 4&#215;4, A\u00f1o 10.1990 &#8211; 03.1994, 2500 , 95<br \/>\nPEUGEOT J5<br \/>\n2.0, A\u00f1o 09.1981 &#8211; 08.1990, 1971 , 79<br \/>\n2.5 D, A\u00f1o 09.1981 &#8211; 08.1990, 2498 , 73<\/p>\n<p>LA PIEZA ES NUEVA Y ORIGINAL.<\/p>\n","protected":false},"excerpt":{"rendered":"<p>71739130 Bomb\u00edn de los frenos de tambor raseros de: FIAT PROFESSIONAL &#8211; NB NUOVO DUCATO BZ R.90 (1990-1994) CON CAPACIDAD 18Q FIAT PROFESSIONAL &#8211; NA NUOVO DUCATO DS.R.90 (1990-1994) CON CAPACIDAD 18Q CITRO\u00cbN C25 2.0 E, A\u00f1o 09.1981 &#8211; 03.1994, 1971 , 79 2.5 DT, A\u00f1o 08.1991 &#8211; 01.1994, 2498 , 95 2.5 DT 4&#215;4, [&hellip;]<\/p>\n","protected":false},"featured_media":43933,"template":"","meta":{"_seopress_robots_primary_cat":"","_seopress_titles_title":"","_seopress_titles_desc":"","_seopress_robots_index":""},"product_cat":[132,23,88,20,157,24],"product_tag":[],"class_list":{"0":"post-43928","1":"product","2":"type-product","3":"status-publish","4":"has-post-thumbnail","6":"product_cat-recambios-citroen-c25","7":"product_cat-recambios-citroen","8":"product_cat-recambios-fiat-ducato","9":"product_cat-recambios-fiat","10":"product_cat-recambios-peugeot-j5","11":"product_cat-recambios-peugeot","13":"first","14":"outofstock","15":"taxable","16":"shipping-taxable","17":"purchasable","18":"product-type-simple"},"_links":{"self":[{"href":"https:\/\/galicianparts.com\/shop\/wp-json\/wp\/v2\/product\/43928"}],"collection":[{"href":"https:\/\/galicianparts.com\/shop\/wp-json\/wp\/v2\/product"}],"about":[{"href":"https:\/\/galicianparts.com\/shop\/wp-json\/wp\/v2\/types\/product"}],"wp:featuredmedia":[{"embeddable":true,"href":"https:\/\/galicianparts.com\/shop\/wp-json\/wp\/v2\/media\/43933"}],"wp:attachment":[{"href":"https:\/\/galicianparts.com\/shop\/wp-json\/wp\/v2\/media?parent=43928"}],"wp:term":[{"taxonomy":"product_cat","embeddable":true,"href":"https:\/\/galicianparts.com\/shop\/wp-json\/wp\/v2\/product_cat?post=43928"},{"taxonomy":"product_tag","embeddable":true,"href":"https:\/\/galicianparts.com\/shop\/wp-json\/wp\/v2\/product_tag?post=43928"}],"curies":[{"name":"wp","href":"https:\/\/api.w.org\/{rel}","templated":true}]}}