{"id":44643,"date":"2022-04-12T12:09:47","date_gmt":"2022-04-12T10:09:47","guid":{"rendered":"https:\/\/galicianparts.com\/shop\/producto\/77364513-kit-pastillas-freno-tras-fiat-scudo-citroen-jumpy-peugeot-expert-original\/"},"modified":"2024-05-27T14:17:59","modified_gmt":"2024-05-27T12:17:59","slug":"77364513-kit-pastillas-freno-tras-fiat-scudo-citroen-jumpy-peugeot-expert-original","status":"publish","type":"product","link":"https:\/\/galicianparts.com\/shop\/producto\/77364513-kit-pastillas-freno-tras-fiat-scudo-citroen-jumpy-peugeot-expert-original\/","title":{"rendered":"77364513 Kit pastillas freno tras. Fiat Scudo \/ Citro\u00ebn Jumpy \/ Peugeot Expert ORIGINAL"},"content":{"rendered":"<p>9467549087 Kit de pastillas de freno delanteras de:<br \/>\nCITRO\u00cbN Jumpy II MPV (VF7)<br \/>\n1.6 HDi 90 16V, A\u00f1o 01.2007 &#8211; &#8230;, 1560 , 90<br \/>\n1.6 HDi 90 8V, A\u00f1o 01.2007 &#8211; &#8230;, 1560 , 90<br \/>\n2.0 HDi 120, A\u00f1o 01.2007 &#8211; &#8230;, 1997 , 120<br \/>\n2.0 HDi 125, A\u00f1o 07.2011 &#8211; &#8230;, 1997 , 128<br \/>\n2.0 HDi 140, A\u00f1o 01.2007 &#8211; &#8230;, 1997 , 136<br \/>\n2.0 HDi 165, A\u00f1o 07.2010 &#8211; &#8230;, 1997 , 163<br \/>\n2.0 HDi 95, A\u00f1o 07.2011 &#8211; &#8230;, 1997 , 98<br \/>\n2.0 i, A\u00f1o 01.2007 &#8211; &#8230;, 1997 , 140<br \/>\nCITRO\u00cbN Jumpy II Furg\u00f3n<br \/>\n1.6 HDi 90 16V, A\u00f1o 01.2007 &#8211; &#8230;, 1560 , 90<br \/>\n1.6 HDi 90 8V, A\u00f1o 01.2007 &#8211; &#8230;, 1560 , 90<br \/>\n2.0 HDi 120, A\u00f1o 01.2007 &#8211; &#8230;, 1997 , 120<br \/>\n2.0 HDi 120 4&#215;4, A\u00f1o 01.2010 &#8211; &#8230;, 1997 , 120<br \/>\n2.0 HDi 125, A\u00f1o 07.2011 &#8211; &#8230;, 1997 , 128<br \/>\n2.0 HDi 125 4&#215;4, A\u00f1o 07.2011 &#8211; &#8230;, 1997 , 128<br \/>\n2.0 HDi 140, A\u00f1o 01.2007 &#8211; &#8230;, 1997 , 136<br \/>\n2.0 HDi 165, A\u00f1o 07.2010 &#8211; &#8230;, 1997 , 163<br \/>\n2.0 HDi 95, A\u00f1o 07.2011 &#8211; &#8230;, 1997 , 98<br \/>\n2.0 i, A\u00f1o 01.2007 &#8211; &#8230;, 1997 , 140<br \/>\nCITRO\u00cbN Jumpy II Cami\u00f3n de plataforma\/Chasis<br \/>\n2.0 HDi 125, A\u00f1o 07.2011 &#8211; &#8230;, 1997 , 128<\/p>\n<p>FIAT Scudo II (270, 272)<br \/>\n1.6 D Multijet, A\u00f1o 02.2011 &#8211; &#8230;, 1560 , 90<br \/>\n2.0 D Multijet, A\u00f1o 01.2007 &#8211; &#8230;, 1997 , 120<br \/>\n2.0 D Multijet, A\u00f1o 07.2010 &#8211; &#8230;, 1997 , 163<br \/>\n2.0 D Multijet 4&#215;4, A\u00f1o 01.2007 &#8211; &#8230;, 1997 , 120<br \/>\n2.0 D Multijet 4&#215;4, A\u00f1o 04.2011 &#8211; &#8230;, 1997 , 128<br \/>\nFIAT Scudo II Furg\u00f3n (270, 272)<br \/>\n1.6 D Multijet, A\u00f1o 02.2011 &#8211; &#8230;, 1560 , 90<br \/>\n1.6 D Multijet, A\u00f1o 01.2007 &#8211; &#8230;, 1560 , 90<br \/>\n2.0 D Multijet, A\u00f1o 01.2007 &#8211; &#8230;, 1997 , 120<br \/>\n2.0 D Multijet, A\u00f1o 01.2007 &#8211; &#8230;, 1997 , 136<br \/>\n2.0 D Multijet, A\u00f1o 07.2010 &#8211; &#8230;, 1997 , 163<br \/>\n2.0 D Multijet 4&#215;4, A\u00f1o 01.2007 &#8211; &#8230;, 1997 , 120<br \/>\nFIAT Scudo II Cami\u00f3n de plataforma \/ Chasis (270, 272)<br \/>\n1.6 D Multijet, A\u00f1o 01.2007 &#8211; &#8230;, 1560 , 90<br \/>\n2.0 D Multijet, A\u00f1o 01.2007 &#8211; &#8230;, 1997 , 120<\/p>\n<p>PEUGEOT Expert II Tepee (VF3X)<br \/>\n1.6 HDi 90 16V, A\u00f1o 01.2007 &#8211; 03.2016, 1560 , 90<br \/>\n1.6 HDi 90 8V, A\u00f1o 01.2007 &#8211; 03.2016, 1560 , 90<br \/>\n2.0 16V, A\u00f1o 01.2007 &#8211; 03.2016, 1997 , 140<br \/>\n2.0 HDi 100, A\u00f1o 03.2011 &#8211; 03.2016, 1997 , 98<br \/>\n2.0 HDi 120, A\u00f1o 01.2007 &#8211; 03.2016, 1997 , 120<br \/>\n2.0 HDi 120 4&#215;4, A\u00f1o 01.2007 &#8211; &#8230;, 1997 , 120<br \/>\n2.0 HDi 130, A\u00f1o 03.2011 &#8211; &#8230;, 1997 , 128<br \/>\n2.0 HDi 130 4&#215;4, A\u00f1o 03.2011 &#8211; &#8230;, 1997 , 128<br \/>\n2.0 HDi 140, A\u00f1o 01.2007 &#8211; &#8230;, 1997 , 136<br \/>\n2.0 HDi 165, A\u00f1o 09.2009 &#8211; &#8230;, 1997 , 163<br \/>\nPEUGEOT Expert II Furg\u00f3n<br \/>\n1.6 HDi 90 16V, A\u00f1o 01.2007 &#8211; &#8230;, 1560 , 90<br \/>\n1.6 HDi 90 8V, A\u00f1o 01.2007 &#8211; &#8230;, 1560 , 90<br \/>\n2.0 16V, A\u00f1o 01.2007 &#8211; &#8230;, 1997 , 140<br \/>\n2.0 HDi 100, A\u00f1o 03.2011 &#8211; &#8230;, 1997 , 98<br \/>\n2.0 HDi 120, A\u00f1o 01.2007 &#8211; &#8230;, 1997 , 120<br \/>\n2.0 HDi 120 4&#215;4, A\u00f1o 01.2010 &#8211; &#8230;, 1997 , 120<br \/>\n2.0 HDi 130, A\u00f1o 03.2011 &#8211; &#8230;, 1997 , 128<br \/>\n2.0 HDi 130 4&#215;4, A\u00f1o 01.2012 &#8211; &#8230;, 1997 , 128<br \/>\n2.0 HDi 140, A\u00f1o 01.2007 &#8211; &#8230;, 1997 , 136<br \/>\n2.0 HDi 165, A\u00f1o 09.2009 &#8211; &#8230;, 1997 , 163<br \/>\nPEUGEOT Expert II Cami\u00f3n de plataforma\/Chasis<br \/>\n1.6 HDi 90 16V, A\u00f1o 01.2007 &#8211; &#8230;, 1560 , 90<br \/>\n1.6 HDi 90 8V, A\u00f1o 01.2007 &#8211; &#8230;, 1560 , 90<br \/>\n2.0 HDi 120, A\u00f1o 01.2007 &#8211; &#8230;, 1997 , 120<br \/>\n2.0 HDi 130, A\u00f1o 03.2011 &#8211; &#8230;, 1997 , 128<br \/>\n2.0 HDi 140, A\u00f1o 01.2007 &#8211; &#8230;, 1997 , 136<br \/>\n2.0 HDi 165, A\u00f1o 09.2009 &#8211; &#8230;, 1997 , 163<\/p>\n<p>LA PIEZA ES NUEVA Y ORIGINAL.<\/p>\n","protected":false},"excerpt":{"rendered":"<p>9467549087 Kit de pastillas de freno delanteras de: CITRO\u00cbN Jumpy II MPV (VF7) 1.6 HDi 90 16V, A\u00f1o 01.2007 &#8211; &#8230;, 1560 , 90 1.6 HDi 90 8V, A\u00f1o 01.2007 &#8211; &#8230;, 1560 , 90 2.0 HDi 120, A\u00f1o 01.2007 &#8211; &#8230;, 1997 , 120 2.0 HDi 125, A\u00f1o 07.2011 &#8211; &#8230;, 1997 , 128 [&hellip;]<\/p>\n","protected":false},"featured_media":44648,"template":"","meta":{"_seopress_robots_primary_cat":"","_seopress_titles_title":"","_seopress_titles_desc":"","_seopress_robots_index":""},"product_cat":[23,156,20,138,24,104],"product_tag":[],"class_list":{"0":"post-44643","1":"product","2":"type-product","3":"status-publish","4":"has-post-thumbnail","6":"product_cat-recambios-citroen","7":"product_cat-recambios-peugeot-expert","8":"product_cat-recambios-fiat","9":"product_cat-recambios-citroen-jumpy","10":"product_cat-recambios-peugeot","11":"product_cat-recambios-fiat-scudo","13":"first","14":"instock","15":"taxable","16":"shipping-taxable","17":"purchasable","18":"product-type-simple"},"_links":{"self":[{"href":"https:\/\/galicianparts.com\/shop\/wp-json\/wp\/v2\/product\/44643"}],"collection":[{"href":"https:\/\/galicianparts.com\/shop\/wp-json\/wp\/v2\/product"}],"about":[{"href":"https:\/\/galicianparts.com\/shop\/wp-json\/wp\/v2\/types\/product"}],"wp:featuredmedia":[{"embeddable":true,"href":"https:\/\/galicianparts.com\/shop\/wp-json\/wp\/v2\/media\/44648"}],"wp:attachment":[{"href":"https:\/\/galicianparts.com\/shop\/wp-json\/wp\/v2\/media?parent=44643"}],"wp:term":[{"taxonomy":"product_cat","embeddable":true,"href":"https:\/\/galicianparts.com\/shop\/wp-json\/wp\/v2\/product_cat?post=44643"},{"taxonomy":"product_tag","embeddable":true,"href":"https:\/\/galicianparts.com\/shop\/wp-json\/wp\/v2\/product_tag?post=44643"}],"curies":[{"name":"wp","href":"https:\/\/api.w.org\/{rel}","templated":true}]}}