{"id":45880,"date":"2022-04-27T20:02:19","date_gmt":"2022-04-27T18:02:19","guid":{"rendered":"https:\/\/galicianparts.com\/shop\/producto\/82385316-faro-marcha-atras-der-lancia-prisma-nuevo-original-siem\/"},"modified":"2025-07-11T11:15:03","modified_gmt":"2025-07-11T09:15:03","slug":"82385316-faro-marcha-atras-der-lancia-prisma-nuevo-original-siem","status":"publish","type":"product","link":"https:\/\/galicianparts.com\/shop\/producto\/82385316-faro-marcha-atras-der-lancia-prisma-nuevo-original-siem\/","title":{"rendered":"82385316 Faro marcha atr\u00e1s der. Lancia Prisma NUEVO ORIGINAL SIEM"},"content":{"rendered":"<p>Faro trasero derecho, de la marcha atr\u00e1s y posici\u00f3n de:<br \/>\nLANCIA PRISMA<\/p>\n<p>LA PIEZA ES NUEVA Y ORIGINAL SIEM<\/p>\n","protected":false},"excerpt":{"rendered":"<p>Faro trasero derecho, de la marcha atr\u00e1s y posici\u00f3n de: LANCIA PRISMA LA PIEZA ES NUEVA Y ORIGINAL SIEM<\/p>\n","protected":false},"featured_media":45881,"template":"","meta":{"_seopress_robots_primary_cat":"","_seopress_titles_title":"","_seopress_titles_desc":"","_seopress_robots_index":""},"product_cat":[21,123],"product_tag":[],"class_list":{"0":"post-45880","1":"product","2":"type-product","3":"status-publish","4":"has-post-thumbnail","6":"product_cat-recambios-lancia","7":"product_cat-recambios-lancia-prisma","9":"first","10":"outofstock","11":"taxable","12":"shipping-taxable","13":"purchasable","14":"product-type-simple"},"_links":{"self":[{"href":"https:\/\/galicianparts.com\/shop\/wp-json\/wp\/v2\/product\/45880"}],"collection":[{"href":"https:\/\/galicianparts.com\/shop\/wp-json\/wp\/v2\/product"}],"about":[{"href":"https:\/\/galicianparts.com\/shop\/wp-json\/wp\/v2\/types\/product"}],"wp:featuredmedia":[{"embeddable":true,"href":"https:\/\/galicianparts.com\/shop\/wp-json\/wp\/v2\/media\/45881"}],"wp:attachment":[{"href":"https:\/\/galicianparts.com\/shop\/wp-json\/wp\/v2\/media?parent=45880"}],"wp:term":[{"taxonomy":"product_cat","embeddable":true,"href":"https:\/\/galicianparts.com\/shop\/wp-json\/wp\/v2\/product_cat?post=45880"},{"taxonomy":"product_tag","embeddable":true,"href":"https:\/\/galicianparts.com\/shop\/wp-json\/wp\/v2\/product_tag?post=45880"}],"curies":[{"name":"wp","href":"https:\/\/api.w.org\/{rel}","templated":true}]}}