{"id":46038,"date":"2022-04-28T13:41:36","date_gmt":"2022-04-28T11:41:36","guid":{"rendered":"https:\/\/galicianparts.com\/shop\/producto\/51925027-filtro-aire-filtron-ap-078-2-motor-1-3-jtd-fiat-lancia-alfa-peugeot-citroen\/"},"modified":"2024-05-28T19:14:45","modified_gmt":"2024-05-28T17:14:45","slug":"51925027-filtro-aire-filtron-ap-078-2-motor-1-3-jtd-fiat-lancia-alfa-peugeot-citroen","status":"publish","type":"product","link":"https:\/\/galicianparts.com\/shop\/producto\/51925027-filtro-aire-filtron-ap-078-2-motor-1-3-jtd-fiat-lancia-alfa-peugeot-citroen\/","title":{"rendered":"51925027 Filtro aire Filtron AP 078\/2 motor 1.3 JTD Fiat \/Lancia \/Alfa \/Peugeot \/Citroen"},"content":{"rendered":"<p>Filtro de aire de:<br \/>\nReferencia FILTRON AP 078\/2<br \/>\nLongitud: 355mm<br \/>\nAncho 131mm<br \/>\nAltura 37mm<\/p>\n<p>FIAT Panda II Hatchback (169)<br \/>\n1.3 D Multijet, A\u00f1o 06.2006 &#8211; 08.2013, 1248 , 75<br \/>\n1.3 D Multijet 4&#215;4, A\u00f1o 09.2010 &#8211; 08.2013, 1248 , 75<br \/>\nFIAT Grande Punto Hatchback (199)<br \/>\n1.3 D Multijet, A\u00f1o 07.2008 &#8211; &#8230;, 1248 , 69<br \/>\n1.3 D Multijet, A\u00f1o 10.2005 &#8211; &#8230;, 1248 , 75<br \/>\n1.3 D Multijet, A\u00f1o 04.2010 &#8211; &#8230;, 1248 , 84<br \/>\nFIAT 500 Hatchback (312)<br \/>\n1.3 D Multijet, A\u00f1o 12.2009 &#8211; &#8230;, 1248 , 95<br \/>\nFIAT Fiorino III Furg\u00f3n \/ Familiar (225)<br \/>\n1.3 D Multijet, A\u00f1o 11.2007 &#8211; &#8230;, 1248 , 75<br \/>\n1.3 D Multijet, A\u00f1o 03.2015 &#8211; &#8230;, 1248 , 80<br \/>\n1.3 D Multijet, A\u00f1o 07.2009 &#8211; &#8230;, 1248 , 95<br \/>\nFIAT Qubo (225)<br \/>\n1.3 D Multijet, A\u00f1o 02.2008 &#8211; &#8230;, 1248 , 75<br \/>\n1.3 D Multijet, A\u00f1o 03.2015 &#8211; &#8230;, 1248 , 80<br \/>\n1.3 D Multijet, A\u00f1o 07.2010 &#8211; &#8230;, 1248 , 95<br \/>\nFIAT Punto Evo Hatchback (199)<br \/>\n1.3 D Multijet, A\u00f1o 07.2008 &#8211; 02.2012, 1248 , 69<br \/>\n1.3 D Multijet, A\u00f1o 10.2009 &#8211; 02.2012, 1248 , 75<br \/>\n1.3 D Multijet, A\u00f1o 10.2009 &#8211; &#8230;, 1248 , 76<br \/>\n1.3 D Multijet, A\u00f1o 10.2009 &#8211; 02.2012, 1248 , 84<br \/>\n1.3 D Multijet, A\u00f1o 10.2009 &#8211; 02.2012, 1248 , 95<br \/>\nFIAT 500 C Cabrio (312)<br \/>\n1.3 D Multijet, A\u00f1o 09.2009 &#8211; &#8230;, 1248 , 95<br \/>\nFIAT Doblo II<br \/>\n1.3 D Multijet, A\u00f1o 11.2013 &#8211; &#8230;, 1248 , 75<br \/>\n1.3 D Multijet, A\u00f1o 03.2016 &#8211; &#8230;, 1248 , 80<br \/>\n1.3 D Multijet, A\u00f1o 02.2010 &#8211; &#8230;, 1248 , 90<br \/>\n1.3 D Multijet, A\u00f1o 03.2016 &#8211; &#8230;, 1248 , 95<br \/>\nFIAT Panda III Hatchback (312, 319)<br \/>\n1.3 D Multijet, A\u00f1o 02.2012 &#8211; &#8230;, 1248 , 75<br \/>\n1.3 D Multijet, A\u00f1o 04.2015 &#8211; &#8230;, 1248 , 95<br \/>\n1.3 D Multijet 4&#215;4, A\u00f1o 06.2012 &#8211; &#8230;, 1248 , 75<br \/>\n1.3 D Multijet 4&#215;4, A\u00f1o 06.2014 &#8211; &#8230;, 1248 , 80<br \/>\n1.3 D Multijet 4&#215;4, A\u00f1o 04.2015 &#8211; &#8230;, 1248 , 95<br \/>\nFIAT Punto III (199)<br \/>\n1.3 D Multijet, A\u00f1o 03.2012 &#8211; &#8230;, 1248 , 75<br \/>\n1.3 D Multijet, A\u00f1o 12.2013 &#8211; &#8230;, 1248 , 80<br \/>\n1.3 D Multijet, A\u00f1o 03.2012 &#8211; &#8230;, 1248 , 84<br \/>\n1.3 D Multijet, A\u00f1o 03.2012 &#8211; &#8230;, 1248 , 95<br \/>\nFIAT 500L (351, 352)<br \/>\n1.3 D Multijet, A\u00f1o 09.2012 &#8211; &#8230;, 1248 , 84<br \/>\n1.3 D Multijet, A\u00f1o 06.2014 &#8211; &#8230;, 1248 , 95<br \/>\nFIAT Strada Pick-up (278) (A\u00f1o 01.2009 &#8211; &#8230;)<br \/>\n1.3 D Multijet, A\u00f1o 10.2010 &#8211; &#8230;, 1248 , 95<br \/>\nFIAT Tipo (356)<br \/>\n1.3 D, A\u00f1o 10.2015 &#8211; &#8230;, 1248 , 95<br \/>\nFIAT Grande Punto (199)<br \/>\n1.3 JTD Multijet, A\u00f1o 02.2006 &#8211; 06.2013, 1248 , 75<br \/>\nALFA ROMEO MiTo (955)<br \/>\n1.3 MultiJet, A\u00f1o 12.2013 &#8211; &#8230;, 1248 , 80<br \/>\n1.3 MultiJet, A\u00f1o 01.2011 &#8211; &#8230;, 1248 , 84<br \/>\n1.3 MultiJet, A\u00f1o 10.2009 &#8211; 12.2018, 1248 , 95<br \/>\nLANCIA Ypsilon II (843)<br \/>\n1.3 D Multijet, A\u00f1o 09.2006 &#8211; 12.2011, 1248 , 75<br \/>\nLANCIA Musa (350)<br \/>\n1.3 D Multijet, A\u00f1o 03.2009 &#8211; 09.2012, 1248 , 95<br \/>\nLANCIA Ypsilon III (312)<br \/>\n1.3 D Multijet, A\u00f1o 05.2011 &#8211; &#8230;, 1248 , 95<br \/>\nPEUGEOT Bipper Furg\u00f3n<br \/>\n1.3 BlueHDi 80, A\u00f1o 12.2015 &#8211; &#8230;, 1248 , 80<br \/>\n1.3 HDi 75, A\u00f1o 10.2010 &#8211; &#8230;, 1248 , 75<br \/>\nPEUGEOT Bipper Tepee<br \/>\n1.3 HDi 75, A\u00f1o 10.2010 &#8211; &#8230;, 1248 , 75<br \/>\n1.3 HDi 80, A\u00f1o 12.2015 &#8211; &#8230;, 1248 , 80<br \/>\nCITRO\u00cbN Nemo Furg\u00f3n<br \/>\n1.3 BlueHDi 80, A\u00f1o 02.2016 &#8211; &#8230;, 1248 , 80<br \/>\n1.3 HDi 75, A\u00f1o 10.2010 &#8211; &#8230;, 1248 , 75<br \/>\nCITRO\u00cbN Nemo Familiar<br \/>\n1.3 HDi 75, A\u00f1o 10.2010 &#8211; &#8230;, 1248 , 75<br \/>\n1.3 HDi 80, A\u00f1o 10.2015 &#8211; &#8230;, 1248 , 80<\/p>\n<p>LA PIEZA ES NUEVA Y ORIGINAL FILTRON<\/p>\n","protected":false},"excerpt":{"rendered":"<p>Filtro de aire de: Referencia FILTRON AP 078\/2 Longitud: 355mm Ancho 131mm Altura 37mm FIAT Panda II Hatchback (169) 1.3 D Multijet, A\u00f1o 06.2006 &#8211; 08.2013, 1248 , 75 1.3 D Multijet 4&#215;4, A\u00f1o 09.2010 &#8211; 08.2013, 1248 , 75 FIAT Grande Punto Hatchback (199) 1.3 D Multijet, A\u00f1o 07.2008 &#8211; &#8230;, 1248 , 69 [&hellip;]<\/p>\n","protected":false},"featured_media":87501,"template":"","meta":{"_seopress_robots_primary_cat":"","_seopress_titles_title":"","_seopress_titles_desc":"","_seopress_robots_index":""},"product_cat":[74,16,154,23,87,20,91,92,21,47,139,99,24,101,346,112,127],"product_tag":[],"class_list":{"0":"post-46038","1":"product","2":"type-product","3":"status-publish","4":"has-post-thumbnail","6":"product_cat-recambios-fiat-500","7":"product_cat-recambios-alfa-romeo","8":"product_cat-recambios-peugeot-bipper","9":"product_cat-recambios-citroen","10":"product_cat-recambios-fiat-doblo","11":"product_cat-recambios-fiat","12":"product_cat-recambios-fiat-fiorino","13":"product_cat-recambios-fiat-grande-punto","14":"product_cat-recambios-lancia","15":"product_cat-recambios-alfa-romeo-mito","16":"product_cat-recambios-citroen-nemo","17":"product_cat-recambios-fiat-panda","18":"product_cat-recambios-peugeot","19":"product_cat-recambios-fiat-punto","20":"product_cat-recambios-fiat-qubo","21":"product_cat-recambios-fiat-tipo","22":"product_cat-recambios-lancia-ypsilon","24":"first","25":"outofstock","26":"taxable","27":"shipping-taxable","28":"purchasable","29":"product-type-simple"},"_links":{"self":[{"href":"https:\/\/galicianparts.com\/shop\/wp-json\/wp\/v2\/product\/46038"}],"collection":[{"href":"https:\/\/galicianparts.com\/shop\/wp-json\/wp\/v2\/product"}],"about":[{"href":"https:\/\/galicianparts.com\/shop\/wp-json\/wp\/v2\/types\/product"}],"wp:featuredmedia":[{"embeddable":true,"href":"https:\/\/galicianparts.com\/shop\/wp-json\/wp\/v2\/media\/87501"}],"wp:attachment":[{"href":"https:\/\/galicianparts.com\/shop\/wp-json\/wp\/v2\/media?parent=46038"}],"wp:term":[{"taxonomy":"product_cat","embeddable":true,"href":"https:\/\/galicianparts.com\/shop\/wp-json\/wp\/v2\/product_cat?post=46038"},{"taxonomy":"product_tag","embeddable":true,"href":"https:\/\/galicianparts.com\/shop\/wp-json\/wp\/v2\/product_tag?post=46038"}],"curies":[{"name":"wp","href":"https:\/\/api.w.org\/{rel}","templated":true}]}}