{"id":46175,"date":"2022-04-29T12:02:29","date_gmt":"2022-04-29T10:02:29","guid":{"rendered":"https:\/\/galicianparts.com\/shop\/producto\/5058693-filtro-habitaculo-fiat-freemont-lancia-flavia-original\/"},"modified":"2023-11-29T11:43:10","modified_gmt":"2023-11-29T09:43:10","slug":"5058693-filtro-habitaculo-fiat-freemont-lancia-flavia-original","status":"publish","type":"product","link":"https:\/\/galicianparts.com\/shop\/producto\/5058693-filtro-habitaculo-fiat-freemont-lancia-flavia-original\/","title":{"rendered":"5058693 Filtro habit\u00e1culo Fiat Freemont \/Lancia Flavia ORIGINAL"},"content":{"rendered":"<p>Filtro de polen de:<br \/>\nFIAT Freemont (345)<br \/>\n2.0 JTD, A\u00f1o 08.2011 &#8211; &#8230;, 1956 , 136<br \/>\n2.0 JTD, A\u00f1o 08.2011 &#8211; &#8230;, 1956 , 140<br \/>\n2.0 JTD, A\u00f1o 08.2011 &#8211; &#8230;, 1956 , 163<br \/>\n2.0 JTD, A\u00f1o 08.2011 &#8211; &#8230;, 1956 , 170<br \/>\n2.0 JTD 4&#215;4, A\u00f1o 08.2011 &#8211; &#8230;, 1956 , 163<br \/>\n2.0 JTD 4&#215;4, A\u00f1o 08.2011 &#8211; &#8230;, 1956 , 170<br \/>\n3.6 4&#215;4, A\u00f1o 08.2011 &#8211; &#8230;, 3604 , 280<\/p>\n<p>LANCIA Flavia Cabrio (JS)<br \/>\n2.4, A\u00f1o 03.2012 &#8211; 12.2014, 2360 , 170<\/p>\n<p>LA PIEZA ES NUEVA Y ORIGINAL.<\/p>\n","protected":false},"excerpt":{"rendered":"<p>Filtro de polen de: FIAT Freemont (345) 2.0 JTD, A\u00f1o 08.2011 &#8211; &#8230;, 1956 , 136 2.0 JTD, A\u00f1o 08.2011 &#8211; &#8230;, 1956 , 140 2.0 JTD, A\u00f1o 08.2011 &#8211; &#8230;, 1956 , 163 2.0 JTD, A\u00f1o 08.2011 &#8211; &#8230;, 1956 , 170 2.0 JTD 4&#215;4, A\u00f1o 08.2011 &#8211; &#8230;, 1956 , 163 2.0 JTD [&hellip;]<\/p>\n","protected":false},"featured_media":80508,"template":"","meta":{"_seopress_robots_primary_cat":"","_seopress_titles_title":"","_seopress_titles_desc":"","_seopress_robots_index":""},"product_cat":[20,358,191,21],"product_tag":[],"class_list":{"0":"post-46175","1":"product","2":"type-product","3":"status-publish","4":"has-post-thumbnail","6":"product_cat-recambios-fiat","7":"product_cat-recambios-lancia-flavia","8":"product_cat-recambios-fiat-freemont","9":"product_cat-recambios-lancia","11":"first","12":"instock","13":"taxable","14":"shipping-taxable","15":"purchasable","16":"product-type-simple"},"_links":{"self":[{"href":"https:\/\/galicianparts.com\/shop\/wp-json\/wp\/v2\/product\/46175"}],"collection":[{"href":"https:\/\/galicianparts.com\/shop\/wp-json\/wp\/v2\/product"}],"about":[{"href":"https:\/\/galicianparts.com\/shop\/wp-json\/wp\/v2\/types\/product"}],"wp:featuredmedia":[{"embeddable":true,"href":"https:\/\/galicianparts.com\/shop\/wp-json\/wp\/v2\/media\/80508"}],"wp:attachment":[{"href":"https:\/\/galicianparts.com\/shop\/wp-json\/wp\/v2\/media?parent=46175"}],"wp:term":[{"taxonomy":"product_cat","embeddable":true,"href":"https:\/\/galicianparts.com\/shop\/wp-json\/wp\/v2\/product_cat?post=46175"},{"taxonomy":"product_tag","embeddable":true,"href":"https:\/\/galicianparts.com\/shop\/wp-json\/wp\/v2\/product_tag?post=46175"}],"curies":[{"name":"wp","href":"https:\/\/api.w.org\/{rel}","templated":true}]}}