{"id":4691,"date":"2020-09-30T20:46:31","date_gmt":"2020-09-30T18:46:31","guid":{"rendered":"https:\/\/galicianparts.com\/shop\/producto\/98845025-rotula-axial-fiat-doblo-nueva-original\/"},"modified":"2023-12-13T15:14:17","modified_gmt":"2023-12-13T13:14:17","slug":"98845025-rotula-axial-fiat-doblo-nueva-original","status":"publish","type":"product","link":"https:\/\/galicianparts.com\/shop\/producto\/98845025-rotula-axial-fiat-doblo-nueva-original\/","title":{"rendered":"98845025 R\u00f3tula axial direcci\u00f3n Fiat Doblo (2001-&#8230;) NUEVA ORIGINAL"},"content":{"rendered":"<p>R\u00f3tula axial de direcci\u00f3n de:<br \/>\nRosca 1: 16&#215;1,5<br \/>\nRosca 2: 14&#215;1,5<\/p>\n<p>FIAT Doblo I Familiar (119, 223)<br \/>\n1.2, A\u00f1o 03.2001 &#8211; &#8230;, 1242 ccm, 65 cv<br \/>\n1.3 D Multijet, A\u00f1o 10.2005 &#8211; &#8230;, 1248 ccm, 84 cv<br \/>\n1.4, A\u00f1o 10.2005 &#8211; &#8230;, 1368 ccm, 77 cv<br \/>\n1.6 16V, A\u00f1o 10.2001 &#8211; &#8230;, 1596 ccm, 103 cv<br \/>\n1.6 Natural Power, A\u00f1o 09.2002 &#8211; &#8230;, 1596 ccm, 103 cv<br \/>\n1.9 D, A\u00f1o 03.2001 &#8211; &#8230;, 1910 ccm, 63 cv<br \/>\n1.9 D Multijet, A\u00f1o 10.2005 &#8211; &#8230;, 1910 ccm, 120 cv<br \/>\n1.9 JTD, A\u00f1o 07.2003 &#8211; &#8230;, 1910 ccm, 105 cv<br \/>\n1.9 JTD, A\u00f1o 10.2001 &#8211; &#8230;, 1910 ccm, 100 cv<br \/>\nFIAT Doblo I Cargo (223)<br \/>\n1.2, A\u00f1o 03.2001 &#8211; &#8230;, 1242 ccm, 65 cv<br \/>\n1.3 D Multijet, A\u00f1o 10.2005 &#8211; 01.2010, 1248 ccm, 75 cv<br \/>\n1.3 JTD 16V, A\u00f1o 05.2004 &#8211; 12.2006, 1248 ccm, 70 cv<br \/>\n1.4, A\u00f1o 10.2005 &#8211; &#8230;, 1368 ccm, 77 cv<br \/>\n1.6 16V, A\u00f1o 10.2001 &#8211; &#8230;, 1596 ccm, 103 cv<br \/>\n1.6 Natural Power, A\u00f1o 09.2002 &#8211; &#8230;, 1596 ccm, 103 cv<br \/>\n1.9 D, A\u00f1o 03.2001 &#8211; &#8230;, 1910 ccm, 63 cv<br \/>\n1.9 JTD, A\u00f1o 07.2003 &#8211; &#8230;, 1910 ccm, 105 cv<br \/>\n1.9 JTD, A\u00f1o 10.2001 &#8211; &#8230;, 1910 ccm, 100 cv<\/p>\n<p>LA PIEZA ES NUEVA Y ORIGINAL.<\/p>\n","protected":false},"excerpt":{"rendered":"<p>R\u00f3tula axial de direcci\u00f3n de: Rosca 1: 16&#215;1,5 Rosca 2: 14&#215;1,5 FIAT Doblo I Familiar (119, 223) 1.2, A\u00f1o 03.2001 &#8211; &#8230;, 1242 ccm, 65 cv 1.3 D Multijet, A\u00f1o 10.2005 &#8211; &#8230;, 1248 ccm, 84 cv 1.4, A\u00f1o 10.2005 &#8211; &#8230;, 1368 ccm, 77 cv 1.6 16V, A\u00f1o 10.2001 &#8211; &#8230;, 1596 ccm, 103 [&hellip;]<\/p>\n","protected":false},"featured_media":81080,"template":"","meta":{"_seopress_robots_primary_cat":"","_seopress_titles_title":"","_seopress_titles_desc":"","_seopress_robots_index":""},"product_cat":[87,20],"product_tag":[],"class_list":{"0":"post-4691","1":"product","2":"type-product","3":"status-publish","4":"has-post-thumbnail","6":"product_cat-recambios-fiat-doblo","7":"product_cat-recambios-fiat","9":"first","10":"instock","11":"taxable","12":"shipping-taxable","13":"purchasable","14":"product-type-simple"},"_links":{"self":[{"href":"https:\/\/galicianparts.com\/shop\/wp-json\/wp\/v2\/product\/4691"}],"collection":[{"href":"https:\/\/galicianparts.com\/shop\/wp-json\/wp\/v2\/product"}],"about":[{"href":"https:\/\/galicianparts.com\/shop\/wp-json\/wp\/v2\/types\/product"}],"wp:featuredmedia":[{"embeddable":true,"href":"https:\/\/galicianparts.com\/shop\/wp-json\/wp\/v2\/media\/81080"}],"wp:attachment":[{"href":"https:\/\/galicianparts.com\/shop\/wp-json\/wp\/v2\/media?parent=4691"}],"wp:term":[{"taxonomy":"product_cat","embeddable":true,"href":"https:\/\/galicianparts.com\/shop\/wp-json\/wp\/v2\/product_cat?post=4691"},{"taxonomy":"product_tag","embeddable":true,"href":"https:\/\/galicianparts.com\/shop\/wp-json\/wp\/v2\/product_tag?post=4691"}],"curies":[{"name":"wp","href":"https:\/\/api.w.org\/{rel}","templated":true}]}}