{"id":46957,"date":"2022-05-09T19:15:26","date_gmt":"2022-05-09T17:15:26","guid":{"rendered":"https:\/\/galicianparts.com\/shop\/producto\/61-621-0-kit-pastillas-freno-delantero-fiat-punto-lancia-ypsilon-cecauto-61-621-0\/"},"modified":"2024-12-18T11:19:36","modified_gmt":"2024-12-18T09:19:36","slug":"61-621-0-kit-pastillas-freno-delantero-fiat-punto-lancia-ypsilon-cecauto-61-621-0","status":"publish","type":"product","link":"https:\/\/galicianparts.com\/shop\/producto\/61-621-0-kit-pastillas-freno-delantero-fiat-punto-lancia-ypsilon-cecauto-61-621-0\/","title":{"rendered":"61.621.0 Kit pastillas freno delantero Fiat Punto \/ Lancia Ypsilon CECAUTO 61.621.0"},"content":{"rendered":"<p>Juego, set de pastillas de freno delanteras, Cecauto 61.621.0 con sensor de degaste de:<br \/>\nFIAT Punto I Hatchback (176)<br \/>\n1.7 D, A\u00f1o 04.1994 &#8211; 09.1997, 1698 , 57<br \/>\n1.7 TD, A\u00f1o 01.1994 &#8211; 09.1999, 1698 , 69<br \/>\n1.7 TD, A\u00f1o 01.1994 &#8211; 09.1999, 1698 , 71<br \/>\n1.1 55, A\u00f1o 09.1993 &#8211; 09.1999, 1108 , 54<br \/>\n1.2 60, A\u00f1o 01.1994 &#8211; 09.1999, 1242 , 58<br \/>\n1.2 60, A\u00f1o 09.1993 &#8211; 09.1999, 1242 , 60<br \/>\n1.2 75, A\u00f1o 10.1993 &#8211; 09.1999, 1242 , 73<br \/>\nFIAT Punto I Cabrio (176)<br \/>\n1.2 60, A\u00f1o 04.1994 &#8211; 06.2000, 1242 , 58<br \/>\n1.2 60, A\u00f1o 05.1995 &#8211; 06.2000, 1242 , 60<br \/>\nFIAT Punto I Van (176)<br \/>\n1.1, A\u00f1o 04.1996 &#8211; 02.2000, 1108 , 54<br \/>\nFIAT Punto II Hatchback (188) (A\u00f1o 09.1999 &#8211; 07.2012)<br \/>\n1.2 60, A\u00f1o 09.1999 &#8211; 12.2010, 1242 , 60<br \/>\nLANCIA Y (840)<br \/>\n1.1, A\u00f1o 11.1995 &#8211; 09.2003, 1108 , 54<br \/>\n1.2, A\u00f1o 03.1996 &#8211; 09.2003, 1242 , 60<br \/>\n1.2 16V, A\u00f1o 10.2000 &#8211; 09.2003, 1242 , 80<\/p>\n<p>LA PIEZA ES NUEVA CECAUTO<\/p>\n","protected":false},"excerpt":{"rendered":"<p>Juego, set de pastillas de freno delanteras, Cecauto 61.621.0 con sensor de degaste de: FIAT Punto I Hatchback (176) 1.7 D, A\u00f1o 04.1994 &#8211; 09.1997, 1698 , 57 1.7 TD, A\u00f1o 01.1994 &#8211; 09.1999, 1698 , 69 1.7 TD, A\u00f1o 01.1994 &#8211; 09.1999, 1698 , 71 1.1 55, A\u00f1o 09.1993 &#8211; 09.1999, 1108 , 54 [&hellip;]<\/p>\n","protected":false},"featured_media":46958,"template":"","meta":{"_seopress_robots_primary_cat":"","_seopress_titles_title":"","_seopress_titles_desc":"","_seopress_robots_index":""},"product_cat":[20,21,101,127],"product_tag":[],"class_list":{"0":"post-46957","1":"product","2":"type-product","3":"status-publish","4":"has-post-thumbnail","6":"product_cat-recambios-fiat","7":"product_cat-recambios-lancia","8":"product_cat-recambios-fiat-punto","9":"product_cat-recambios-lancia-ypsilon","11":"first","12":"outofstock","13":"taxable","14":"shipping-taxable","15":"purchasable","16":"product-type-simple"},"_links":{"self":[{"href":"https:\/\/galicianparts.com\/shop\/wp-json\/wp\/v2\/product\/46957"}],"collection":[{"href":"https:\/\/galicianparts.com\/shop\/wp-json\/wp\/v2\/product"}],"about":[{"href":"https:\/\/galicianparts.com\/shop\/wp-json\/wp\/v2\/types\/product"}],"wp:featuredmedia":[{"embeddable":true,"href":"https:\/\/galicianparts.com\/shop\/wp-json\/wp\/v2\/media\/46958"}],"wp:attachment":[{"href":"https:\/\/galicianparts.com\/shop\/wp-json\/wp\/v2\/media?parent=46957"}],"wp:term":[{"taxonomy":"product_cat","embeddable":true,"href":"https:\/\/galicianparts.com\/shop\/wp-json\/wp\/v2\/product_cat?post=46957"},{"taxonomy":"product_tag","embeddable":true,"href":"https:\/\/galicianparts.com\/shop\/wp-json\/wp\/v2\/product_tag?post=46957"}],"curies":[{"name":"wp","href":"https:\/\/api.w.org\/{rel}","templated":true}]}}