{"id":47581,"date":"2022-05-16T12:25:30","date_gmt":"2022-05-16T10:25:30","guid":{"rendered":"https:\/\/galicianparts.com\/shop\/producto\/5880413-kit-juntas-culata-fiat-850-1946-1972-nuevo-original\/"},"modified":"2022-05-16T12:28:44","modified_gmt":"2022-05-16T10:28:44","slug":"5880413-kit-juntas-culata-fiat-850-1946-1972-nuevo-original","status":"publish","type":"product","link":"https:\/\/galicianparts.com\/shop\/producto\/5880413-kit-juntas-culata-fiat-850-1946-1972-nuevo-original\/","title":{"rendered":"5880413 Kit juntas culata Fiat 850 (1946-1972) NUEVO ORIGINAL"},"content":{"rendered":"<p>Juego de descarbonizaci\u00f3n, set de juntas de la culata del motor de:<br \/>\nFIAT 850 Spider<br \/>\n0.8, A\u00f1o 10.1965 &#8211; 10.1968, 843 , 49<br \/>\nFIAT 850 Berlina<br \/>\n0.8, A\u00f1o 07.1964 &#8211; 10.1972, 843 , 34<br \/>\n0.8, A\u00f1o 07.1964 &#8211; 10.1972, 843 , 37<\/p>\n<p>LA PIEZA ES NUEVA Y ORIGINAL.<\/p>\n","protected":false},"excerpt":{"rendered":"<p>Juego de descarbonizaci\u00f3n, set de juntas de la culata del motor de: FIAT 850 Spider 0.8, A\u00f1o 10.1965 &#8211; 10.1968, 843 , 49 FIAT 850 Berlina 0.8, A\u00f1o 07.1964 &#8211; 10.1972, 843 , 34 0.8, A\u00f1o 07.1964 &#8211; 10.1972, 843 , 37 LA PIEZA ES NUEVA Y ORIGINAL.<\/p>\n","protected":false},"featured_media":47586,"template":"","meta":{"_seopress_robots_primary_cat":"","_seopress_titles_title":"","_seopress_titles_desc":"","_seopress_robots_index":""},"product_cat":[76,20],"product_tag":[],"class_list":{"0":"post-47581","1":"product","2":"type-product","3":"status-publish","4":"has-post-thumbnail","6":"product_cat-recambios-fiat-850","7":"product_cat-recambios-fiat","9":"first","10":"instock","11":"taxable","12":"shipping-taxable","13":"purchasable","14":"product-type-simple"},"_links":{"self":[{"href":"https:\/\/galicianparts.com\/shop\/wp-json\/wp\/v2\/product\/47581"}],"collection":[{"href":"https:\/\/galicianparts.com\/shop\/wp-json\/wp\/v2\/product"}],"about":[{"href":"https:\/\/galicianparts.com\/shop\/wp-json\/wp\/v2\/types\/product"}],"wp:featuredmedia":[{"embeddable":true,"href":"https:\/\/galicianparts.com\/shop\/wp-json\/wp\/v2\/media\/47586"}],"wp:attachment":[{"href":"https:\/\/galicianparts.com\/shop\/wp-json\/wp\/v2\/media?parent=47581"}],"wp:term":[{"taxonomy":"product_cat","embeddable":true,"href":"https:\/\/galicianparts.com\/shop\/wp-json\/wp\/v2\/product_cat?post=47581"},{"taxonomy":"product_tag","embeddable":true,"href":"https:\/\/galicianparts.com\/shop\/wp-json\/wp\/v2\/product_tag?post=47581"}],"curies":[{"name":"wp","href":"https:\/\/api.w.org\/{rel}","templated":true}]}}