{"id":47747,"date":"2022-05-23T10:10:50","date_gmt":"2022-05-23T08:10:50","guid":{"rendered":"https:\/\/galicianparts.com\/shop\/producto\/60629431-cerradura-del-porton-trasero-alfa-romeo-145-1994-2000-nueva-original\/"},"modified":"2022-06-21T22:05:09","modified_gmt":"2022-06-21T20:05:09","slug":"60629431-cerradura-del-porton-trasero-alfa-romeo-145-1994-2000-nueva-original","status":"publish","type":"product","link":"https:\/\/galicianparts.com\/shop\/producto\/60629431-cerradura-del-porton-trasero-alfa-romeo-145-1994-2000-nueva-original\/","title":{"rendered":"60629431 Cerradura del port\u00f3n trasero Alfa Romeo 145 (1994-2000) NUEVA ORIGINAL"},"content":{"rendered":"<p>Cerradura el\u00e9ctrica del port\u00f3n del maletero de:<br \/>\nALFA ROMEO &#8211; U1 145 BZ\/DS (1994-1996)<br \/>\nALFA ROMEO &#8211; T5 145 GAMMA 97 (1997-1999)<br \/>\nALFA ROMEO &#8211; W3 145 M.Y. &#8217;99 (1999-2000)<\/p>\n<p>LA PIEZA ES NUEVA Y ORIGINAL.<\/p>\n","protected":false},"excerpt":{"rendered":"<p>Cerradura el\u00e9ctrica del port\u00f3n del maletero de: ALFA ROMEO &#8211; U1 145 BZ\/DS (1994-1996) ALFA ROMEO &#8211; T5 145 GAMMA 97 (1997-1999) ALFA ROMEO &#8211; W3 145 M.Y. &#8217;99 (1999-2000) LA PIEZA ES NUEVA Y ORIGINAL.<\/p>\n","protected":false},"featured_media":47752,"template":"","meta":{"_seopress_robots_primary_cat":"","_seopress_titles_title":"","_seopress_titles_desc":"","_seopress_robots_index":""},"product_cat":[45,16],"product_tag":[],"class_list":{"0":"post-47747","1":"product","2":"type-product","3":"status-publish","4":"has-post-thumbnail","6":"product_cat-recambios-alfa-romeo-145","7":"product_cat-recambios-alfa-romeo","9":"first","10":"outofstock","11":"taxable","12":"shipping-taxable","13":"purchasable","14":"product-type-simple"},"_links":{"self":[{"href":"https:\/\/galicianparts.com\/shop\/wp-json\/wp\/v2\/product\/47747"}],"collection":[{"href":"https:\/\/galicianparts.com\/shop\/wp-json\/wp\/v2\/product"}],"about":[{"href":"https:\/\/galicianparts.com\/shop\/wp-json\/wp\/v2\/types\/product"}],"wp:featuredmedia":[{"embeddable":true,"href":"https:\/\/galicianparts.com\/shop\/wp-json\/wp\/v2\/media\/47752"}],"wp:attachment":[{"href":"https:\/\/galicianparts.com\/shop\/wp-json\/wp\/v2\/media?parent=47747"}],"wp:term":[{"taxonomy":"product_cat","embeddable":true,"href":"https:\/\/galicianparts.com\/shop\/wp-json\/wp\/v2\/product_cat?post=47747"},{"taxonomy":"product_tag","embeddable":true,"href":"https:\/\/galicianparts.com\/shop\/wp-json\/wp\/v2\/product_tag?post=47747"}],"curies":[{"name":"wp","href":"https:\/\/api.w.org\/{rel}","templated":true}]}}