{"id":48689,"date":"2022-06-01T13:52:01","date_gmt":"2022-06-01T11:52:01","guid":{"rendered":"https:\/\/galicianparts.com\/shop\/producto\/1343295080-conexion-electrica-sensor-agua-fiat-ducato-nuevo-original\/"},"modified":"2022-06-01T13:55:17","modified_gmt":"2022-06-01T11:55:17","slug":"1343295080-conexion-electrica-sensor-agua-fiat-ducato-nuevo-original","status":"publish","type":"product","link":"https:\/\/galicianparts.com\/shop\/producto\/1343295080-conexion-electrica-sensor-agua-fiat-ducato-nuevo-original\/","title":{"rendered":"1343295080 Conexi\u00f3n el\u00e9ctrica sensor agua Fiat Ducato NUEVO ORIGINAL"},"content":{"rendered":"<p>Cable el\u00e9ctrico del sensor del agua de:<\/p>\n<p>FIAT DUCATO<\/p>\n<p>LA PIEZA ES NUEVA Y ORIGINAL.<\/p>\n","protected":false},"excerpt":{"rendered":"<p>Cable el\u00e9ctrico del sensor del agua de: FIAT DUCATO LA PIEZA ES NUEVA Y ORIGINAL.<\/p>\n","protected":false},"featured_media":48690,"template":"","meta":{"_seopress_robots_primary_cat":"","_seopress_titles_title":"","_seopress_titles_desc":"","_seopress_robots_index":""},"product_cat":[88,20],"product_tag":[],"class_list":{"0":"post-48689","1":"product","2":"type-product","3":"status-publish","4":"has-post-thumbnail","6":"product_cat-recambios-fiat-ducato","7":"product_cat-recambios-fiat","9":"first","10":"instock","11":"taxable","12":"shipping-taxable","13":"purchasable","14":"product-type-simple"},"_links":{"self":[{"href":"https:\/\/galicianparts.com\/shop\/wp-json\/wp\/v2\/product\/48689"}],"collection":[{"href":"https:\/\/galicianparts.com\/shop\/wp-json\/wp\/v2\/product"}],"about":[{"href":"https:\/\/galicianparts.com\/shop\/wp-json\/wp\/v2\/types\/product"}],"wp:featuredmedia":[{"embeddable":true,"href":"https:\/\/galicianparts.com\/shop\/wp-json\/wp\/v2\/media\/48690"}],"wp:attachment":[{"href":"https:\/\/galicianparts.com\/shop\/wp-json\/wp\/v2\/media?parent=48689"}],"wp:term":[{"taxonomy":"product_cat","embeddable":true,"href":"https:\/\/galicianparts.com\/shop\/wp-json\/wp\/v2\/product_cat?post=48689"},{"taxonomy":"product_tag","embeddable":true,"href":"https:\/\/galicianparts.com\/shop\/wp-json\/wp\/v2\/product_tag?post=48689"}],"curies":[{"name":"wp","href":"https:\/\/api.w.org\/{rel}","templated":true}]}}