{"id":48695,"date":"2022-06-02T09:07:05","date_gmt":"2022-06-02T07:07:05","guid":{"rendered":"https:\/\/galicianparts.com\/shop\/producto\/95495507-cable-cuentakilometros-l-920mm-fiat-242-citroen-c35-2-cv-nuevo-original\/"},"modified":"2025-01-15T13:21:44","modified_gmt":"2025-01-15T11:21:44","slug":"95495507-cable-cuentakilometros-l-920mm-fiat-242-citroen-c35-2-cv-nuevo-original","status":"publish","type":"product","link":"https:\/\/galicianparts.com\/shop\/producto\/95495507-cable-cuentakilometros-l-920mm-fiat-242-citroen-c35-2-cv-nuevo-original\/","title":{"rendered":"95495507 Cable cuentakil\u00f3metros L 920mm Fiat 242 \/ Citroen C35 \/ 2 CV NUEVO ORIGINAL"},"content":{"rendered":"<p>5495507 Cable del veloc\u00edmetro de:<\/p>\n<p>FIAT &#8211; 242<\/p>\n<p>CITRO\u00cbN 2CV Berlina<br \/>\n0.4, A\u00f1o 03.1963 &#8211; 02.1970, 425 , 16<br \/>\n0.4, A\u00f1o 01.1970 &#8211; 12.1975, 435 , 23<br \/>\n0.6, A\u00f1o 09.1975 &#8211; 06.1981, 602 , 24<br \/>\n0.6, A\u00f1o 08.1979 &#8211; 07.1990, 602 , 27<br \/>\n0.6, A\u00f1o 02.1970 &#8211; 10.1985, 602 , 29<\/p>\n<p>CITRO\u00cbN C35<br \/>\n2.0, A\u00f1o 10.1986 &#8211; 09.1990, 1985 , 64<br \/>\n2.0, A\u00f1o 11.1973 &#8211; 01.1994, 1985 , 88<br \/>\n2.2 D, A\u00f1o 11.1973 &#8211; 01.1980, 2175 , 61<br \/>\n2.5 D, A\u00f1o 02.1980 &#8211; 01.1994, 2498 , 69<\/p>\n<p>LA PIEZA ES NUEVA Y ORIGINAL.<\/p>\n","protected":false},"excerpt":{"rendered":"<p>5495507 Cable del veloc\u00edmetro de: FIAT &#8211; 242 CITRO\u00cbN 2CV Berlina 0.4, A\u00f1o 03.1963 &#8211; 02.1970, 425 , 16 0.4, A\u00f1o 01.1970 &#8211; 12.1975, 435 , 23 0.6, A\u00f1o 09.1975 &#8211; 06.1981, 602 , 24 0.6, A\u00f1o 08.1979 &#8211; 07.1990, 602 , 27 0.6, A\u00f1o 02.1970 &#8211; 10.1985, 602 , 29 CITRO\u00cbN C35 2.0, A\u00f1o [&hellip;]<\/p>\n","protected":false},"featured_media":48696,"template":"","meta":{"_seopress_robots_primary_cat":"","_seopress_titles_title":"","_seopress_titles_desc":"","_seopress_robots_index":""},"product_cat":[73,343,133,23,20],"product_tag":[],"class_list":{"0":"post-48695","1":"product","2":"type-product","3":"status-publish","4":"has-post-thumbnail","6":"product_cat-recambios-fiat-242","7":"product_cat-recambios-citroen-2cv","8":"product_cat-recambios-citroen-c35","9":"product_cat-recambios-citroen","10":"product_cat-recambios-fiat","12":"first","13":"outofstock","14":"taxable","15":"shipping-taxable","16":"purchasable","17":"product-type-simple"},"_links":{"self":[{"href":"https:\/\/galicianparts.com\/shop\/wp-json\/wp\/v2\/product\/48695"}],"collection":[{"href":"https:\/\/galicianparts.com\/shop\/wp-json\/wp\/v2\/product"}],"about":[{"href":"https:\/\/galicianparts.com\/shop\/wp-json\/wp\/v2\/types\/product"}],"wp:featuredmedia":[{"embeddable":true,"href":"https:\/\/galicianparts.com\/shop\/wp-json\/wp\/v2\/media\/48696"}],"wp:attachment":[{"href":"https:\/\/galicianparts.com\/shop\/wp-json\/wp\/v2\/media?parent=48695"}],"wp:term":[{"taxonomy":"product_cat","embeddable":true,"href":"https:\/\/galicianparts.com\/shop\/wp-json\/wp\/v2\/product_cat?post=48695"},{"taxonomy":"product_tag","embeddable":true,"href":"https:\/\/galicianparts.com\/shop\/wp-json\/wp\/v2\/product_tag?post=48695"}],"curies":[{"name":"wp","href":"https:\/\/api.w.org\/{rel}","templated":true}]}}