{"id":49714,"date":"2022-06-09T10:31:46","date_gmt":"2022-06-09T08:31:46","guid":{"rendered":"https:\/\/galicianparts.com\/shop\/producto\/4pk675-correa-auxiliar-gates-4pk675-fiat-lancia-kia-hyundai-autobianchi\/"},"modified":"2023-03-01T21:27:08","modified_gmt":"2023-03-01T19:27:08","slug":"4pk675-correa-auxiliar-gates-4pk675-fiat-lancia-kia-hyundai-autobianchi","status":"publish","type":"product","link":"https:\/\/galicianparts.com\/shop\/producto\/4pk675-correa-auxiliar-gates-4pk675-fiat-lancia-kia-hyundai-autobianchi\/","title":{"rendered":"4PK675 Correa auxiliar Gates 4PK675 Fiat \/ Lancia \/ Kia \/ Hyundai \/ Autobianchi"},"content":{"rendered":"<p>Correa de instrumentos GATES 4PK675 de:<br \/>\nLargo: 675mm<br \/>\nAncho: 14mm<br \/>\nFIAT Cinquecento (170)<br \/>\n1.1 Sporting, A\u00f1o 10.1994 &#8211; 01.1998, 1108 , 54<br \/>\nFIAT Panda I Hatchback (141)<br \/>\n1.0 i.e. KAT, A\u00f1o 10.1987 &#8211; 08.1998, 999 , 45<br \/>\n1.1, A\u00f1o 05.1991 &#8211; 12.1999, 1108 , 50<br \/>\n1.1, A\u00f1o 02.1995 &#8211; 09.2003, 1108 , 54<br \/>\n1.1 4&#215;4, A\u00f1o 02.1995 &#8211; 07.2004, 1108 , 54<br \/>\n1.1 Trekking 4&#215;4, A\u00f1o 10.1991 &#8211; 07.2004, 1108 , 50<br \/>\nFIAT Punto I Hatchback (176)<br \/>\n1.2 16V, A\u00f1o 04.1997 &#8211; 09.1999, 1242 , 86<br \/>\n1.1 55, A\u00f1o 09.1993 &#8211; 09.1999, 1108 , 54<br \/>\n1.2 60, A\u00f1o 01.1994 &#8211; 09.1999, 1242 , 58<br \/>\n1.2 60, A\u00f1o 09.1993 &#8211; 09.1999, 1242 , 60<br \/>\n1.2 75, A\u00f1o 10.1993 &#8211; 09.1999, 1242 , 73<br \/>\nFIAT Punto I Cabrio (176)<br \/>\n1.2 60, A\u00f1o 04.1994 &#8211; 06.2000, 1242 , 58<br \/>\n1.2 60, A\u00f1o 05.1995 &#8211; 06.2000, 1242 , 60<br \/>\n1.2 16V 85, A\u00f1o 04.1997 &#8211; 06.2000, 1242 , 86<br \/>\nFIAT Brava Hatchback (182)<br \/>\n1.2 16V 80, A\u00f1o 10.2000 &#8211; 10.2001, 1242 , 80<br \/>\n1.2 16V 80, A\u00f1o 12.1998 &#8211; 12.2002, 1242 , 82<br \/>\nFIAT Bravo I Hatchback (182)<br \/>\n1.2 16V 80, A\u00f1o 10.2000 &#8211; 10.2001, 1242 , 80<br \/>\n1.2 16V 80, A\u00f1o 12.1998 &#8211; 10.2000, 1242 , 82<br \/>\nFIAT Marea (185)<br \/>\n1.2 16V, A\u00f1o 10.1998 &#8211; 05.2002, 1242 , 82<br \/>\nFIAT Palio I Hatchback (178)<br \/>\n1.1, A\u00f1o 07.1997 &#8211; 10.2003, 1108 , 54<br \/>\n1.2, A\u00f1o 07.1997 &#8211; 08.2002, 1242 , 60<br \/>\n1.2, A\u00f1o 06.1999 &#8211; 10.2000, 1242 , 68<br \/>\n1.2, A\u00f1o 06.1998 &#8211; &#8230;, 1242 , 73<br \/>\n1.4, A\u00f1o 10.2005 &#8211; &#8230;, 1368 , 78<br \/>\nFIAT Palio I Weekend (178)<br \/>\n1.2, A\u00f1o 07.1997 &#8211; 10.2004, 1242 , 60<br \/>\n1.2, A\u00f1o 06.1999 &#8211; 10.2002, 1242 , 68<br \/>\n1.2, A\u00f1o 04.1996 &#8211; 02.2001, 1242 , 73<br \/>\n1.2, A\u00f1o 09.2001 &#8211; 10.2004, 1242 , 80<br \/>\nFIAT Seicento \/ 600 Hatchback (187)<br \/>\n1.1, A\u00f1o 01.1998 &#8211; 01.2010, 1108 , 54<br \/>\nFIAT Strada Pick-up (178)<br \/>\n1.2, A\u00f1o 04.2003 &#8211; &#8230;, 1242 , 60<br \/>\n1.2, A\u00f1o 06.1999 &#8211; 12.2006, 1242 , 73<br \/>\nFIAT Punto II Hatchback (188)<br \/>\n1.2 16V 80, A\u00f1o 09.1999 &#8211; 12.2006, 1242 , 80<br \/>\n1.2 60, A\u00f1o 09.1999 &#8211; 12.2010, 1242 , 60<br \/>\n1.2 Bipower (188BXA1A), A\u00f1o 08.2001 &#8211; 05.2003, 1242 , 60<br \/>\n1.4, A\u00f1o 09.2003 &#8211; 03.2012, 1368 , 95<br \/>\nFIAT Panda Van (141)<br \/>\n1.1, A\u00f1o 05.1991 &#8211; 03.1995, 1108 , 50<br \/>\n1.1, A\u00f1o 09.2000 &#8211; 02.2004, 1108 , 54<br \/>\n1.1 4&#215;4, A\u00f1o 09.2000 &#8211; 02.2004, 1108 , 54<br \/>\n1.0 i.e, A\u00f1o 08.1992 &#8211; 02.2004, 999 , 45<br \/>\nFIAT Siena (178, 172)<br \/>\n1.2, A\u00f1o 09.2001 &#8211; 12.2009, 1242 , 60<br \/>\n1.2, A\u00f1o 09.1998 &#8211; 12.2009, 1242 , 73<br \/>\n1.2, A\u00f1o 09.2001 &#8211; 12.2009, 1242 , 80<br \/>\n1.4, A\u00f1o 01.2007 &#8211; 12.2009, 1368 , 77<br \/>\n1.4 8V, A\u00f1o 04.2006 &#8211; 12.2010, 1368 , 82<br \/>\nFIAT Doblo I (119, 223)<br \/>\n1.2, A\u00f1o 03.2001 &#8211; &#8230;, 1242 , 65<br \/>\nFIAT Stilo (192)<br \/>\n1.2 16V, A\u00f1o 02.2002 &#8211; 11.2006, 1242 , 80<br \/>\n1.4 16V, A\u00f1o 03.2005 &#8211; 11.2006, 1368 , 90<br \/>\n1.4 16V, A\u00f1o 01.2004 &#8211; 11.2006, 1368 , 95<br \/>\nFIAT Idea (350)<br \/>\n1.2 16V, A\u00f1o 01.2004 &#8211; &#8230;, 1242 , 80<br \/>\n1.4, A\u00f1o 12.2003 &#8211; &#8230;, 1368 , 90<br \/>\n1.4 16V, A\u00f1o 01.2004 &#8211; &#8230;, 1368 , 95<br \/>\nFIAT Uno Cargo<br \/>\n1.2 (146AE), A\u00f1o 11.2009 &#8211; 08.2013, 1242 , 68<br \/>\nFIAT Stilo Furg\u00f3n \/ Familiar (192) (A\u00f1o 10.2001 &#8211; 08.2008)<br \/>\n1.4 (192DXH1B), A\u00f1o 01.2004 &#8211; 08.2008, 1368 , 95<\/p>\n<p>LANCIA Y10 (156)<br \/>\n1.1 Avenue, A\u00f1o 01.1995 &#8211; 12.1995, 1108 , 54<br \/>\n1.1 Avenue Allrad, A\u00f1o 01.1995 &#8211; 12.1995, 1108 , 54<br \/>\n1.1 i.e, A\u00f1o 08.1989 &#8211; 06.1992, 1108 , 57<br \/>\n1.1 i.e Allrad, A\u00f1o 08.1989 &#8211; 06.1992, 1108 , 57<br \/>\n1.1 i.e. Fire, A\u00f1o 07.1989 &#8211; 09.1995, 1108 , 50<br \/>\n1.1 i.e. Fire Allrad, A\u00f1o 09.1992 &#8211; 12.1995, 1108 , 50<br \/>\nLANCIA Y (840)<br \/>\n1.1, A\u00f1o 11.1995 &#8211; 09.2003, 1108 , 54<br \/>\n1.2, A\u00f1o 03.1996 &#8211; 09.2003, 1242 , 60<br \/>\n1.2 16V, A\u00f1o 04.1997 &#8211; 09.2003, 1242 , 86<br \/>\n1.2 16V, A\u00f1o 10.2000 &#8211; 09.2003, 1242 , 80<br \/>\nLANCIA Ypsilon II (843)<br \/>\n1.2, A\u00f1o 10.2003 &#8211; 12.2011, 1242 , 80<br \/>\n1.4 16V, A\u00f1o 10.2003 &#8211; 12.2011, 1368 , 95<\/p>\n<p>AUTOBIANCHI Y10 Hatchback<br \/>\n1.1, A\u00f1o 02.1990 &#8211; 09.1992, 1108 , 50<br \/>\n1.1, A\u00f1o 06.1989 &#8211; 10.1995, 1108 , 57<\/p>\n<p>HYUNDAI Atos (MX)<br \/>\n1.0 i, A\u00f1o 02.1998 &#8211; 12.2000, 999 , 54<br \/>\n1.0 i, A\u00f1o 02.1998 &#8211; 03.2002, 999 , 56<br \/>\n1.0 i, A\u00f1o 03.2001 &#8211; 07.2003, 999 , 58<br \/>\n1.1, A\u00f1o 08.2003 &#8211; 12.2008, 1086 , 58<br \/>\n1.1, A\u00f1o 06.2003 &#8211; 12.2010, 1086 , 61<br \/>\n1.1, A\u00f1o 08.2003 &#8211; 12.2008, 1086 , 63<br \/>\nHYUNDAI Getz (TB)<br \/>\n1.1, A\u00f1o 09.2002 &#8211; 09.2005, 1086 , 63<br \/>\n1.1, A\u00f1o 09.2005 &#8211; 06.2009, 1086 , 67<br \/>\nHYUNDAI i10 I (PA)<br \/>\n1.1, A\u00f1o 12.2007 &#8211; 12.2013, 1086 , 65<br \/>\n1.1, A\u00f1o 01.2008 &#8211; 12.2013, 1086 , 67<br \/>\n1.1, A\u00f1o 11.2008 &#8211; 12.2013, 1086 , 68<br \/>\n1.1, A\u00f1o 04.2011 &#8211; 12.2013, 1086 , 69<br \/>\n1.1 LPG, A\u00f1o 01.2009 &#8211; 12.2013, 1086 , 65<br \/>\n1.1 LPG, A\u00f1o 04.2011 &#8211; 12.2013, 1086 , 69<\/p>\n<p>KIA Picanto I (SA)<br \/>\n1.0, A\u00f1o 04.2004 &#8211; &#8230;, 999 , 61<br \/>\n1.0, A\u00f1o 09.2007 &#8211; &#8230;, 999 , 63<br \/>\n1.0, A\u00f1o 04.2004 &#8211; 04.2011, 999 , 72<br \/>\n1.0 LPG, A\u00f1o 01.2009 &#8211; 04.2011, 999 , 61<br \/>\n1.1, A\u00f1o 04.2004 &#8211; &#8230;, 1086 , 65<br \/>\n1.1 LPG, A\u00f1o 01.2009 &#8211; 04.2011, 1086 , 65<\/p>\n<p>LA PIEZA ES NUEVA Y ORIGINAL GATES<\/p>\n","protected":false},"excerpt":{"rendered":"<p>Correa de instrumentos GATES 4PK675 de: Largo: 675mm Ancho: 14mm FIAT Cinquecento (170) 1.1 Sporting, A\u00f1o 10.1994 &#8211; 01.1998, 1108 , 54 FIAT Panda I Hatchback (141) 1.0 i.e. KAT, A\u00f1o 10.1987 &#8211; 08.1998, 999 , 45 1.1, A\u00f1o 05.1991 &#8211; 12.1999, 1108 , 50 1.1, A\u00f1o 02.1995 &#8211; 09.2003, 1108 , 54 1.1 4&#215;4, [&hellip;]<\/p>\n","protected":false},"featured_media":49720,"template":"","meta":{"_seopress_robots_primary_cat":"","_seopress_titles_title":"","_seopress_titles_desc":"","_seopress_robots_index":""},"product_cat":[320,25,81,82,84,87,20,288,271,293,93,22,21,95,98,99,60,101,106,107,108,109,114,64,126,127],"product_tag":[],"class_list":{"0":"post-49714","1":"product","2":"type-product","3":"status-publish","4":"has-post-thumbnail","6":"product_cat-recambios-hyundai-atos","7":"product_cat-recambios-autobianchi","8":"product_cat-recambios-fiat-brava","9":"product_cat-recambios-fiat-bravo","10":"product_cat-recambios-fiat-cinquecento","11":"product_cat-recambios-fiat-doblo","12":"product_cat-recambios-fiat","13":"product_cat-recambios-hyundai-getz","14":"product_cat-recambios-hyundai","15":"product_cat-recambios-hyundai-i10","16":"product_cat-recambios-fiat-idea","17":"product_cat-recambios-kia","18":"product_cat-recambios-lancia","19":"product_cat-recambios-fiat-marea","20":"product_cat-recambios-fiat-palio","21":"product_cat-recambios-fiat-panda","22":"product_cat-recambios-kia-picanto","23":"product_cat-recambios-fiat-punto","24":"product_cat-recambios-fiat-seicento","25":"product_cat-recambios-fiat-siena","26":"product_cat-recambios-fiat-stilo","27":"product_cat-recambios-fiat-strada","28":"product_cat-recambios-fiat-uno","29":"product_cat-recambios-autobianchi-y10","30":"product_cat-recambios-lancia-y10","31":"product_cat-recambios-lancia-ypsilon","33":"first","34":"outofstock","35":"taxable","36":"shipping-taxable","37":"purchasable","38":"product-type-simple"},"_links":{"self":[{"href":"https:\/\/galicianparts.com\/shop\/wp-json\/wp\/v2\/product\/49714"}],"collection":[{"href":"https:\/\/galicianparts.com\/shop\/wp-json\/wp\/v2\/product"}],"about":[{"href":"https:\/\/galicianparts.com\/shop\/wp-json\/wp\/v2\/types\/product"}],"wp:featuredmedia":[{"embeddable":true,"href":"https:\/\/galicianparts.com\/shop\/wp-json\/wp\/v2\/media\/49720"}],"wp:attachment":[{"href":"https:\/\/galicianparts.com\/shop\/wp-json\/wp\/v2\/media?parent=49714"}],"wp:term":[{"taxonomy":"product_cat","embeddable":true,"href":"https:\/\/galicianparts.com\/shop\/wp-json\/wp\/v2\/product_cat?post=49714"},{"taxonomy":"product_tag","embeddable":true,"href":"https:\/\/galicianparts.com\/shop\/wp-json\/wp\/v2\/product_tag?post=49714"}],"curies":[{"name":"wp","href":"https:\/\/api.w.org\/{rel}","templated":true}]}}