{"id":49814,"date":"2022-06-09T14:05:29","date_gmt":"2022-06-09T12:05:29","guid":{"rendered":"https:\/\/galicianparts.com\/shop\/producto\/343269-amortiguador-trasero-kyb-fiat-punto-lancia-ypsilon-nuevo-kayaba\/"},"modified":"2022-06-09T14:08:17","modified_gmt":"2022-06-09T12:08:17","slug":"343269-amortiguador-trasero-kyb-fiat-punto-lancia-ypsilon-nuevo-kayaba","status":"publish","type":"product","link":"https:\/\/galicianparts.com\/shop\/producto\/343269-amortiguador-trasero-kyb-fiat-punto-lancia-ypsilon-nuevo-kayaba\/","title":{"rendered":"343269 Amortiguador trasero KYB Fiat Punto \/ Lancia Ypsilon NUEVO KAYABA"},"content":{"rendered":"<p>Amortiguador SUPER KYB  de gas de la suspensi\u00f3n trasera de:<br \/>\nFIAT Punto I Hatchback (176)<br \/>\n1.2 16V, A\u00f1o 04.1997 &#8211; 09.1999, 1242 , 86<br \/>\n1.6, A\u00f1o 01.1994 &#8211; 04.1997, 1581 , 88<br \/>\n1.7 D, A\u00f1o 04.1994 &#8211; 09.1997, 1698 , 57<br \/>\n1.7 TD, A\u00f1o 09.1996 &#8211; 09.1999, 1698 , 63<br \/>\n1.7 TD, A\u00f1o 01.1994 &#8211; 09.1999, 1698 , 69<br \/>\n1.7 TD, A\u00f1o 01.1994 &#8211; 09.1999, 1698 , 71<br \/>\n1.1 55, A\u00f1o 09.1993 &#8211; 09.1999, 1108 , 54<br \/>\n1.2 60, A\u00f1o 01.1994 &#8211; 09.1999, 1242 , 58<br \/>\n1.2 60, A\u00f1o 09.1993 &#8211; 09.1999, 1242 , 60<br \/>\n1.2 75, A\u00f1o 10.1993 &#8211; 09.1999, 1242 , 73<br \/>\nFIAT Punto I Cabrio (176)<br \/>\n1.2 60, A\u00f1o 04.1994 &#8211; 06.2000, 1242 , 58<br \/>\n1.2 60, A\u00f1o 05.1995 &#8211; 06.2000, 1242 , 60<br \/>\n1.2 16V 85, A\u00f1o 04.1997 &#8211; 06.2000, 1242 , 86<br \/>\n1.6 90, A\u00f1o 04.1994 &#8211; 04.1997, 1581 , 88<br \/>\nFIAT Punto I Van (176)<br \/>\n1.1, A\u00f1o 04.1996 &#8211; 02.2000, 1108 , 54<br \/>\n1.7 D, A\u00f1o 04.1996 &#8211; 02.2000, 1698 , 57<br \/>\n1.7 TD, A\u00f1o 09.1996 &#8211; 09.1999, 1698 , 63<br \/>\n1.7 TD, A\u00f1o 04.1996 &#8211; 02.2000, 1698 , 71<\/p>\n<p>LANCIA Y (840)<br \/>\n1.1, A\u00f1o 11.1995 &#8211; 09.2003, 1108 , 54<br \/>\n1.2, A\u00f1o 03.1996 &#8211; 09.2003, 1242 , 60<br \/>\n1.2 16V, A\u00f1o 04.1997 &#8211; 09.2003, 1242 , 86<br \/>\n1.2 16V, A\u00f1o 10.2000 &#8211; 09.2003, 1242 , 80<br \/>\n1.4 12V, A\u00f1o 10.1996 &#8211; 09.2003, 1370 , 80<br \/>\n1.4 12V, A\u00f1o 03.1996 &#8211; 09.2003, 1370 , 75<\/p>\n<p>LA PIEZA ES NUEVA KAYABA<\/p>\n","protected":false},"excerpt":{"rendered":"<p>Amortiguador SUPER KYB de gas de la suspensi\u00f3n trasera de: FIAT Punto I Hatchback (176) 1.2 16V, A\u00f1o 04.1997 &#8211; 09.1999, 1242 , 86 1.6, A\u00f1o 01.1994 &#8211; 04.1997, 1581 , 88 1.7 D, A\u00f1o 04.1994 &#8211; 09.1997, 1698 , 57 1.7 TD, A\u00f1o 09.1996 &#8211; 09.1999, 1698 , 63 1.7 TD, A\u00f1o 01.1994 &#8211; [&hellip;]<\/p>\n","protected":false},"featured_media":49815,"template":"","meta":{"_seopress_robots_primary_cat":"","_seopress_titles_title":"","_seopress_titles_desc":"","_seopress_robots_index":""},"product_cat":[20,21,101,127],"product_tag":[],"class_list":{"0":"post-49814","1":"product","2":"type-product","3":"status-publish","4":"has-post-thumbnail","6":"product_cat-recambios-fiat","7":"product_cat-recambios-lancia","8":"product_cat-recambios-fiat-punto","9":"product_cat-recambios-lancia-ypsilon","11":"first","12":"instock","13":"taxable","14":"shipping-taxable","15":"purchasable","16":"product-type-simple"},"_links":{"self":[{"href":"https:\/\/galicianparts.com\/shop\/wp-json\/wp\/v2\/product\/49814"}],"collection":[{"href":"https:\/\/galicianparts.com\/shop\/wp-json\/wp\/v2\/product"}],"about":[{"href":"https:\/\/galicianparts.com\/shop\/wp-json\/wp\/v2\/types\/product"}],"wp:featuredmedia":[{"embeddable":true,"href":"https:\/\/galicianparts.com\/shop\/wp-json\/wp\/v2\/media\/49815"}],"wp:attachment":[{"href":"https:\/\/galicianparts.com\/shop\/wp-json\/wp\/v2\/media?parent=49814"}],"wp:term":[{"taxonomy":"product_cat","embeddable":true,"href":"https:\/\/galicianparts.com\/shop\/wp-json\/wp\/v2\/product_cat?post=49814"},{"taxonomy":"product_tag","embeddable":true,"href":"https:\/\/galicianparts.com\/shop\/wp-json\/wp\/v2\/product_tag?post=49814"}],"curies":[{"name":"wp","href":"https:\/\/api.w.org\/{rel}","templated":true}]}}