{"id":50262,"date":"2022-06-14T12:31:17","date_gmt":"2022-06-14T10:31:17","guid":{"rendered":"https:\/\/galicianparts.com\/shop\/producto\/5882201-kit-juntas-motor-1-6-lancia-delta-i-prisma-fiat-regata-ritmo-original\/"},"modified":"2022-10-04T10:10:48","modified_gmt":"2022-10-04T08:10:48","slug":"5882201-kit-juntas-motor-1-6-lancia-delta-i-prisma-fiat-regata-ritmo-original","status":"publish","type":"product","link":"https:\/\/galicianparts.com\/shop\/producto\/5882201-kit-juntas-motor-1-6-lancia-delta-i-prisma-fiat-regata-ritmo-original\/","title":{"rendered":"5882201 Kit juntas motor 1.6 Lancia Delta I \/Prisma \/Fiat Regata \/Ritmo ORIGINAL"},"content":{"rendered":"<p>Juego, set de juntas del motor de:<br \/>\nFIAT Regata Berlina (138)<br \/>\n1.6 Super 100, A\u00f1o 10.1983 &#8211; 07.1989, 1585 , 95<br \/>\n1.6 Super 100, A\u00f1o 10.1983 &#8211; 12.1990, 1585 , 101<br \/>\nFIAT Regata Weekend<br \/>\n1.6 100, A\u00f1o 09.1984 &#8211; 12.1990, 1585 , 101<br \/>\nFIAT Ritmo I Hatchback (138)<br \/>\n1.6 100, A\u00f1o 01.1983 &#8211; 12.1987, 1585 , 100<\/p>\n<p>LANCIA Delta I (831)<br \/>\n1.6 GT i.e., A\u00f1o 05.1987 &#8211; 08.1992, 1585 , 90<br \/>\nLANCIA Prisma (831)<br \/>\n1.6, A\u00f1o 08.1986 &#8211; 02.1992, 1585 , 99<\/p>\n<p>LA PIEZA ES NUEVA Y ORIGINAL.<\/p>\n","protected":false},"excerpt":{"rendered":"<p>Juego, set de juntas del motor de: FIAT Regata Berlina (138) 1.6 Super 100, A\u00f1o 10.1983 &#8211; 07.1989, 1585 , 95 1.6 Super 100, A\u00f1o 10.1983 &#8211; 12.1990, 1585 , 101 FIAT Regata Weekend 1.6 100, A\u00f1o 09.1984 &#8211; 12.1990, 1585 , 101 FIAT Ritmo I Hatchback (138) 1.6 100, A\u00f1o 01.1983 &#8211; 12.1987, 1585 [&hellip;]<\/p>\n","protected":false},"featured_media":50267,"template":"","meta":{"_seopress_robots_primary_cat":"","_seopress_titles_title":"","_seopress_titles_desc":"","_seopress_robots_index":""},"product_cat":[118,20,21,123,102,103],"product_tag":[],"class_list":{"0":"post-50262","1":"product","2":"type-product","3":"status-publish","4":"has-post-thumbnail","6":"product_cat-recambios-lancia-delta","7":"product_cat-recambios-fiat","8":"product_cat-recambios-lancia","9":"product_cat-recambios-lancia-prisma","10":"product_cat-recambios-fiat-regata","11":"product_cat-recambios-fiat-ritmo","13":"first","14":"outofstock","15":"taxable","16":"shipping-taxable","17":"purchasable","18":"product-type-simple"},"_links":{"self":[{"href":"https:\/\/galicianparts.com\/shop\/wp-json\/wp\/v2\/product\/50262"}],"collection":[{"href":"https:\/\/galicianparts.com\/shop\/wp-json\/wp\/v2\/product"}],"about":[{"href":"https:\/\/galicianparts.com\/shop\/wp-json\/wp\/v2\/types\/product"}],"wp:featuredmedia":[{"embeddable":true,"href":"https:\/\/galicianparts.com\/shop\/wp-json\/wp\/v2\/media\/50267"}],"wp:attachment":[{"href":"https:\/\/galicianparts.com\/shop\/wp-json\/wp\/v2\/media?parent=50262"}],"wp:term":[{"taxonomy":"product_cat","embeddable":true,"href":"https:\/\/galicianparts.com\/shop\/wp-json\/wp\/v2\/product_cat?post=50262"},{"taxonomy":"product_tag","embeddable":true,"href":"https:\/\/galicianparts.com\/shop\/wp-json\/wp\/v2\/product_tag?post=50262"}],"curies":[{"name":"wp","href":"https:\/\/api.w.org\/{rel}","templated":true}]}}