{"id":50877,"date":"2022-06-17T11:45:39","date_gmt":"2022-06-17T09:45:39","guid":{"rendered":"https:\/\/galicianparts.com\/shop\/producto\/99485240-tubo-recuperacion-inyeccion-fiat-ducato-94-02-citroen-jumper-peugeot-boxer-original\/"},"modified":"2024-11-07T12:14:31","modified_gmt":"2024-11-07T10:14:31","slug":"99485240-tubo-recuperacion-inyeccion-fiat-ducato-94-02-citroen-jumper-peugeot-boxer-original","status":"publish","type":"product","link":"https:\/\/galicianparts.com\/shop\/producto\/99485240-tubo-recuperacion-inyeccion-fiat-ducato-94-02-citroen-jumper-peugeot-boxer-original\/","title":{"rendered":"99485240 Tubo recuperaci\u00f3n inyecci\u00f3n Fiat Ducato (94-02) Citro\u00ebn Jumper \/Peugeot Boxer ORIGINAL"},"content":{"rendered":"<p>Manguito de retorno del combustible de la inyecci\u00f3n a la bomba de gasoil de:<br \/>\nLargo: 580 mm.<br \/>\nFIAT PROFESSIONAL &#8211; PE DUCATO&#8217;94 DIESEL (1994-2002) TERMO ARRANQUE \/ (2500 TD \/ 2500 TD EGR)<br \/>\nFIAT PROFESSIONAL &#8211; PE DUCATO&#8217;94 DIESEL (1994-2002) TERMO ARRANQUE \/ (2800 TD \/ 2800 TD EGR)<br \/>\nFIAT PROFESSIONAL &#8211; PE DUCATO&#8217;94 DIESEL (1994-2002) TERMO ARRANQUE \/ 2500 TD ECO<br \/>\nCITROEN &#8211; JUMPER<br \/>\nPEUGEOT &#8211; BOXER<\/p>\n<p>LA PIEZA ES NUEVA Y ORIGINAL.<\/p>\n","protected":false},"excerpt":{"rendered":"<p>Manguito de retorno del combustible de la inyecci\u00f3n a la bomba de gasoil de: Largo: 580 mm. FIAT PROFESSIONAL &#8211; PE DUCATO&#8217;94 DIESEL (1994-2002) TERMO ARRANQUE \/ (2500 TD \/ 2500 TD EGR) FIAT PROFESSIONAL &#8211; PE DUCATO&#8217;94 DIESEL (1994-2002) TERMO ARRANQUE \/ (2800 TD \/ 2800 TD EGR) FIAT PROFESSIONAL &#8211; PE DUCATO&#8217;94 DIESEL [&hellip;]<\/p>\n","protected":false},"featured_media":50879,"template":"","meta":{"_seopress_robots_primary_cat":"","_seopress_titles_title":"","_seopress_titles_desc":"","_seopress_robots_index":""},"product_cat":[155,23,88,20,137,24],"product_tag":[],"class_list":{"0":"post-50877","1":"product","2":"type-product","3":"status-publish","4":"has-post-thumbnail","6":"product_cat-recambios-peugeot-boxer","7":"product_cat-recambios-citroen","8":"product_cat-recambios-fiat-ducato","9":"product_cat-recambios-fiat","10":"product_cat-recambios-citroen-jumper","11":"product_cat-recambios-peugeot","13":"first","14":"outofstock","15":"taxable","16":"shipping-taxable","17":"purchasable","18":"product-type-simple"},"_links":{"self":[{"href":"https:\/\/galicianparts.com\/shop\/wp-json\/wp\/v2\/product\/50877"}],"collection":[{"href":"https:\/\/galicianparts.com\/shop\/wp-json\/wp\/v2\/product"}],"about":[{"href":"https:\/\/galicianparts.com\/shop\/wp-json\/wp\/v2\/types\/product"}],"wp:featuredmedia":[{"embeddable":true,"href":"https:\/\/galicianparts.com\/shop\/wp-json\/wp\/v2\/media\/50879"}],"wp:attachment":[{"href":"https:\/\/galicianparts.com\/shop\/wp-json\/wp\/v2\/media?parent=50877"}],"wp:term":[{"taxonomy":"product_cat","embeddable":true,"href":"https:\/\/galicianparts.com\/shop\/wp-json\/wp\/v2\/product_cat?post=50877"},{"taxonomy":"product_tag","embeddable":true,"href":"https:\/\/galicianparts.com\/shop\/wp-json\/wp\/v2\/product_tag?post=50877"}],"curies":[{"name":"wp","href":"https:\/\/api.w.org\/{rel}","templated":true}]}}