{"id":53509,"date":"2022-07-20T17:53:17","date_gmt":"2022-07-20T15:53:17","guid":{"rendered":"https:\/\/galicianparts.com\/shop\/producto\/82294799-rele-limpiaparabrisas-lancia-beta-nuevo-original-magneti-marelli\/"},"modified":"2022-07-21T00:47:50","modified_gmt":"2022-07-20T22:47:50","slug":"82294799-rele-limpiaparabrisas-lancia-beta-nuevo-original-magneti-marelli","status":"publish","type":"product","link":"https:\/\/galicianparts.com\/shop\/producto\/82294799-rele-limpiaparabrisas-lancia-beta-nuevo-original-magneti-marelli\/","title":{"rendered":"82294799 Rel\u00e9 limpiaparabrisas Lancia Beta NUEVO ORIGINAL MAGNETI MARELLI"},"content":{"rendered":"<p>Intermitente, rel\u00e9 de regulaci\u00f3n de intermitencia del limpiaparabrisas de:<br \/>\nLANCIA BETA COUPE \/ BERLINA \/ MONTECARLO<\/p>\n<p>LA PIEZA ES NUEVA Y ORIGINAL.<\/p>\n","protected":false},"excerpt":{"rendered":"<p>Intermitente, rel\u00e9 de regulaci\u00f3n de intermitencia del limpiaparabrisas de: LANCIA BETA COUPE \/ BERLINA \/ MONTECARLO LA PIEZA ES NUEVA Y ORIGINAL.<\/p>\n","protected":false},"featured_media":53510,"template":"","meta":{"_seopress_robots_primary_cat":"","_seopress_titles_title":"","_seopress_titles_desc":"","_seopress_robots_index":""},"product_cat":[116,21,243],"product_tag":[],"class_list":{"0":"post-53509","1":"product","2":"type-product","3":"status-publish","4":"has-post-thumbnail","6":"product_cat-recambios-lancia-beta","7":"product_cat-recambios-lancia","8":"product_cat-recambios-lancia-scorpion","10":"first","11":"outofstock","12":"taxable","13":"shipping-taxable","14":"purchasable","15":"product-type-simple"},"_links":{"self":[{"href":"https:\/\/galicianparts.com\/shop\/wp-json\/wp\/v2\/product\/53509"}],"collection":[{"href":"https:\/\/galicianparts.com\/shop\/wp-json\/wp\/v2\/product"}],"about":[{"href":"https:\/\/galicianparts.com\/shop\/wp-json\/wp\/v2\/types\/product"}],"wp:featuredmedia":[{"embeddable":true,"href":"https:\/\/galicianparts.com\/shop\/wp-json\/wp\/v2\/media\/53510"}],"wp:attachment":[{"href":"https:\/\/galicianparts.com\/shop\/wp-json\/wp\/v2\/media?parent=53509"}],"wp:term":[{"taxonomy":"product_cat","embeddable":true,"href":"https:\/\/galicianparts.com\/shop\/wp-json\/wp\/v2\/product_cat?post=53509"},{"taxonomy":"product_tag","embeddable":true,"href":"https:\/\/galicianparts.com\/shop\/wp-json\/wp\/v2\/product_tag?post=53509"}],"curies":[{"name":"wp","href":"https:\/\/api.w.org\/{rel}","templated":true}]}}