{"id":53658,"date":"2022-07-21T19:29:45","date_gmt":"2022-07-21T17:29:45","guid":{"rendered":"https:\/\/galicianparts.com\/shop\/producto\/4244259-anillo-goma-polea-ciguenal-fiat-125-1500-1600-nuevo-original\/"},"modified":"2023-05-05T05:37:58","modified_gmt":"2023-05-05T03:37:58","slug":"4244259-anillo-goma-polea-ciguenal-fiat-125-1500-1600-nuevo-original","status":"publish","type":"product","link":"https:\/\/galicianparts.com\/shop\/producto\/4244259-anillo-goma-polea-ciguenal-fiat-125-1500-1600-nuevo-original\/","title":{"rendered":"4244259 Anillo goma polea cig\u00fce\u00f1al Fiat 125 \/ 1500 \/ 1600 NUEVO ORIGINAL"},"content":{"rendered":"<p>Aro de goma silenciador de la correa dentada inferior de la distribuci\u00f3n de:<br \/>\nDi\u00e1metro exterior: 48mm<br \/>\nDi\u00e1metro interior (estriado): 38mm<\/p>\n<p>FIAT 125<br \/>\nFIAT 1500<br \/>\nFIAT 1600<\/p>\n<p>LA PIEZA ES NUEVA Y ORIGINAL.<\/p>\n","protected":false},"excerpt":{"rendered":"<p>Aro de goma silenciador de la correa dentada inferior de la distribuci\u00f3n de: Di\u00e1metro exterior: 48mm Di\u00e1metro interior (estriado): 38mm FIAT 125 FIAT 1500 FIAT 1600 LA PIEZA ES NUEVA Y ORIGINAL.<\/p>\n","protected":false},"featured_media":53659,"template":"","meta":{"_seopress_robots_primary_cat":"","_seopress_titles_title":"","_seopress_titles_desc":"","_seopress_robots_index":""},"product_cat":[66,78,240,20],"product_tag":[],"class_list":{"0":"post-53658","1":"product","2":"type-product","3":"status-publish","4":"has-post-thumbnail","6":"product_cat-recambios-fiat-125","7":"product_cat-recambios-fiat-1500","8":"product_cat-recambios-fiat-1600","9":"product_cat-recambios-fiat","11":"first","12":"instock","13":"taxable","14":"shipping-taxable","15":"purchasable","16":"product-type-simple"},"_links":{"self":[{"href":"https:\/\/galicianparts.com\/shop\/wp-json\/wp\/v2\/product\/53658"}],"collection":[{"href":"https:\/\/galicianparts.com\/shop\/wp-json\/wp\/v2\/product"}],"about":[{"href":"https:\/\/galicianparts.com\/shop\/wp-json\/wp\/v2\/types\/product"}],"wp:featuredmedia":[{"embeddable":true,"href":"https:\/\/galicianparts.com\/shop\/wp-json\/wp\/v2\/media\/53659"}],"wp:attachment":[{"href":"https:\/\/galicianparts.com\/shop\/wp-json\/wp\/v2\/media?parent=53658"}],"wp:term":[{"taxonomy":"product_cat","embeddable":true,"href":"https:\/\/galicianparts.com\/shop\/wp-json\/wp\/v2\/product_cat?post=53658"},{"taxonomy":"product_tag","embeddable":true,"href":"https:\/\/galicianparts.com\/shop\/wp-json\/wp\/v2\/product_tag?post=53658"}],"curies":[{"name":"wp","href":"https:\/\/api.w.org\/{rel}","templated":true}]}}