{"id":54099,"date":"2022-07-27T16:52:22","date_gmt":"2022-07-27T14:52:22","guid":{"rendered":"https:\/\/galicianparts.com\/shop\/producto\/82421642-junta-tapon-combustible-lancia-delta-hf-tb-thema-fiat-croma-original\/"},"modified":"2026-03-31T13:06:08","modified_gmt":"2026-03-31T11:06:08","slug":"82421642-junta-tapon-combustible-lancia-delta-hf-tb-thema-fiat-croma-original","status":"publish","type":"product","link":"https:\/\/galicianparts.com\/shop\/producto\/82421642-junta-tapon-combustible-lancia-delta-hf-tb-thema-fiat-croma-original\/","title":{"rendered":"82421642 Junta tap\u00f3n combustible Lancia Delta HF TB\/Thema \/Fiat Croma ORIGINAL"},"content":{"rendered":"<p>Junta de cierre del tap\u00f3n de la toma del dep\u00f3sito de gasolina de:<br \/>\nDi\u00e1metro: 60 mm.<br \/>\nFIAT &#8211; MZ CROMA CHT FL.90 (1990-1992)<br \/>\nFIAT &#8211; MY CROMA IE-IE TB. FL.90 (1990-1996)<br \/>\nFIAT &#8211; MY CROMA IE-IE TB. FL.90 (1990-1996) APARATO ANTIEVAPORACION<br \/>\nFIAT &#8211; NQ CROMA IE. 2500 V6 (1993-1996)<br \/>\nFIAT &#8211; MJ CROMA TURBO DS FL.90 (1990-1996)<br \/>\nLANCIA &#8211; RT DELTA 4WD (1986-1991) 2000 8V \/ 2000 8V COMP.MIGLIORATA \/ 2000 16V<br \/>\nLANCIA &#8211; RT DELTA 4WD (1986-1991) 2000 8V USA 83<br \/>\nLANCIA &#8211; TB DELTA R.86 (1986-1992) 1100 CARB \/ 1300 CARB \/ 1500 CARB<br \/>\nLANCIA &#8211; TB DELTA R.86 (1986-1992) 1600 MPI \/ 1600 MPI TB<br \/>\nLANCIA &#8211; TB DELTA R.86 (1986-1992) 1600 MPI<br \/>\nLANCIA &#8211; TB DELTA R.86 (1986-1992) 1600 MPI TB<br \/>\nLANCIA &#8211; TB DELTA R.86 (1986-1992) 1600 SPI USA 83<br \/>\nLANCIA &#8211; TB DELTA R.86 (1986-1992) 1600 MPI TB USA 83<br \/>\nLANCIA &#8211; TB DELTA R.86 (1986-1992) 1930 TB\/DS<br \/>\nLANCIA &#8211; SD THEMA 3.0 V6 FL.92 (1992-1994)<br \/>\nLANCIA &#8211; SZ THEMA R.88 (1988-1992) 2000 8V EM.04 \/ 2000 16V EM.04 \/ 2000 TB 16V EM.04<br \/>\nLANCIA &#8211; SZ THEMA R.88 (1988-1992) 2000 8V USA\/83 \/ 2000 TB 8V USA\/83 \/ 2000 16V USA\/83 \/ 2000 TB 16V USA\/83<br \/>\nLANCIA &#8211; SZ THEMA R.88 (1988-1992) 2500 TB\/DS (8144.97) \/ 2500 TB\/DS (8144.97S)EM.08<br \/>\nLANCIA &#8211; SZ THEMA R.88 (1988-1992) 2850 6V<br \/>\nLANCIA &#8211; SZ THEMA FERRARI (1988-1992) 3000 8.32 \/ 3000 8.32 USA\/83<br \/>\nLANCIA &#8211; SE THEMA I.E. 8V FL.92 (1992-1994)<br \/>\nLANCIA &#8211; SB THEMA IE. 16V FL.92 (1992-1994)<br \/>\nLANCIA &#8211; SC THEMA TURBO DS FL.92 (1992-1994)<\/p>\n<p>LA PIEZA ES NUEVA Y ORIGINAL.<\/p>\n","protected":false},"excerpt":{"rendered":"<p>Junta de cierre del tap\u00f3n de la toma del dep\u00f3sito de gasolina de: Di\u00e1metro: 60 mm. FIAT &#8211; MZ CROMA CHT FL.90 (1990-1992) FIAT &#8211; MY CROMA IE-IE TB. FL.90 (1990-1996) FIAT &#8211; MY CROMA IE-IE TB. FL.90 (1990-1996) APARATO ANTIEVAPORACION FIAT &#8211; NQ CROMA IE. 2500 V6 (1993-1996) FIAT &#8211; MJ CROMA TURBO DS [&hellip;]<\/p>\n","protected":false},"featured_media":54103,"template":"","meta":{"_seopress_robots_primary_cat":"","_seopress_titles_title":"","_seopress_titles_desc":"","_seopress_robots_index":""},"product_cat":[86,118,20,21,124],"product_tag":[],"class_list":{"0":"post-54099","1":"product","2":"type-product","3":"status-publish","4":"has-post-thumbnail","6":"product_cat-recambios-fiat-croma","7":"product_cat-recambios-lancia-delta","8":"product_cat-recambios-fiat","9":"product_cat-recambios-lancia","10":"product_cat-recambios-lancia-thema","12":"first","13":"outofstock","14":"taxable","15":"shipping-taxable","16":"purchasable","17":"product-type-simple"},"_links":{"self":[{"href":"https:\/\/galicianparts.com\/shop\/wp-json\/wp\/v2\/product\/54099"}],"collection":[{"href":"https:\/\/galicianparts.com\/shop\/wp-json\/wp\/v2\/product"}],"about":[{"href":"https:\/\/galicianparts.com\/shop\/wp-json\/wp\/v2\/types\/product"}],"wp:featuredmedia":[{"embeddable":true,"href":"https:\/\/galicianparts.com\/shop\/wp-json\/wp\/v2\/media\/54103"}],"wp:attachment":[{"href":"https:\/\/galicianparts.com\/shop\/wp-json\/wp\/v2\/media?parent=54099"}],"wp:term":[{"taxonomy":"product_cat","embeddable":true,"href":"https:\/\/galicianparts.com\/shop\/wp-json\/wp\/v2\/product_cat?post=54099"},{"taxonomy":"product_tag","embeddable":true,"href":"https:\/\/galicianparts.com\/shop\/wp-json\/wp\/v2\/product_tag?post=54099"}],"curies":[{"name":"wp","href":"https:\/\/api.w.org\/{rel}","templated":true}]}}