{"id":54192,"date":"2022-07-28T08:50:30","date_gmt":"2022-07-28T06:50:30","guid":{"rendered":"https:\/\/galicianparts.com\/shop\/producto\/4224377-correa-auxiliar-alfa-75-145-164-fiat-uno-ritmo-regata-citroen-original\/"},"modified":"2022-07-28T08:52:08","modified_gmt":"2022-07-28T06:52:08","slug":"4224377-correa-auxiliar-alfa-75-145-164-fiat-uno-ritmo-regata-citroen-original","status":"publish","type":"product","link":"https:\/\/galicianparts.com\/shop\/producto\/4224377-correa-auxiliar-alfa-75-145-164-fiat-uno-ritmo-regata-citroen-original\/","title":{"rendered":"4224377 Correa auxiliar Alfa 75 \/145 \/164 \/Fiat Uno \/Ritmo \/Regata \/Citro\u00ebn ORIGINAL"},"content":{"rendered":"<p>Correa de instrumentos de:<br \/>\nLongitud: 810 mm.<br \/>\nAncho: 5 mm.<\/p>\n<p>ALFA ROMEO 145 (930)<br \/>\n1.4 i.e. (930.A3), A\u00f1o 07.1994 &#8211; 12.1996, 1351 , 90<br \/>\n1.6 i.e. (930.A2), A\u00f1o 10.1994 &#8211; 12.1996, 1596 , 103<br \/>\n1.7 i.e. 16V (930.A1), A\u00f1o 10.1994 &#8211; 12.1996, 1712 , 129<br \/>\nALFA ROMEO 164 (164)<br \/>\n2.0 Turbo, A\u00f1o 10.1987 &#8211; 09.1998, 1995 , 174<br \/>\n2.0 Turbo, A\u00f1o 02.1988 &#8211; 10.1992, 1995 , 175<br \/>\n2.5 TD, A\u00f1o 06.1987 &#8211; 09.1992, 2499 , 114<br \/>\nALFA ROMEO 75 (162B)<br \/>\n1.6, A\u00f1o 05.1985 &#8211; 09.1989, 1570 , 103<br \/>\n1.6, A\u00f1o 05.1985 &#8211; 09.1989, 1567 , 110<br \/>\n1.6 KAT, A\u00f1o 05.1989 &#8211; 02.1992, 1567 , 110<br \/>\n1.8, A\u00f1o 09.1985 &#8211; 06.1989, 1779 , 116<br \/>\n1.8, A\u00f1o 08.1989 &#8211; 02.1992, 1779 , 122<br \/>\n1.8, A\u00f1o 08.1989 &#8211; 02.1992, 1773 , 129<br \/>\n1.8, A\u00f1o 09.1988 &#8211; 02.1992, 1779 , 120<br \/>\n1.8 Turbo, A\u00f1o 09.1986 &#8211; 02.1992, 1779 , 150<br \/>\n1.8 Turbo i.e., A\u00f1o 02.1986 &#8211; 01.1990, 1779 , 155<br \/>\n2.0, A\u00f1o 05.1985 &#8211; 10.1988, 1962 , 128<br \/>\n2.0 T.S KAT, A\u00f1o 05.1985 &#8211; 02.1992, 1962 , 148<br \/>\n2.0 T.S., A\u00f1o 01.1987 &#8211; 02.1992, 1962 , 146<br \/>\nALFA ROMEO 90 (162)<br \/>\n1.8, A\u00f1o 10.1984 &#8211; 07.1987, 1779 , 121<br \/>\n1.8, A\u00f1o 10.1984 &#8211; 07.1987, 1779 , 116<br \/>\n2.0 i.e., A\u00f1o 10.1984 &#8211; 07.1987, 1962 , 128<br \/>\nALFA ROMEO 146 (930)<br \/>\n1.4 i.e. (930.B3), A\u00f1o 12.1994 &#8211; 12.1996, 1351 , 90<br \/>\n1.6 i.e. (930.B2), A\u00f1o 12.1994 &#8211; 12.1996, 1596 , 103<br \/>\n1.7 i.e. 16V (930.B1), A\u00f1o 12.1994 &#8211; 12.1996, 1712 , 129<\/p>\n<p>CITRO\u00cbN CX I Familiar<br \/>\n2.0, A\u00f1o 09.1975 &#8211; 05.1979, 1985 , 102<br \/>\n2.0, A\u00f1o 06.1979 &#8211; 08.1985, 1995 , 106<br \/>\n2400 (M23-623), A\u00f1o 08.1976 &#8211; 06.1980, 2347 , 116<br \/>\n2400 GTi, A\u00f1o 07.1982 &#8211; 06.1983, 2350 , 128<br \/>\n2.5 TRI, A\u00f1o 07.1983 &#8211; 08.1985, 2500 , 136<br \/>\n2.2 D, A\u00f1o 02.1978 &#8211; 08.1985, 2500 , 75<br \/>\n2.5 D Turbo, A\u00f1o 04.1983 &#8211; 08.1985, 2500 , 95<br \/>\nCITRO\u00cbN CX I Hatchback<br \/>\n2.0, A\u00f1o 09.1974 &#8211; 05.1979, 1985 , 102<br \/>\n2.0, A\u00f1o 06.1979 &#8211; 08.1985, 1995 , 106<br \/>\n2400, A\u00f1o 08.1976 &#8211; 06.1980, 2347 , 116<br \/>\n2400, A\u00f1o 05.1980 &#8211; 05.1982, 2347 , 120<br \/>\n2400 GTi, A\u00f1o 06.1977 &#8211; 06.1982, 2347 , 128<br \/>\n2400 GTi, A\u00f1o 06.1977 &#8211; 06.1982, 2347 , 131<br \/>\n2.5 D Turbo, A\u00f1o 04.1983 &#8211; 08.1985, 2500 , 95<br \/>\n2.5 GTi Turbo 2, A\u00f1o 06.1984 &#8211; 08.1985, 2500 , 166<br \/>\n2.5 D, A\u00f1o 02.1978 &#8211; 06.1982, 2500 , 75<br \/>\nCITRO\u00cbN CX II Hatchback<br \/>\n2.5 D, A\u00f1o 08.1985 &#8211; 12.1992, 2500 , 73<br \/>\n2.5 D Turbo, A\u00f1o 08.1985 &#8211; 12.1986, 2500 , 95<br \/>\n2.5 D Turbo, A\u00f1o 01.1987 &#8211; 12.1992, 2500 , 120<br \/>\n2.5 GTi, A\u00f1o 05.1986 &#8211; 12.1992, 2500 , 121<br \/>\n2.5 GTi Turbo 2, A\u00f1o 09.1986 &#8211; 12.1992, 2500 , 156<br \/>\n2.5 GTi Turbo 2, A\u00f1o 08.1985 &#8211; 12.1992, 2500 , 166<br \/>\n2.5 TRi, A\u00f1o 08.1985 &#8211; 12.1992, 2500 , 136<br \/>\nCITRO\u00cbN C25<br \/>\n2.5 D, A\u00f1o 10.1985 &#8211; 02.1994, 2500 , 73<br \/>\n2.5 D, A\u00f1o 11.1981 &#8211; 01.1994, 2498 , 75<br \/>\n2.5 D 4&#215;4, A\u00f1o 01.1987 &#8211; 02.1994, 2500 , 73<br \/>\n2.5 D Turbo, A\u00f1o 08.1987 &#8211; 02.1994, 2500 , 95<br \/>\n2.5 D Turbo 4&#215;4, A\u00f1o 08.1987 &#8211; 02.1994, 2500 , 95<br \/>\n2.5 GTi Turbo 2, A\u00f1o 01.1987 &#8211; 12.1992, 2500 , 120<br \/>\n2.5 i, A\u00f1o 05.1986 &#8211; 12.1992, 2500 , 121<br \/>\n2.5 TRI, A\u00f1o 08.1985 &#8211; 12.1992, 2500 , 136<br \/>\n2.5 D Turbo, A\u00f1o 08.1985 &#8211; 12.1986, 2500 , 95<\/p>\n<p>FIAT Regata Berlina (138)<br \/>\n1.3 70, A\u00f1o 09.1983 &#8211; 07.1986, 1301 , 68<br \/>\n1.5 75, A\u00f1o 12.1983 &#8211; 07.1989, 1498 , 75<br \/>\n1.5 85, A\u00f1o 05.1985 &#8211; 12.1987, 1498 , 79<br \/>\nFIAT Ritmo I Hatchback (138)<br \/>\n1.7 Di\u00e9sel 60, A\u00f1o 05.1985 &#8211; 12.1987, 1698 , 60<br \/>\nFIAT Fiorino II Furg\u00f3n (146) (A\u00f1o 01.1988 &#8211; &#8230;)<br \/>\n75 i.e. 1.5, A\u00f1o 05.1988 &#8211; 12.1993, 1499 , 75<br \/>\nFIAT Uno Hatchback (146)<br \/>\n1.1 50, A\u00f1o 01.1986 &#8211; 12.1989, 1116 , 50<br \/>\n1.1 55, A\u00f1o 01.1983 &#8211; 08.1989, 1116 , 54<br \/>\n1.1 60, A\u00f1o 05.1985 &#8211; 08.1989, 1116 , 58<br \/>\n1.3 70, A\u00f1o 05.1985 &#8211; 08.1989, 1302 , 65<br \/>\n1.3 70, A\u00f1o 01.1983 &#8211; 04.1985, 1302 , 68<br \/>\n1.5 i.e. 75, A\u00f1o 10.1985 &#8211; 12.1993, 1499 , 75<\/p>\n<p>LA PIEZA ES NUEVA Y ORIGINAL.<\/p>\n","protected":false},"excerpt":{"rendered":"<p>Correa de instrumentos de: Longitud: 810 mm. Ancho: 5 mm. ALFA ROMEO 145 (930) 1.4 i.e. (930.A3), A\u00f1o 07.1994 &#8211; 12.1996, 1351 , 90 1.6 i.e. (930.A2), A\u00f1o 10.1994 &#8211; 12.1996, 1596 , 103 1.7 i.e. 16V (930.A1), A\u00f1o 10.1994 &#8211; 12.1996, 1712 , 129 ALFA ROMEO 164 (164) 2.0 Turbo, A\u00f1o 10.1987 &#8211; 09.1998, [&hellip;]<\/p>\n","protected":false},"featured_media":54193,"template":"","meta":{"_seopress_robots_primary_cat":"","_seopress_titles_title":"","_seopress_titles_desc":"","_seopress_robots_index":""},"product_cat":[45,46,54,58,342,16,132,23,136,20,91,102,103,114],"product_tag":[],"class_list":{"0":"post-54192","1":"product","2":"type-product","3":"status-publish","4":"has-post-thumbnail","6":"product_cat-recambios-alfa-romeo-145","7":"product_cat-recambios-alfa-romeo-146","8":"product_cat-recambios-alfa-romeo-164","9":"product_cat-recambios-alfa-romeo-75","10":"product_cat-recambios-alfa-romeo-90","11":"product_cat-recambios-alfa-romeo","12":"product_cat-recambios-citroen-c25","13":"product_cat-recambios-citroen","14":"product_cat-recambios-citroen-cx","15":"product_cat-recambios-fiat","16":"product_cat-recambios-fiat-fiorino","17":"product_cat-recambios-fiat-regata","18":"product_cat-recambios-fiat-ritmo","19":"product_cat-recambios-fiat-uno","21":"first","22":"instock","23":"taxable","24":"shipping-taxable","25":"purchasable","26":"product-type-simple"},"_links":{"self":[{"href":"https:\/\/galicianparts.com\/shop\/wp-json\/wp\/v2\/product\/54192"}],"collection":[{"href":"https:\/\/galicianparts.com\/shop\/wp-json\/wp\/v2\/product"}],"about":[{"href":"https:\/\/galicianparts.com\/shop\/wp-json\/wp\/v2\/types\/product"}],"wp:featuredmedia":[{"embeddable":true,"href":"https:\/\/galicianparts.com\/shop\/wp-json\/wp\/v2\/media\/54193"}],"wp:attachment":[{"href":"https:\/\/galicianparts.com\/shop\/wp-json\/wp\/v2\/media?parent=54192"}],"wp:term":[{"taxonomy":"product_cat","embeddable":true,"href":"https:\/\/galicianparts.com\/shop\/wp-json\/wp\/v2\/product_cat?post=54192"},{"taxonomy":"product_tag","embeddable":true,"href":"https:\/\/galicianparts.com\/shop\/wp-json\/wp\/v2\/product_tag?post=54192"}],"curies":[{"name":"wp","href":"https:\/\/api.w.org\/{rel}","templated":true}]}}