{"id":54453,"date":"2022-08-01T10:21:36","date_gmt":"2022-08-01T08:21:36","guid":{"rendered":"https:\/\/galicianparts.com\/shop\/producto\/184085170-palanca-regulacion-asiento-izq-lancia-musa-2004-2012-nueva-original\/"},"modified":"2022-08-01T10:23:30","modified_gmt":"2022-08-01T08:23:30","slug":"184085170-palanca-regulacion-asiento-izq-lancia-musa-2004-2012-nueva-original","status":"publish","type":"product","link":"https:\/\/galicianparts.com\/shop\/producto\/184085170-palanca-regulacion-asiento-izq-lancia-musa-2004-2012-nueva-original\/","title":{"rendered":"184085170 Palanca regulaci\u00f3n asiento izq. Lancia Musa (2004-2012) NUEVA ORIGINAL"},"content":{"rendered":"<p>Palanca color marr\u00f3n, de regulaci\u00f3n del asiento delantero izquierdo de:<br \/>\nLANCIA &#8211; TG MUSA (2004-2007)<br \/>\nLANCIA &#8211; TJ MUSA (2007-2011) NIV. 6 = ORO \/ NIV. 8=5TH AVENUE \/ NIV. 7 = PLATINO \/ NIV.12 = PLATA<br \/>\nLANCIA &#8211; TJ MUSA (2007-2011) NIV.11=PLATINO PLUS<br \/>\nLANCIA &#8211; 43 MUSA FLL (2011-2012)<\/p>\n<p>LA PIEZA ES NUEVA Y ORIGINAL.<\/p>\n","protected":false},"excerpt":{"rendered":"<p>Palanca color marr\u00f3n, de regulaci\u00f3n del asiento delantero izquierdo de: LANCIA &#8211; TG MUSA (2004-2007) LANCIA &#8211; TJ MUSA (2007-2011) NIV. 6 = ORO \/ NIV. 8=5TH AVENUE \/ NIV. 7 = PLATINO \/ NIV.12 = PLATA LANCIA &#8211; TJ MUSA (2007-2011) NIV.11=PLATINO PLUS LANCIA &#8211; 43 MUSA FLL (2011-2012) LA PIEZA ES NUEVA Y [&hellip;]<\/p>\n","protected":false},"featured_media":54457,"template":"","meta":{"_seopress_robots_primary_cat":"","_seopress_titles_title":"","_seopress_titles_desc":"","_seopress_robots_index":""},"product_cat":[21,121],"product_tag":[],"class_list":{"0":"post-54453","1":"product","2":"type-product","3":"status-publish","4":"has-post-thumbnail","6":"product_cat-recambios-lancia","7":"product_cat-recambios-lancia-musa","9":"first","10":"instock","11":"taxable","12":"shipping-taxable","13":"purchasable","14":"product-type-simple"},"_links":{"self":[{"href":"https:\/\/galicianparts.com\/shop\/wp-json\/wp\/v2\/product\/54453"}],"collection":[{"href":"https:\/\/galicianparts.com\/shop\/wp-json\/wp\/v2\/product"}],"about":[{"href":"https:\/\/galicianparts.com\/shop\/wp-json\/wp\/v2\/types\/product"}],"wp:featuredmedia":[{"embeddable":true,"href":"https:\/\/galicianparts.com\/shop\/wp-json\/wp\/v2\/media\/54457"}],"wp:attachment":[{"href":"https:\/\/galicianparts.com\/shop\/wp-json\/wp\/v2\/media?parent=54453"}],"wp:term":[{"taxonomy":"product_cat","embeddable":true,"href":"https:\/\/galicianparts.com\/shop\/wp-json\/wp\/v2\/product_cat?post=54453"},{"taxonomy":"product_tag","embeddable":true,"href":"https:\/\/galicianparts.com\/shop\/wp-json\/wp\/v2\/product_tag?post=54453"}],"curies":[{"name":"wp","href":"https:\/\/api.w.org\/{rel}","templated":true}]}}