{"id":54561,"date":"2022-08-01T21:27:50","date_gmt":"2022-08-01T19:27:50","guid":{"rendered":"https:\/\/galicianparts.com\/shop\/producto\/879140-silentblock-brazo-oscilante-delantero-fiat-850-600-1100r-original\/"},"modified":"2023-11-02T11:03:48","modified_gmt":"2023-11-02T09:03:48","slug":"879140-silentblock-brazo-oscilante-delantero-fiat-850-600-1100r-original","status":"publish","type":"product","link":"https:\/\/galicianparts.com\/shop\/producto\/879140-silentblock-brazo-oscilante-delantero-fiat-850-600-1100r-original\/","title":{"rendered":"879140 Silentblock brazo oscilante delantero Fiat 850 \/600 \/1100R ORIGINAL"},"content":{"rendered":"<p>Casquillo del trapecio de la suspensi\u00f3n delantera de:<br \/>\nDi\u00e1metro exterior:32mm<br \/>\nDi\u00e1metro interior: 17,7mm<br \/>\nLargo: 43mm<\/p>\n<p>FIAT 1100 R<br \/>\nFIAT 600 Berlina<br \/>\n0.8, A\u00f1o 10.1960 &#8211; 02.1971, 767 , 23<br \/>\nFIAT 850 Berlina<br \/>\n0.8, A\u00f1o 07.1964 &#8211; 10.1972, 843 , 34<br \/>\n0.8, A\u00f1o 07.1964 &#8211; 10.1972, 843 , 37<br \/>\n0.8 Special, A\u00f1o 03.1968 &#8211; 10.1972, 843 , 48<\/p>\n<p>LA PIEZA ES NUEVA Y ORIGINAL.<\/p>\n","protected":false},"excerpt":{"rendered":"<p>Casquillo del trapecio de la suspensi\u00f3n delantera de: Di\u00e1metro exterior:32mm Di\u00e1metro interior: 17,7mm Largo: 43mm FIAT 1100 R FIAT 600 Berlina 0.8, A\u00f1o 10.1960 &#8211; 02.1971, 767 , 23 FIAT 850 Berlina 0.8, A\u00f1o 07.1964 &#8211; 10.1972, 843 , 34 0.8, A\u00f1o 07.1964 &#8211; 10.1972, 843 , 37 0.8 Special, A\u00f1o 03.1968 &#8211; 10.1972, 843 [&hellip;]<\/p>\n","protected":false},"featured_media":54562,"template":"","meta":{"_seopress_robots_primary_cat":"","_seopress_titles_title":"","_seopress_titles_desc":"","_seopress_robots_index":""},"product_cat":[177,75,76,20],"product_tag":[],"class_list":{"0":"post-54561","1":"product","2":"type-product","3":"status-publish","4":"has-post-thumbnail","6":"product_cat-recambios-fiat-1100","7":"product_cat-recambios-fiat-600","8":"product_cat-recambios-fiat-850","9":"product_cat-recambios-fiat","11":"first","12":"outofstock","13":"taxable","14":"shipping-taxable","15":"purchasable","16":"product-type-simple"},"_links":{"self":[{"href":"https:\/\/galicianparts.com\/shop\/wp-json\/wp\/v2\/product\/54561"}],"collection":[{"href":"https:\/\/galicianparts.com\/shop\/wp-json\/wp\/v2\/product"}],"about":[{"href":"https:\/\/galicianparts.com\/shop\/wp-json\/wp\/v2\/types\/product"}],"wp:featuredmedia":[{"embeddable":true,"href":"https:\/\/galicianparts.com\/shop\/wp-json\/wp\/v2\/media\/54562"}],"wp:attachment":[{"href":"https:\/\/galicianparts.com\/shop\/wp-json\/wp\/v2\/media?parent=54561"}],"wp:term":[{"taxonomy":"product_cat","embeddable":true,"href":"https:\/\/galicianparts.com\/shop\/wp-json\/wp\/v2\/product_cat?post=54561"},{"taxonomy":"product_tag","embeddable":true,"href":"https:\/\/galicianparts.com\/shop\/wp-json\/wp\/v2\/product_tag?post=54561"}],"curies":[{"name":"wp","href":"https:\/\/api.w.org\/{rel}","templated":true}]}}