{"id":5477,"date":"2020-10-05T13:43:57","date_gmt":"2020-10-05T11:43:57","guid":{"rendered":"https:\/\/galicianparts.com\/shop\/producto\/4336828-travesano-inf-delantero-fiat-132\/"},"modified":"2023-11-15T12:59:17","modified_gmt":"2023-11-15T10:59:17","slug":"4336828-travesano-inf-delantero-fiat-132","status":"publish","type":"product","link":"https:\/\/galicianparts.com\/shop\/producto\/4336828-travesano-inf-delantero-fiat-132\/","title":{"rendered":"4336828 Travesa\u00f1o inferior frente Fiat 132 1.6 \/ 1.8 NUEVO ORIGINAL"},"content":{"rendered":"<p>Travesa\u00f1o inferior del armaz\u00f3n frontal, soporte del radiador de refrigeraci\u00f3n de:<br \/>\nFIAT &#8211; 132 1600cc \/ 1800cc<\/p>\n<p>LA PIEZA ES NUEVA Y ORIGINAL.<\/p>\n","protected":false},"excerpt":{"rendered":"<p>Travesa\u00f1o inferior del armaz\u00f3n frontal, soporte del radiador de refrigeraci\u00f3n de: FIAT &#8211; 132 1600cc \/ 1800cc LA PIEZA ES NUEVA Y ORIGINAL.<\/p>\n","protected":false},"featured_media":79817,"template":"","meta":{"_seopress_robots_primary_cat":"","_seopress_titles_title":"","_seopress_titles_desc":"","_seopress_robots_index":""},"product_cat":[71,20],"product_tag":[],"class_list":{"0":"post-5477","1":"product","2":"type-product","3":"status-publish","4":"has-post-thumbnail","6":"product_cat-recambios-fiat-132","7":"product_cat-recambios-fiat","9":"first","10":"outofstock","11":"taxable","12":"shipping-taxable","13":"purchasable","14":"product-type-simple"},"_links":{"self":[{"href":"https:\/\/galicianparts.com\/shop\/wp-json\/wp\/v2\/product\/5477"}],"collection":[{"href":"https:\/\/galicianparts.com\/shop\/wp-json\/wp\/v2\/product"}],"about":[{"href":"https:\/\/galicianparts.com\/shop\/wp-json\/wp\/v2\/types\/product"}],"wp:featuredmedia":[{"embeddable":true,"href":"https:\/\/galicianparts.com\/shop\/wp-json\/wp\/v2\/media\/79817"}],"wp:attachment":[{"href":"https:\/\/galicianparts.com\/shop\/wp-json\/wp\/v2\/media?parent=5477"}],"wp:term":[{"taxonomy":"product_cat","embeddable":true,"href":"https:\/\/galicianparts.com\/shop\/wp-json\/wp\/v2\/product_cat?post=5477"},{"taxonomy":"product_tag","embeddable":true,"href":"https:\/\/galicianparts.com\/shop\/wp-json\/wp\/v2\/product_tag?post=5477"}],"curies":[{"name":"wp","href":"https:\/\/api.w.org\/{rel}","templated":true}]}}