{"id":54799,"date":"2022-08-03T13:15:32","date_gmt":"2022-08-03T11:15:32","guid":{"rendered":"https:\/\/galicianparts.com\/shop\/producto\/7565945-correa-auxiliar-l1610mm-fiat-regata-lancia-prisma-original\/"},"modified":"2022-08-08T18:04:42","modified_gmt":"2022-08-08T16:04:42","slug":"7565945-correa-auxiliar-l1610mm-fiat-regata-lancia-prisma-original","status":"publish","type":"product","link":"https:\/\/galicianparts.com\/shop\/producto\/7565945-correa-auxiliar-l1610mm-fiat-regata-lancia-prisma-original\/","title":{"rendered":"7565945 Correa auxiliar L1610mm Fiat Regata \/Lancia Prisma ORIGINAL"},"content":{"rendered":"<p>Correa de instrumentos de:<br \/>\nLongitud: 1610 mm<br \/>\nAncho: 20 mm<\/p>\n<p>FIAT Regata Berlina (138)<br \/>\n1.9 Di\u00e9sel 65, A\u00f1o 04.1984 &#8211; 07.1989, 1929 , 65<br \/>\n1.9 Turbodi\u00e9sel 80, A\u00f1o 05.1986 &#8211; 07.1989, 1929 , 80<\/p>\n<p>LANCIA Prisma (831)<br \/>\n1.9 Turbodi\u00e9sel, A\u00f1o 05.1985 &#8211; 12.1989, 1928 , 80<\/p>\n<p>LA PIEZA ES NUEVA Y ORIGINAL.<\/p>\n","protected":false},"excerpt":{"rendered":"<p>Correa de instrumentos de: Longitud: 1610 mm Ancho: 20 mm FIAT Regata Berlina (138) 1.9 Di\u00e9sel 65, A\u00f1o 04.1984 &#8211; 07.1989, 1929 , 65 1.9 Turbodi\u00e9sel 80, A\u00f1o 05.1986 &#8211; 07.1989, 1929 , 80 LANCIA Prisma (831) 1.9 Turbodi\u00e9sel, A\u00f1o 05.1985 &#8211; 12.1989, 1928 , 80 LA PIEZA ES NUEVA Y ORIGINAL.<\/p>\n","protected":false},"featured_media":55044,"template":"","meta":{"_seopress_robots_primary_cat":"","_seopress_titles_title":"","_seopress_titles_desc":"","_seopress_robots_index":""},"product_cat":[20,21,123,102],"product_tag":[],"class_list":{"0":"post-54799","1":"product","2":"type-product","3":"status-publish","4":"has-post-thumbnail","6":"product_cat-recambios-fiat","7":"product_cat-recambios-lancia","8":"product_cat-recambios-lancia-prisma","9":"product_cat-recambios-fiat-regata","11":"first","12":"instock","13":"taxable","14":"shipping-taxable","15":"purchasable","16":"product-type-simple"},"_links":{"self":[{"href":"https:\/\/galicianparts.com\/shop\/wp-json\/wp\/v2\/product\/54799"}],"collection":[{"href":"https:\/\/galicianparts.com\/shop\/wp-json\/wp\/v2\/product"}],"about":[{"href":"https:\/\/galicianparts.com\/shop\/wp-json\/wp\/v2\/types\/product"}],"wp:featuredmedia":[{"embeddable":true,"href":"https:\/\/galicianparts.com\/shop\/wp-json\/wp\/v2\/media\/55044"}],"wp:attachment":[{"href":"https:\/\/galicianparts.com\/shop\/wp-json\/wp\/v2\/media?parent=54799"}],"wp:term":[{"taxonomy":"product_cat","embeddable":true,"href":"https:\/\/galicianparts.com\/shop\/wp-json\/wp\/v2\/product_cat?post=54799"},{"taxonomy":"product_tag","embeddable":true,"href":"https:\/\/galicianparts.com\/shop\/wp-json\/wp\/v2\/product_tag?post=54799"}],"curies":[{"name":"wp","href":"https:\/\/api.w.org\/{rel}","templated":true}]}}