{"id":54804,"date":"2022-08-03T13:28:54","date_gmt":"2022-08-03T11:28:54","guid":{"rendered":"https:\/\/galicianparts.com\/shop\/producto\/7758970-correa-auxiliar-fiat-ducato-citroen-c25-hyndai-i10-kia-picanto-original\/"},"modified":"2022-08-03T13:30:13","modified_gmt":"2022-08-03T11:30:13","slug":"7758970-correa-auxiliar-fiat-ducato-citroen-c25-hyndai-i10-kia-picanto-original","status":"publish","type":"product","link":"https:\/\/galicianparts.com\/shop\/producto\/7758970-correa-auxiliar-fiat-ducato-citroen-c25-hyndai-i10-kia-picanto-original\/","title":{"rendered":"7758970 Correa auxiliar Fiat Ducato \/Citroen C25 \/Hyndai i10 \/Kia Picanto ORIGINAL"},"content":{"rendered":"<p>71749432 Correa de instrumentos de:<br \/>\nLongitud: 925 mm<br \/>\nAncho: 17 mm<\/p>\n<p>CITRO\u00cbN C25<br \/>\n1.9 TD, A\u00f1o 04.1992 &#8211; 02.1994, 1930 , 82<\/p>\n<p>FIAT Ducato II (230L)<br \/>\n1.9 TD, A\u00f1o 03.1994 &#8211; 04.2002, 1929 , 82<br \/>\n1.9 TD CAT, A\u00f1o 08.1994 &#8211; 04.2002, 1929 , 80<br \/>\nFIAT Ducato I (290)<br \/>\n1.9 D, A\u00f1o 07.1990 &#8211; 03.1994, 1929 , 71<br \/>\n1.9 TD, A\u00f1o 03.1989 &#8211; 03.1994, 1929 , 82<br \/>\nFIAT Ducato II Bus (230)<br \/>\n1.9 TD Combinato, A\u00f1o 08.1994 &#8211; 04.2002, 1929 , 80<br \/>\n1.9 TD Panorama\/Combinato, A\u00f1o 03.1994 &#8211; 04.2002, 1929 , 82<br \/>\nFIAT Ducato I (290)<br \/>\n1.9 D, A\u00f1o 06.1990 &#8211; 05.1994, 1929 , 69<br \/>\n1.9 TD, A\u00f1o 03.1989 &#8211; 03.1994, 1929 , 82<br \/>\nFIAT Talento (290)<br \/>\n1.9 D, A\u00f1o 03.1989 &#8211; 03.1994, 1929 , 71<\/p>\n<p>HYUNDAI i10 II (IA, BA)<br \/>\n1,0 LPG, A\u00f1o 07.2014 &#8211; 08.2016, 998 , 69<br \/>\n1.0 LPG, A\u00f1o 02.2014 &#8211; &#8230;, 998 , 69<br \/>\n1.0, A\u00f1o 08.2013 &#8211; &#8230;, 998 , 67<\/p>\n<p>KIA Picanto II (TA)<br \/>\n1.0, A\u00f1o 04.2015 &#8211; &#8230;, 998 , 67<br \/>\n1.0, A\u00f1o 05.2011 &#8211; &#8230;, 998 , 69<br \/>\n1.0 Bi-Fuel, A\u00f1o 05.2011 &#8211; &#8230;, 998 , 82<\/p>\n<p>LA PIEZA ES NUEVA Y ORIGINAL.<\/p>\n","protected":false},"excerpt":{"rendered":"<p>71749432 Correa de instrumentos de: Longitud: 925 mm Ancho: 17 mm CITRO\u00cbN C25 1.9 TD, A\u00f1o 04.1992 &#8211; 02.1994, 1930 , 82 FIAT Ducato II (230L) 1.9 TD, A\u00f1o 03.1994 &#8211; 04.2002, 1929 , 82 1.9 TD CAT, A\u00f1o 08.1994 &#8211; 04.2002, 1929 , 80 FIAT Ducato I (290) 1.9 D, A\u00f1o 07.1990 &#8211; 03.1994, [&hellip;]<\/p>\n","protected":false},"featured_media":54808,"template":"","meta":{"_seopress_robots_primary_cat":"","_seopress_titles_title":"","_seopress_titles_desc":"","_seopress_robots_index":""},"product_cat":[132,23,88,20,271,293,22,60,110],"product_tag":[],"class_list":{"0":"post-54804","1":"product","2":"type-product","3":"status-publish","4":"has-post-thumbnail","6":"product_cat-recambios-citroen-c25","7":"product_cat-recambios-citroen","8":"product_cat-recambios-fiat-ducato","9":"product_cat-recambios-fiat","10":"product_cat-recambios-hyundai","11":"product_cat-recambios-hyundai-i10","12":"product_cat-recambios-kia","13":"product_cat-recambios-kia-picanto","14":"product_cat-recambios-fiat-talento","16":"first","17":"instock","18":"taxable","19":"shipping-taxable","20":"purchasable","21":"product-type-simple"},"_links":{"self":[{"href":"https:\/\/galicianparts.com\/shop\/wp-json\/wp\/v2\/product\/54804"}],"collection":[{"href":"https:\/\/galicianparts.com\/shop\/wp-json\/wp\/v2\/product"}],"about":[{"href":"https:\/\/galicianparts.com\/shop\/wp-json\/wp\/v2\/types\/product"}],"wp:featuredmedia":[{"embeddable":true,"href":"https:\/\/galicianparts.com\/shop\/wp-json\/wp\/v2\/media\/54808"}],"wp:attachment":[{"href":"https:\/\/galicianparts.com\/shop\/wp-json\/wp\/v2\/media?parent=54804"}],"wp:term":[{"taxonomy":"product_cat","embeddable":true,"href":"https:\/\/galicianparts.com\/shop\/wp-json\/wp\/v2\/product_cat?post=54804"},{"taxonomy":"product_tag","embeddable":true,"href":"https:\/\/galicianparts.com\/shop\/wp-json\/wp\/v2\/product_tag?post=54804"}],"curies":[{"name":"wp","href":"https:\/\/api.w.org\/{rel}","templated":true}]}}