{"id":54880,"date":"2022-08-04T11:05:34","date_gmt":"2022-08-04T09:05:34","guid":{"rendered":"https:\/\/galicianparts.com\/shop\/producto\/7303004-correa-auxiliar-fiat-ducato-82-94-argenta-croma-citroen-c25-peugeot-j5-original\/"},"modified":"2022-08-04T11:07:17","modified_gmt":"2022-08-04T09:07:17","slug":"7303004-correa-auxiliar-fiat-ducato-82-94-argenta-croma-citroen-c25-peugeot-j5-original","status":"publish","type":"product","link":"https:\/\/galicianparts.com\/shop\/producto\/7303004-correa-auxiliar-fiat-ducato-82-94-argenta-croma-citroen-c25-peugeot-j5-original\/","title":{"rendered":"7303004 Correa auxiliar Fiat Ducato (82-94) Argenta \/Croma \/Citro\u00ebn C25 \/Peugeot J5 ORIGINAL"},"content":{"rendered":"<p>Correa de instrumentos de:<br \/>\nLongitud: 925 mm<br \/>\nAncho: 10 mm<\/p>\n<p>CITRO\u00cbN C25<br \/>\n1.8, A\u00f1o 11.1981 &#8211; 01.1994, 1796 , 68<br \/>\n1.8 E, A\u00f1o 07.1987 &#8211; 02.1994, 1796 , 69<br \/>\n2.0, A\u00f1o 02.1991 &#8211; 02.1994, 1971 , 84<br \/>\n2.0 E, A\u00f1o 09.1981 &#8211; 02.1994, 1971 , 79<\/p>\n<p>FIAT Croma I Hatchback (154)<br \/>\n2.5 D, A\u00f1o 12.1985 &#8211; 12.1989, 2499 , 75<br \/>\n2.5 TD, A\u00f1o 12.1985 &#8211; 08.1989, 2445 , 101<br \/>\nFIAT Argenta (132)<br \/>\n2.5 Di\u00e9sel, A\u00f1o 06.1981 &#8211; 11.1985, 2445 , 72<br \/>\nFIAT Ducato I (290)<br \/>\n2.0, A\u00f1o 07.1990 &#8211; 03.1994, 1971 , 84<br \/>\n2.0 4&#215;4, A\u00f1o 06.1990 &#8211; 05.1994, 1971 , 86<br \/>\n2.5 TD, A\u00f1o 08.1990 &#8211; 03.1994, 2500 , 95<br \/>\nFIAT Ducato I Furg\u00f3n (280)<br \/>\n1.8, A\u00f1o 01.1982 &#8211; 10.1988, 1783 , 67<br \/>\n2.0, A\u00f1o 07.1985 &#8211; 08.1990, 1971 , 75<br \/>\n2.0, A\u00f1o 01.1982 &#8211; 08.1990, 1971 , 79<br \/>\n2.0, A\u00f1o 03.1989 &#8211; 08.1990, 1971 , 84<br \/>\n2.4 D, A\u00f1o 01.1982 &#8211; 08.1990, 2428 , 72<br \/>\nFIAT Talento (290)<br \/>\n2.0, A\u00f1o 03.1989 &#8211; 03.1994, 1971 , 75<\/p>\n<p>LANCIA Thema Berlina (834)<br \/>\n2.4 2500 Turbo D, A\u00f1o 11.1984 &#8211; 09.1988, 2445 , 101<\/p>\n<p>PEUGEOT J5 Bus (280)<br \/>\n2.0, A\u00f1o 09.1981 &#8211; 09.1990, 1971 , 75<br \/>\n2.0, A\u00f1o 01.1983 &#8211; 09.1990, 1971 , 79<br \/>\n2.0 Super 4&#215;4, A\u00f1o 09.1981 &#8211; 08.1990, 1971 , 79<br \/>\nPEUGEOT 505 Berlina<br \/>\n2.2 Turbo, A\u00f1o 07.1985 &#8211; 09.1988, 2155 , 179<br \/>\n2.2 Turbo Injection, A\u00f1o 01.1986 &#8211; 12.1987, 2155 , 150<br \/>\n2.2 Turbo Injection, A\u00f1o 03.1984 &#8211; 10.1988, 2155 , 155<br \/>\n2.2 Turbo Injection, A\u00f1o 06.1987 &#8211; 12.1988, 2155 , 174<br \/>\nPEUGEOT J5 (280) (A\u00f1o 09.1981 &#8211; 09.1990)<br \/>\n1.8, A\u00f1o 09.1981 &#8211; 08.1990, 1796 , 69<br \/>\n2.0, A\u00f1o 01.1986 &#8211; 11.1988, 1971 , 75<br \/>\n2.0, A\u00f1o 01.1983 &#8211; 11.1988, 1971 , 79<br \/>\nPEUGEOT J5 Furg\u00f3n (290)<br \/>\n1.8, A\u00f1o 09.1990 &#8211; 01.1994, 1796 , 69<br \/>\n2.0, A\u00f1o 09.1990 &#8211; 01.1994, 1971 , 84<\/p>\n<p>LA PIEZA ES NUEVA Y ORIGINAL.<\/p>\n","protected":false},"excerpt":{"rendered":"<p>Correa de instrumentos de: Longitud: 925 mm Ancho: 10 mm CITRO\u00cbN C25 1.8, A\u00f1o 11.1981 &#8211; 01.1994, 1796 , 68 1.8 E, A\u00f1o 07.1987 &#8211; 02.1994, 1796 , 69 2.0, A\u00f1o 02.1991 &#8211; 02.1994, 1971 , 84 2.0 E, A\u00f1o 09.1981 &#8211; 02.1994, 1971 , 79 FIAT Croma I Hatchback (154) 2.5 D, A\u00f1o 12.1985 [&hellip;]<\/p>\n","protected":false},"featured_media":54881,"template":"","meta":{"_seopress_robots_primary_cat":"","_seopress_titles_title":"","_seopress_titles_desc":"","_seopress_robots_index":""},"product_cat":[153,79,132,23,86,88,20,157,24,110],"product_tag":[],"class_list":{"0":"post-54880","1":"product","2":"type-product","3":"status-publish","4":"has-post-thumbnail","6":"product_cat-recambios-peugeot-505","7":"product_cat-recambios-fiat-argenta","8":"product_cat-recambios-citroen-c25","9":"product_cat-recambios-citroen","10":"product_cat-recambios-fiat-croma","11":"product_cat-recambios-fiat-ducato","12":"product_cat-recambios-fiat","13":"product_cat-recambios-peugeot-j5","14":"product_cat-recambios-peugeot","15":"product_cat-recambios-fiat-talento","17":"first","18":"instock","19":"taxable","20":"shipping-taxable","21":"purchasable","22":"product-type-simple"},"_links":{"self":[{"href":"https:\/\/galicianparts.com\/shop\/wp-json\/wp\/v2\/product\/54880"}],"collection":[{"href":"https:\/\/galicianparts.com\/shop\/wp-json\/wp\/v2\/product"}],"about":[{"href":"https:\/\/galicianparts.com\/shop\/wp-json\/wp\/v2\/types\/product"}],"wp:featuredmedia":[{"embeddable":true,"href":"https:\/\/galicianparts.com\/shop\/wp-json\/wp\/v2\/media\/54881"}],"wp:attachment":[{"href":"https:\/\/galicianparts.com\/shop\/wp-json\/wp\/v2\/media?parent=54880"}],"wp:term":[{"taxonomy":"product_cat","embeddable":true,"href":"https:\/\/galicianparts.com\/shop\/wp-json\/wp\/v2\/product_cat?post=54880"},{"taxonomy":"product_tag","embeddable":true,"href":"https:\/\/galicianparts.com\/shop\/wp-json\/wp\/v2\/product_tag?post=54880"}],"curies":[{"name":"wp","href":"https:\/\/api.w.org\/{rel}","templated":true}]}}