{"id":55002,"date":"2022-08-08T13:29:31","date_gmt":"2022-08-08T11:29:31","guid":{"rendered":"https:\/\/galicianparts.com\/shop\/producto\/4164623-correa-auxiliar-fiat-124-850-peugeot-j5-seat-133-alfa-autobianchi-original\/"},"modified":"2022-08-08T13:30:22","modified_gmt":"2022-08-08T11:30:22","slug":"4164623-correa-auxiliar-fiat-124-850-peugeot-j5-seat-133-alfa-autobianchi-original","status":"publish","type":"product","link":"https:\/\/galicianparts.com\/shop\/producto\/4164623-correa-auxiliar-fiat-124-850-peugeot-j5-seat-133-alfa-autobianchi-original\/","title":{"rendered":"4164623 Correa auxiliar Fiat 124 \/850 \/Peugeot J5 \/Seat 133 Alfa \/Autobianchi ORIGINAL"},"content":{"rendered":"<p>Correa de instrumentos de:<br \/>\nLongitud: 788 mm<br \/>\nAncho: 10 mm<\/p>\n<p>ALFA ROMEO 164 (164)<br \/>\n2.0 V6 Turbo, A\u00f1o 03.1991 &#8211; 09.1992, 1996 , 204<br \/>\n3.0 V6, A\u00f1o 06.1987 &#8211; 09.1992, 2959 , 192<br \/>\n3.0 V6, A\u00f1o 06.1987 &#8211; 09.1992, 2959 , 184<\/p>\n<p>FIAT 124 Berlina (124)<br \/>\n1.2, A\u00f1o 02.1973 &#8211; 07.1975, 1197 , 65<br \/>\n1.2, A\u00f1o 07.1966 &#8211; 10.1973, 1197 , 60<br \/>\nFIAT 850 Spider<br \/>\n0.9 Sport, A\u00f1o 03.1968 &#8211; 12.1972, 903 , 52<br \/>\nFIAT 850 Berlina<br \/>\n0.8 Special, A\u00f1o 03.1968 &#8211; 10.1972, 843 , 48<\/p>\n<p>PEUGEOT 305 I Familiar<br \/>\n1.3, A\u00f1o 08.1980 &#8211; 09.1982, 1290 , 60<br \/>\n1.5, A\u00f1o 08.1980 &#8211; 09.1982, 1472 , 73<br \/>\n1.5 Di\u00e9sel, A\u00f1o 08.1980 &#8211; 09.1982, 1548 , 49<br \/>\nPEUGEOT 505 Berlina<br \/>\n2.2 GTI, A\u00f1o 08.1983 &#8211; 12.1993, 2165 , 130<br \/>\nPEUGEOT J5 Furg\u00f3n (280)<br \/>\n1.8, A\u00f1o 01.1983 &#8211; 11.1988, 1796 , 69<br \/>\nPEUGEOT J5 Cami\u00f3n de plataforma\/Chasis (290)<br \/>\n2.0, A\u00f1o 10.1990 &#8211; 02.1994, 1971 , 84<br \/>\n2.5 TD, A\u00f1o 10.1990 &#8211; 02.1994, 2500 , 95<br \/>\n2.5 TD 4&#215;4, A\u00f1o 10.1990 &#8211; 02.1994, 2500 , 95<br \/>\nPEUGEOT J5 Bus (290)<br \/>\n2.5 D 4&#215;4, A\u00f1o 10.1990 &#8211; 02.1994, 2500 , 73<br \/>\n2.5 TD, A\u00f1o 10.1990 &#8211; 02.1994, 2500 , 95<br \/>\n2.5 TD 4&#215;4, A\u00f1o 10.1990 &#8211; 02.1994, 2500 , 95<br \/>\nPEUGEOT 505 Familiar<br \/>\n2.2 GTI, A\u00f1o 09.1985 &#8211; 12.1986, 2165 , 122<\/p>\n<p>SEAT 133 Hatchback<br \/>\n0.8, A\u00f1o 05.1974 &#8211; 11.1979, 837 , 34<\/p>\n<p>AUTOBIANCHI A 112 Hatchback<br \/>\n0.9 E, A\u00f1o 01.1973 &#8211; 12.1977, 903 , 47<\/p>\n<p>LA PIEZA ES NUEVA Y ORIGINAL.<\/p>\n","protected":false},"excerpt":{"rendered":"<p>Correa de instrumentos de: Longitud: 788 mm Ancho: 10 mm ALFA ROMEO 164 (164) 2.0 V6 Turbo, A\u00f1o 03.1991 &#8211; 09.1992, 1996 , 204 3.0 V6, A\u00f1o 06.1987 &#8211; 09.1992, 2959 , 192 3.0 V6, A\u00f1o 06.1987 &#8211; 09.1992, 2959 , 184 FIAT 124 Berlina (124) 1.2, A\u00f1o 02.1973 &#8211; 07.1975, 1197 , 65 1.2, [&hellip;]<\/p>\n","protected":false},"featured_media":55005,"template":"","meta":{"_seopress_robots_primary_cat":"","_seopress_titles_title":"","_seopress_titles_desc":"","_seopress_robots_index":""},"product_cat":[65,187,54,194,153,76,63,16,25,20,157,24,26],"product_tag":[],"class_list":{"0":"post-55002","1":"product","2":"type-product","3":"status-publish","4":"has-post-thumbnail","6":"product_cat-recambios-fiat-124","7":"product_cat-recambios-seat-133","8":"product_cat-recambios-alfa-romeo-164","9":"product_cat-recambios-peugeot-305","10":"product_cat-recambios-peugeot-505","11":"product_cat-recambios-fiat-850","12":"product_cat-recambios-autobianchi-a112","13":"product_cat-recambios-alfa-romeo","14":"product_cat-recambios-autobianchi","15":"product_cat-recambios-fiat","16":"product_cat-recambios-peugeot-j5","17":"product_cat-recambios-peugeot","18":"product_cat-recambios-seat","20":"first","21":"instock","22":"taxable","23":"shipping-taxable","24":"purchasable","25":"product-type-simple"},"_links":{"self":[{"href":"https:\/\/galicianparts.com\/shop\/wp-json\/wp\/v2\/product\/55002"}],"collection":[{"href":"https:\/\/galicianparts.com\/shop\/wp-json\/wp\/v2\/product"}],"about":[{"href":"https:\/\/galicianparts.com\/shop\/wp-json\/wp\/v2\/types\/product"}],"wp:featuredmedia":[{"embeddable":true,"href":"https:\/\/galicianparts.com\/shop\/wp-json\/wp\/v2\/media\/55005"}],"wp:attachment":[{"href":"https:\/\/galicianparts.com\/shop\/wp-json\/wp\/v2\/media?parent=55002"}],"wp:term":[{"taxonomy":"product_cat","embeddable":true,"href":"https:\/\/galicianparts.com\/shop\/wp-json\/wp\/v2\/product_cat?post=55002"},{"taxonomy":"product_tag","embeddable":true,"href":"https:\/\/galicianparts.com\/shop\/wp-json\/wp\/v2\/product_tag?post=55002"}],"curies":[{"name":"wp","href":"https:\/\/api.w.org\/{rel}","templated":true}]}}