{"id":55130,"date":"2022-08-09T09:09:08","date_gmt":"2022-08-09T07:09:08","guid":{"rendered":"https:\/\/galicianparts.com\/shop\/producto\/4335587-correa-auxiliar-seat-fura-autobianchi-a112-fiat-lancia-alfa-citroen-peugeot-original\/"},"modified":"2024-09-02T13:45:51","modified_gmt":"2024-09-02T11:45:51","slug":"4335587-correa-auxiliar-seat-fura-autobianchi-a112-fiat-lancia-alfa-citroen-peugeot-original","status":"publish","type":"product","link":"https:\/\/galicianparts.com\/shop\/producto\/4335587-correa-auxiliar-seat-fura-autobianchi-a112-fiat-lancia-alfa-citroen-peugeot-original\/","title":{"rendered":"4335587 Correa auxiliar Seat Fura \/Autobianchi A112 \/Fiat \/Lancia \/Alfa \/Citro\u00ebn \/Peugeot ORIGINAL"},"content":{"rendered":"<p>Correa de instrumentos de:<br \/>\nLongitud: 813 mm<br \/>\nAncho: 10 mm<\/p>\n<p>ALFA ROMEO 164 (164)<br \/>\n2.5 TD, A\u00f1o 06.1987 &#8211; 09.1992, 2499 , 114<br \/>\nALFA ROMEO Alfetta GT (116)<br \/>\n1.6, A\u00f1o 01.1976 &#8211; 09.1982, 1570 , 107<br \/>\n1.8, A\u00f1o 01.1974 &#8211; 12.1976, 1779 , 116<br \/>\n1.8, A\u00f1o 01.1974 &#8211; 12.1976, 1779 , 121<br \/>\nALFA ROMEO Alfetta Berlina (116)<br \/>\n1.8, A\u00f1o 07.1974 &#8211; 12.1977, 1779 , 116<br \/>\n1.8, A\u00f1o 10.1979 &#8211; 12.1984, 1779 , 121<br \/>\n2.0, A\u00f1o 03.1977 &#8211; 02.1980, 1962 , 121<br \/>\nALFA ROMEO Giulia (105)<br \/>\n1.6 T.I. Super, A\u00f1o 01.1963 &#8211; 12.1978, 1570 , 112<br \/>\n1.3 Super, A\u00f1o 01.1974 &#8211; 12.1978, 1290 , 87<br \/>\n1.6 Super, A\u00f1o 01.1974 &#8211; 12.1978, 1570 , 103<\/p>\n<p>CITRO\u00cbN C35<br \/>\n2.0, A\u00f1o 11.1973 &#8211; 01.1994, 1985 , 88<br \/>\n2.2 D, A\u00f1o 11.1973 &#8211; 01.1980, 2175 , 61<\/p>\n<p>FIAT 126 (126)<br \/>\n0.6, A\u00f1o 09.1972 &#8211; 06.1977, 594 , 23<br \/>\nFIAT 131 (131)<br \/>\n1.3 Mirafiori, A\u00f1o 10.1974 &#8211; 09.1981, 1297 , 54<br \/>\n1.3 Mirafiori, A\u00f1o 10.1974 &#8211; 12.1982, 1297 , 65<br \/>\n1.4 Mirafiori, A\u00f1o 11.1980 &#8211; 01.1984, 1367 , 70<br \/>\n1.6, A\u00f1o 11.1976 &#8211; 12.1984, 1585 , 85<br \/>\n1.6, A\u00f1o 10.1974 &#8211; 09.1981, 1585 , 75<br \/>\nFIAT Croma I Hatchback (154)<br \/>\n2.5 D, A\u00f1o 12.1985 &#8211; 12.1989, 2499 , 75<br \/>\n2.5 TD, A\u00f1o 12.1985 &#8211; 08.1989, 2445 , 101<br \/>\nFIAT 242<br \/>\n1.6, A\u00f1o 10.1975 &#8211; 07.1982, 1585 , 63<br \/>\nFIAT 124 (124)<br \/>\n1.2, A\u00f1o 02.1973 &#8211; 07.1975, 1197 , 65<br \/>\n1.2, A\u00f1o 07.1966 &#8211; 10.1973, 1197 , 60<\/p>\n<p>PEUGEOT 505 Berlina<br \/>\n1.8, A\u00f1o 06.1981 &#8211; 10.1985, 1796 , 75<br \/>\n1.8, A\u00f1o 01.1982 &#8211; 10.1985, 1796 , 82<br \/>\n1.8, A\u00f1o 09.1985 &#8211; 10.1986, 1796 , 84<br \/>\n2.0, A\u00f1o 04.1983 &#8211; 09.1985, 1971 , 90<br \/>\n2.0, A\u00f1o 09.1983 &#8211; 09.1985, 1971 , 94<br \/>\n2.0, A\u00f1o 02.1983 &#8211; 11.1985, 1971 , 96<br \/>\n2.0, A\u00f1o 11.1980 &#8211; 12.1985, 1971 , 97<br \/>\n2.0, A\u00f1o 09.1985 &#8211; 09.1995, 1971 , 98<br \/>\n2.0, A\u00f1o 09.1980 &#8211; 11.1982, 1971 , 107<\/p>\n<p>LANCIA Thema Berlina (834)<br \/>\n2.4 2500 Turbo D, A\u00f1o 11.1984 &#8211; 09.1988, 2445 , 101<\/p>\n<p>SEAT Fura (025A)<br \/>\n0.9, A\u00f1o 01.1982 &#8211; 06.1986, 903 , 43<br \/>\n0.9, A\u00f1o 01.1982 &#8211; 06.1986, 903 , 45<br \/>\n1.4, A\u00f1o 01.1982 &#8211; 06.1986, 1438 , 75<\/p>\n<p>HYUNDAI Stellar<br \/>\n1.6, A\u00f1o 10.1983 &#8211; 12.1991, 1597 , 76<br \/>\nHYUNDAI Pony<br \/>\n1.2, A\u00f1o 06.1974 &#8211; 12.1982, 1238 , 54<\/p>\n<p>AUTOBIANCHI A 112 Hatchback<br \/>\n0.9 E, A\u00f1o 01.1973 &#8211; 12.1977, 903 , 47<\/p>\n<p>LA PIEZA ES NUEVA Y ORIGINAL.<\/p>\n","protected":false},"excerpt":{"rendered":"<p>Correa de instrumentos de: Longitud: 813 mm Ancho: 10 mm ALFA ROMEO 164 (164) 2.5 TD, A\u00f1o 06.1987 &#8211; 09.1992, 2499 , 114 ALFA ROMEO Alfetta GT (116) 1.6, A\u00f1o 01.1976 &#8211; 09.1982, 1570 , 107 1.8, A\u00f1o 01.1974 &#8211; 12.1976, 1779 , 116 1.8, A\u00f1o 01.1974 &#8211; 12.1976, 1779 , 121 ALFA ROMEO Alfetta [&hellip;]<\/p>\n","protected":false},"featured_media":55131,"template":"","meta":{"_seopress_robots_primary_cat":"","_seopress_titles_title":"","_seopress_titles_desc":"","_seopress_robots_index":""},"product_cat":[65,67,70,54,73,153,63,16,180,25,133,23,86,20,193,271,21,24,302,364,124],"product_tag":[],"class_list":{"0":"post-55130","1":"product","2":"type-product","3":"status-publish","4":"has-post-thumbnail","6":"product_cat-recambios-fiat-124","7":"product_cat-recambios-fiat-126","8":"product_cat-recambios-fiat-131","9":"product_cat-recambios-alfa-romeo-164","10":"product_cat-recambios-fiat-242","11":"product_cat-recambios-peugeot-505","12":"product_cat-recambios-autobianchi-a112","13":"product_cat-recambios-alfa-romeo","14":"product_cat-recambios-alfa-romeo-alfetta","15":"product_cat-recambios-autobianchi","16":"product_cat-recambios-citroen-c35","17":"product_cat-recambios-citroen","18":"product_cat-recambios-fiat-croma","19":"product_cat-recambios-fiat","20":"product_cat-recambios-alfa-romeo-giulia","21":"product_cat-recambios-hyundai","22":"product_cat-recambios-lancia","23":"product_cat-recambios-peugeot","24":"product_cat-recambios-hyundai-pony","25":"product_cat-recambios-hyundai-stellar","26":"product_cat-recambios-lancia-thema","28":"first","29":"outofstock","30":"taxable","31":"shipping-taxable","32":"purchasable","33":"product-type-simple"},"_links":{"self":[{"href":"https:\/\/galicianparts.com\/shop\/wp-json\/wp\/v2\/product\/55130"}],"collection":[{"href":"https:\/\/galicianparts.com\/shop\/wp-json\/wp\/v2\/product"}],"about":[{"href":"https:\/\/galicianparts.com\/shop\/wp-json\/wp\/v2\/types\/product"}],"wp:featuredmedia":[{"embeddable":true,"href":"https:\/\/galicianparts.com\/shop\/wp-json\/wp\/v2\/media\/55131"}],"wp:attachment":[{"href":"https:\/\/galicianparts.com\/shop\/wp-json\/wp\/v2\/media?parent=55130"}],"wp:term":[{"taxonomy":"product_cat","embeddable":true,"href":"https:\/\/galicianparts.com\/shop\/wp-json\/wp\/v2\/product_cat?post=55130"},{"taxonomy":"product_tag","embeddable":true,"href":"https:\/\/galicianparts.com\/shop\/wp-json\/wp\/v2\/product_tag?post=55130"}],"curies":[{"name":"wp","href":"https:\/\/api.w.org\/{rel}","templated":true}]}}