{"id":5612,"date":"2020-10-05T12:01:51","date_gmt":"2020-10-05T12:01:51","guid":{"rendered":"https:\/\/galicianparts.com\/shop\/producto\/82406346-travesano-lateral-techo-lancia-delta\/"},"modified":"2020-10-05T12:01:51","modified_gmt":"2020-10-05T12:01:51","slug":"82406346-travesano-lateral-techo-lancia-delta","status":"publish","type":"product","link":"https:\/\/galicianparts.com\/shop\/producto\/82406346-travesano-lateral-techo-lancia-delta\/","title":{"rendered":"82406346 Travesa\u00f1o lateral techo Lancia Delta"},"content":{"rendered":"<p>Travesa\u00f1o lateral de uni\u00f3n de techo Lancia Delta Evoluzione (1986-1994).<br \/>\nLa pieza es nueva y original de Lancia.<\/p>\n","protected":false},"excerpt":{"rendered":"<p>Travesa\u00f1o lateral de uni\u00f3n de techo Lancia Delta Evoluzione (1986-1994). La pieza es nueva y original de Lancia.<\/p>\n","protected":false},"featured_media":5610,"template":"","meta":{"_seopress_robots_primary_cat":"","_seopress_titles_title":"","_seopress_titles_desc":"","_seopress_robots_index":""},"product_cat":[118,21],"product_tag":[],"class_list":{"0":"post-5612","1":"product","2":"type-product","3":"status-publish","4":"has-post-thumbnail","6":"product_cat-recambios-lancia-delta","7":"product_cat-recambios-lancia","9":"first","10":"outofstock","11":"taxable","12":"shipping-taxable","13":"purchasable","14":"product-type-simple"},"_links":{"self":[{"href":"https:\/\/galicianparts.com\/shop\/wp-json\/wp\/v2\/product\/5612"}],"collection":[{"href":"https:\/\/galicianparts.com\/shop\/wp-json\/wp\/v2\/product"}],"about":[{"href":"https:\/\/galicianparts.com\/shop\/wp-json\/wp\/v2\/types\/product"}],"wp:featuredmedia":[{"embeddable":true,"href":"https:\/\/galicianparts.com\/shop\/wp-json\/wp\/v2\/media\/5610"}],"wp:attachment":[{"href":"https:\/\/galicianparts.com\/shop\/wp-json\/wp\/v2\/media?parent=5612"}],"wp:term":[{"taxonomy":"product_cat","embeddable":true,"href":"https:\/\/galicianparts.com\/shop\/wp-json\/wp\/v2\/product_cat?post=5612"},{"taxonomy":"product_tag","embeddable":true,"href":"https:\/\/galicianparts.com\/shop\/wp-json\/wp\/v2\/product_tag?post=5612"}],"curies":[{"name":"wp","href":"https:\/\/api.w.org\/{rel}","templated":true}]}}