{"id":5627,"date":"2020-10-05T14:03:46","date_gmt":"2020-10-05T12:03:46","guid":{"rendered":"https:\/\/galicianparts.com\/shop\/producto\/51732327-travesano-frontal-fiat-punto-1999-2003\/"},"modified":"2025-02-27T02:48:55","modified_gmt":"2025-02-27T00:48:55","slug":"51732327-travesano-frontal-fiat-punto-1999-2003","status":"publish","type":"product","link":"https:\/\/galicianparts.com\/shop\/producto\/51732327-travesano-frontal-fiat-punto-1999-2003\/","title":{"rendered":"51732327 Travesa\u00f1o superior frente Fiat Punto (1999-2003) NUEVO ORIGINAL"},"content":{"rendered":"<p>Travesa\u00f1o superior del armaz\u00f3n frontal de:<br \/>\nFIAT &#8211; 1N PUNTO BZ (1999-2003)<br \/>\nFIAT &#8211; 1P PUNTO DS (1999-2003)<\/p>\n<p>LA PIEZA ES NUEVA Y ORIGINAL.<\/p>\n","protected":false},"excerpt":{"rendered":"<p>Travesa\u00f1o superior del armaz\u00f3n frontal de: FIAT &#8211; 1N PUNTO BZ (1999-2003) FIAT &#8211; 1P PUNTO DS (1999-2003) LA PIEZA ES NUEVA Y ORIGINAL.<\/p>\n","protected":false},"featured_media":79713,"template":"","meta":{"_seopress_robots_primary_cat":"","_seopress_titles_title":"","_seopress_titles_desc":"","_seopress_robots_index":""},"product_cat":[20,101],"product_tag":[],"class_list":{"0":"post-5627","1":"product","2":"type-product","3":"status-publish","4":"has-post-thumbnail","6":"product_cat-recambios-fiat","7":"product_cat-recambios-fiat-punto","9":"first","10":"outofstock","11":"taxable","12":"shipping-taxable","13":"purchasable","14":"product-type-simple"},"_links":{"self":[{"href":"https:\/\/galicianparts.com\/shop\/wp-json\/wp\/v2\/product\/5627"}],"collection":[{"href":"https:\/\/galicianparts.com\/shop\/wp-json\/wp\/v2\/product"}],"about":[{"href":"https:\/\/galicianparts.com\/shop\/wp-json\/wp\/v2\/types\/product"}],"wp:featuredmedia":[{"embeddable":true,"href":"https:\/\/galicianparts.com\/shop\/wp-json\/wp\/v2\/media\/79713"}],"wp:attachment":[{"href":"https:\/\/galicianparts.com\/shop\/wp-json\/wp\/v2\/media?parent=5627"}],"wp:term":[{"taxonomy":"product_cat","embeddable":true,"href":"https:\/\/galicianparts.com\/shop\/wp-json\/wp\/v2\/product_cat?post=5627"},{"taxonomy":"product_tag","embeddable":true,"href":"https:\/\/galicianparts.com\/shop\/wp-json\/wp\/v2\/product_tag?post=5627"}],"curies":[{"name":"wp","href":"https:\/\/api.w.org\/{rel}","templated":true}]}}