{"id":56301,"date":"2022-08-24T18:41:50","date_gmt":"2022-08-24T16:41:50","guid":{"rendered":"https:\/\/galicianparts.com\/shop\/producto\/4171944-racor-d-10mm-colector-admision-fiat-124-1-2-nuevo-original\/"},"modified":"2022-12-08T13:43:17","modified_gmt":"2022-12-08T11:43:17","slug":"4171944-racor-d-10mm-colector-admision-fiat-124-1-2-nuevo-original","status":"publish","type":"product","link":"https:\/\/galicianparts.com\/shop\/producto\/4171944-racor-d-10mm-colector-admision-fiat-124-1-2-nuevo-original\/","title":{"rendered":"4171944 Racor D 10mm colector admisi\u00f3n Fiat 124 1.2 NUEVO ORIGINAL"},"content":{"rendered":"<p>Racor del colector admisi\u00f3n de:<br \/>\nLargo: 22mm<br \/>\nDi\u00e1metro exterior: 10mm<br \/>\nDi\u00e1metro interior: 7mm<br \/>\nM\u00e9trica: 12<\/p>\n<p>FIAT 124 1200cc<\/p>\n<p>LA PIEZA ES NUEVA Y ORIGINAL.<\/p>\n","protected":false},"excerpt":{"rendered":"<p>Racor del colector admisi\u00f3n de: Largo: 22mm Di\u00e1metro exterior: 10mm Di\u00e1metro interior: 7mm M\u00e9trica: 12 FIAT 124 1200cc LA PIEZA ES NUEVA Y ORIGINAL.<\/p>\n","protected":false},"featured_media":56302,"template":"","meta":{"_seopress_robots_primary_cat":"","_seopress_titles_title":"","_seopress_titles_desc":"","_seopress_robots_index":""},"product_cat":[65,20],"product_tag":[],"class_list":{"0":"post-56301","1":"product","2":"type-product","3":"status-publish","4":"has-post-thumbnail","6":"product_cat-recambios-fiat-124","7":"product_cat-recambios-fiat","9":"first","10":"outofstock","11":"taxable","12":"shipping-taxable","13":"purchasable","14":"product-type-simple"},"_links":{"self":[{"href":"https:\/\/galicianparts.com\/shop\/wp-json\/wp\/v2\/product\/56301"}],"collection":[{"href":"https:\/\/galicianparts.com\/shop\/wp-json\/wp\/v2\/product"}],"about":[{"href":"https:\/\/galicianparts.com\/shop\/wp-json\/wp\/v2\/types\/product"}],"wp:featuredmedia":[{"embeddable":true,"href":"https:\/\/galicianparts.com\/shop\/wp-json\/wp\/v2\/media\/56302"}],"wp:attachment":[{"href":"https:\/\/galicianparts.com\/shop\/wp-json\/wp\/v2\/media?parent=56301"}],"wp:term":[{"taxonomy":"product_cat","embeddable":true,"href":"https:\/\/galicianparts.com\/shop\/wp-json\/wp\/v2\/product_cat?post=56301"},{"taxonomy":"product_tag","embeddable":true,"href":"https:\/\/galicianparts.com\/shop\/wp-json\/wp\/v2\/product_tag?post=56301"}],"curies":[{"name":"wp","href":"https:\/\/api.w.org\/{rel}","templated":true}]}}