{"id":56345,"date":"2022-08-25T09:29:49","date_gmt":"2022-08-25T07:29:49","guid":{"rendered":"https:\/\/galicianparts.com\/shop\/producto\/4017939-silentblock-superior-amortiguador-del-fiat-dino-nuevo-original\/"},"modified":"2022-08-25T09:34:38","modified_gmt":"2022-08-25T07:34:38","slug":"4017939-silentblock-superior-amortiguador-del-fiat-dino-nuevo-original","status":"publish","type":"product","link":"https:\/\/galicianparts.com\/shop\/producto\/4017939-silentblock-superior-amortiguador-del-fiat-dino-nuevo-original\/","title":{"rendered":"4017939 Silentblock superior amortiguador del. Fiat Dino NUEVO ORIGINAL"},"content":{"rendered":"<p>Casquillo de goma del soporte superior de los amortiguadores de la suspensi\u00f3n delantera de:<br \/>\nFIAT DINO<\/p>\n<p>Di\u00e1metro exterior: 38mm<br \/>\nDi\u00e1metro interior: 14mm<br \/>\nEspesor: 14mm<\/p>\n<p>LA PIEZA ES NUEVA Y ORIGINAL.<\/p>\n","protected":false},"excerpt":{"rendered":"<p>Casquillo de goma del soporte superior de los amortiguadores de la suspensi\u00f3n delantera de: FIAT DINO Di\u00e1metro exterior: 38mm Di\u00e1metro interior: 14mm Espesor: 14mm LA PIEZA ES NUEVA Y ORIGINAL.<\/p>\n","protected":false},"featured_media":56353,"template":"","meta":{"_seopress_robots_primary_cat":"","_seopress_titles_title":"","_seopress_titles_desc":"","_seopress_robots_index":""},"product_cat":[170,20],"product_tag":[],"class_list":{"0":"post-56345","1":"product","2":"type-product","3":"status-publish","4":"has-post-thumbnail","6":"product_cat-recambios-fiat-dino","7":"product_cat-recambios-fiat","9":"first","10":"instock","11":"taxable","12":"shipping-taxable","13":"purchasable","14":"product-type-simple"},"_links":{"self":[{"href":"https:\/\/galicianparts.com\/shop\/wp-json\/wp\/v2\/product\/56345"}],"collection":[{"href":"https:\/\/galicianparts.com\/shop\/wp-json\/wp\/v2\/product"}],"about":[{"href":"https:\/\/galicianparts.com\/shop\/wp-json\/wp\/v2\/types\/product"}],"wp:featuredmedia":[{"embeddable":true,"href":"https:\/\/galicianparts.com\/shop\/wp-json\/wp\/v2\/media\/56353"}],"wp:attachment":[{"href":"https:\/\/galicianparts.com\/shop\/wp-json\/wp\/v2\/media?parent=56345"}],"wp:term":[{"taxonomy":"product_cat","embeddable":true,"href":"https:\/\/galicianparts.com\/shop\/wp-json\/wp\/v2\/product_cat?post=56345"},{"taxonomy":"product_tag","embeddable":true,"href":"https:\/\/galicianparts.com\/shop\/wp-json\/wp\/v2\/product_tag?post=56345"}],"curies":[{"name":"wp","href":"https:\/\/api.w.org\/{rel}","templated":true}]}}